000
CXUS53 KDDC 011655
CF6DDC
PRELIMINARY LOCAL CLIMATOLOGICAL DATA (WS FORM: F-6)
STATION: DODGE CITY KS
MONTH: MARCH
YEAR: 2021
LATITUDE: 37 46 N
LONGITUDE: 99 58 W
TEMPERATURE IN F: :PCPN: SNOW: WIND :SUNSHINE: SKY :PK WND
================================================================================
1 2 3 4 5 6A 6B 7 8 9 10 11 12 13 14 15 16 17 18
12Z AVG MX 2MIN
DY MAX MIN AVG DEP HDD CDD WTR SNW DPTH SPD SPD DIR MIN PSBL S-S WX SPD DR
================================================================================
1 55 16 36 -4 29 0 0.00 0.0 0 8.1 20 310 M M 0 24 310
2 69 25 47 7 18 0 0.00 0.0 0 12.8 25 220 M M 0 8 34 220
3 71 27 49 9 16 0 0.00 0.0 0 9.0 16 170 M M 0 22 160
4 64 30 47 6 18 0 0.09 0.0 0 14.0 30 60 M M 4 138 43 50
5 60 38 49 8 16 0 0.65 0.0 0 11.3 22 30 M M 4 13 30 30
6 65 33 49 8 16 0 0.00 0.0 0 14.2 24 170 M M 0 18 33 240
7 69 41 55 13 10 0 0.00 0.0 0 20.9 36 190 M M 0 50 190
8 69 43 56 14 9 0 0.00 0.0 0 20.4 35 170 M M 0 46 180
9 76 46 61 19 4 0 0.00 0.0 0 21.5 38 170 M M 0 47 170
10 72 38 55 12 10 0 0.00 0.0 0 18.5 32 260 M M 0 45 280
11 58 26 42 -1 23 0 0.00 0.0 0 11.2 20 50 M M 0 8 25 60
12 44 34 39 -4 26 0 0.21 0.0 0 12.4 23 80 M M 9 123 31 80
13 59 40 50 6 15 0 0.86 0.0 0 14.1 35 140 M M 10 123 45 130
14 59 42 51 7 14 0 0.11 0.0 0 16.4 38 140 M M 4 1 54 140
15 55 32 44 0 21 0 0.00 0.0 0 11.4 28 320 M M 4 12 36 320
16 62 36 49 5 16 0 0.09 0.0 0 14.6 35 20 M M 3 1 45 20
17 40 32 36 -9 29 0 0.25 0.2 0 27.9 39 360 M M 9 1 54 10
18 49 29 39 -6 26 0 0.00 0.0 0 14.0 26 350 M M 4 35 350
19 58 26 42 -3 23 0 0.00 0.0 0 8.7 18 150 M M 0 1 25 170
20 67 36 52 6 13 0 0.00 0.0 0 23.4 37 170 M M 0 47 180
21 68 43 56 10 9 0 0.00 0.0 0 15.1 33 180 M M 1 41 190
22 47 38 43 -3 22 0 0.82 0.0 0 15.5 25 350 M M 9 13 37 350
23 48 35 42 -4 23 0 0.48 0.0 0 23.5 35 320 M M 10 1 45 320
24 45 32 39 -8 26 0 0.55 0.4 0 11.5 28 350 M M 7 1 40 350
25 51 32 42 -5 23 0 0.00 0.0 T 7.1 17 150 M M 7 1 22 150
26 69 37 53 6 12 0 0.00 0.0 0 13.8 25 250 M M 3 35 240
27 61 36 49 1 16 0 0.00 0.0 0 12.9 26 350 M M 0 1 37 350
28 69 30 50 2 15 0 0.00 0.0 0 11.4 24 210 M M 0 38 190
29 85 46 66 18 0 1 0.00 0.0 0 24.7 43 290 M M 0 8 63 290
30 54 32 43 -5 22 0 0.00 0.0 0 16.6 32 30 M M 0 44 40
31 61 26 44 -5 21 0 0.00 0.0 0 10.3 25 300 M M 1 32 290
================================================================================
SM 1879 1057 541 1 4.11 0.6 467.2 M 89
================================================================================
AV 60.6 34.1 15.1 FASTST M M 3 MAX(MPH)
MISC ----> 43 290 63 290
================================================================================
NOTES:
# LAST OF SEVERAL OCCURRENCES
COLUMN 17 PEAK WIND IN M.P.H.
PRELIMINARY LOCAL CLIMATOLOGICAL DATA (WS FORM: F-6) , PAGE 2
STATION: DODGE CITY KS
MONTH: MARCH
YEAR: 2021
LATITUDE: 37 46 N
LONGITUDE: 99 58 W
[TEMPERATURE DATA] [PRECIPITATION DATA] SYMBOLS USED IN COLUMN 16
AVERAGE MONTHLY: 47.4 TOTAL FOR MONTH: 4.11 1 = FOG OR MIST
DPTR FM NORMAL: 3.0 DPTR FM NORMAL: 2.52 2 = FOG REDUCING VISIBILITY
HIGHEST: 85 ON 29 GRTST 24HR 1.20 ON 22-23 TO 1/4 MILE OR LESS
LOWEST: 16 ON 1 3 = THUNDER
SNOW, ICE PELLETS, HAIL 4 = ICE PELLETS
TOTAL MONTH: 0.6 INCH 5 = HAIL
GRTST 24HR 0.4 ON 24-24 6 = FREEZING RAIN OR DRIZZLE
GRTST DEPTH: T 7 = DUSTSTORM OR SANDSTORM:
VSBY 1/2 MILE OR LESS
8 = SMOKE OR HAZE
[NO. OF DAYS WITH] [WEATHER - DAYS WITH] 9 = BLOWING SNOW
X = TORNADO
MAX 32 OR BELOW: 0 0.01 INCH OR MORE: 10
MAX 90 OR ABOVE: 0 0.10 INCH OR MORE: 8
MIN 32 OR BELOW: 14 0.50 INCH OR MORE: 4
MIN 0 OR BELOW: 0 1.00 INCH OR MORE: 0
[HDD (BASE 65) ]
TOTAL THIS MO. 541 CLEAR (SCALE 0-3) 19
DPTR FM NORMAL -99 PTCLDY (SCALE 4-7) 7
TOTAL FM JUL 1 4372 CLOUDY (SCALE 8-10) 5
DPTR FM NORMAL -115
[CDD (BASE 65) ]
TOTAL THIS MO. 1
DPTR FM NORMAL 0 [PRESSURE DATA]
TOTAL FM JAN 1 1 HIGHEST SLP 30.51 ON 31
DPTR FM NORMAL 0 LOWEST SLP 29.38 ON 29
[REMARKS]
#FINAL-03-21#