183
CXUS55 KALY 010810
CF6DDH
PRELIMINARY LOCAL CLIMATOLOGICAL DATA (WS FORM: F-6)
STATION: BENNINGTON VT
MONTH: FEBRUARY
YEAR: 2021
LATITUDE: 42 53 N
LONGITUDE: 73 15 W
TEMPERATURE IN F: :PCPN: SNOW: WIND :SUNSHINE: SKY :PK WND
================================================================================
1 2 3 4 5 6A 6B 7 8 9 10 11 12 13 14 15 16 17 18
12Z AVG MX 2MIN
DY MAX MIN AVG DEP HDD CDD WTR SNW DPTH SPD SPD DIR MIN PSBL S-S WX SPD DR
================================================================================
1 30 9 20 -2 45 0 0.08 M M 4.8 15 100 M M 10 18 23 90
2 31 22 27 5 38 0 0.06 M M 7.3 15 350 M M 10 18 20 360
3 30 24 27 4 38 0 0.02 M M 6.9 16 340 M M 10 1 25 330
4 35 16 26 3 39 0 T M M 3.8 14 280 M M 6 18 260
5 40 16 28 5 37 0 0.02 M M 5.8 26 150 M M 5 38 160
6 35 11 23 0 42 0 T M M 6.9 18 270 M M 5 27 290
7 32 10 21 -2 44 0 0.01 M M 5.8 17 270 M M 7 18 25 280
8 23 6 15 -9 50 0 0.00 M M 4.2 20 270 M M 1 28 270
9 27 10 19 -5 46 0 0.23 M M 1.6 7 280 M M 10 18 10 280
10 25 7 16 -8 49 0 T M M 3.8 14 280 M M 6 18 19 270
11 25 9 17 -7 48 0 T M M 4.1 14 270 M M 7 18 21 320
12 16 -4 6 -18 59 0 0.00 M M 2.8 10 270 M M 4 13 280
13 24 -2 11 -14 54 0 0.00 M M 1.2 7 270 M M 3 11 330
14 29 18 24 -1 41 0 T M M 1.4 9 290 M M 9 8 12 290
15 29 11 20 -5 45 0 0.08 M M 1.5 8 280 M M 7 18 9 280
16 46 21 34 9 31 0 0.65 M M 8.3 30 150 M M 10 1268 42 150
17 23 12 18 -8 47 0 T M M 6.6 16 280 M M 2 25 280
18 26 15 21 -5 44 0 T M M 1.7 9 150 M M 9 8 13 150
19 32 22 27 1 38 0 0.02 M M 3.0 12 110 M M 10 18 16 120
20 29 17 23 -3 42 0 T M M 6.9 18 280 M M 8 18 27 280
21 30 7 19 -7 46 0 0.00 M M 4.3 14 270 M M 2 18 270
22 33 10 22 -5 43 0 0.11 M M 5.4 23 180 M M 8 18 34 180
23 37 31 34 7 31 0 0.05 M M 4.5 16 250 M M 10 18 26 250
24 49 34 42 15 23 0 T M M 8.0 21 190 M M 6 30 170
25 46 26 36 9 29 0 0.00 M M 11.4 23 270 M M 6 38 290
26 36 23 30 2 35 0 0.00 M M 3.4 13 270 M M 5 16 320
27 47 29 38 10 27 0 0.06 M M 7.5 26 170 M M 8 18 35 160
28 44 26 35 7 30 0 0.00 M M 6.2 21 150 M M 4 1 31 150
================================================================================
SM 909 436 1141 0 1.39 M 139.1 M 188
================================================================================
AV 32.5 15.6 5.0 FASTST M M 7 MAX(MPH)
MISC ----> 30 150 42 150
================================================================================
NOTES:
# LAST OF SEVERAL OCCURRENCES
COLUMN 17 PEAK WIND IN M.P.H.
PRELIMINARY LOCAL CLIMATOLOGICAL DATA (WS FORM: F-6) , PAGE 2
STATION: BENNINGTON VT
MONTH: FEBRUARY
YEAR: 2021
LATITUDE: 42 53 N
LONGITUDE: 73 15 W
[TEMPERATURE DATA] [PRECIPITATION DATA] SYMBOLS USED IN COLUMN 16
AVERAGE MONTHLY: 24.0 TOTAL FOR MONTH: 1.39 1 = FOG OR MIST
DPTR FM NORMAL: -1.0 DPTR FM NORMAL: -0.85 2 = FOG REDUCING VISIBILITY
HIGHEST: 49 ON 24 GRTST 24HR 0.73 ON 15-16 TO 1/4 MILE OR LESS
LOWEST: -4 ON 12 3 = THUNDER
SNOW, ICE PELLETS, HAIL 4 = ICE PELLETS
TOTAL MONTH: M 5 = HAIL
GRTST 24HR M ON M 6 = FREEZING RAIN OR DRIZZLE
GRTST DEPTH: M ON M 7 = DUSTSTORM OR SANDSTORM:
VSBY 1/2 MILE OR LESS
8 = SMOKE OR HAZE
[NO. OF DAYS WITH] [WEATHER - DAYS WITH] 9 = BLOWING SNOW
X = TORNADO
MAX 32 OR BELOW: 17 0.01 INCH OR MORE: 12
MAX 90 OR ABOVE: 0 0.10 INCH OR MORE: 3
MIN 32 OR BELOW: 27 0.50 INCH OR MORE: 1
MIN 0 OR BELOW: 2 1.00 INCH OR MORE: 0
[HDD (BASE 65) ]
TOTAL THIS MO. 1141 CLEAR (SCALE 0-3) 4
DPTR FM NORMAL 21 PTCLDY (SCALE 4-7) 14
TOTAL FM JUL 1 4793 CLOUDY (SCALE 8-10) 10
DPTR FM NORMAL -458
[CDD (BASE 65) ]
TOTAL THIS MO. 0
DPTR FM NORMAL 0 [PRESSURE DATA]
TOTAL FM JAN 1 0 HIGHEST SLP 30.51 ON 18
DPTR FM NORMAL 0 LOWEST SLP 29.40 ON 3
[REMARKS]
#FINAL-02-21#