000
CXUS55 KBOU 011343 CCA
CF6DEN
PRELIMINARY LOCAL CLIMATOLOGICAL DATA (WS FORM: F-6)
STATION: DENVER CO
MONTH: FEBRUARY
YEAR: 2024
LATITUDE: 39 52 N
LONGITUDE: 104 40 W
TEMPERATURE IN F: :PCPN: SNOW: WIND :SUNSHINE: SKY :PK WND
================================================================================
1 2 3 4 5 6A 6B 7 8 9 10 11 12 13 14 15 16 17 18
12Z AVG MX 2MIN
DY MAX MIN AVG DEP HDD CDD WTR SNW DPTH SPD SPD DIR MIN PSBL S-S WX SPD DR
================================================================================
1 62 34 48 17 17 0 0.00 0.0 0 8.5 17 170 M M 3 21 170
2 58 28 43 12 22 0 0.04 0.0 0 8.5 25 150 M M 8 31 160
3 40 32 36 5 29 0 0.72 5.5 0 6.5 16 60 M M 10 12 22 60
4 38 22 30 -1 35 0 0.00 0.0 5 5.5 12 210 M M 5 12 14 220
5 45 20 33 2 32 0 0.00 0.0 3 6.4 15 170 M M 3 18 210
6 53 27 40 9 25 0 0.00 0.0 3 4.8 20 180 M M 7 25 180
7 56 29 43 12 22 0 T 0.0 1 12.3 23 190 M M 5 30 190
8 52 25 39 8 26 0 0.04 0.0 0 10.8 25 280 M M 6 8 32 290
9 44 25 35 3 30 0 0.06 1.2 0 8.6 23 140 M M 7 18 26 140
10 32 23 28 -4 37 0 0.17 2.5 2 12.4 22 360 M M 10 1 29 10
11 34 15 25 -7 40 0 T T 1 6.9 22 360 M M 3 1 29 10
12 52 23 38 6 27 0 0.00 0.0 0 8.0 16 210 M M 5 19 210
13 53 23 38 6 27 0 0.00 0.0 0 10.9 22 270 M M 2 29 270
14 54 24 39 7 26 0 0.00 0.0 0 10.9 25 330 M M 5 33 360
15 46 21 34 2 31 0 T T 0 7.5 20 350 M M 7 128 27 350
16 28 15 22 -10 43 0 0.14 1.8 T 11.7 23 40 M M 10 126 28 40
17 32 7 20 -13 45 0 0.02 0.7 2 6.8 14 210 M M 4 1 17 200
18 51 23 37 4 28 0 0.00 0.0 1 9.4 26 270 M M 5 34 280
19 56 31 44 11 21 0 0.00 0.0 0 10.9 23 210 M M 4 32 220
20 66 32 49 16 16 0 0.00 0.0 0 9.1 18 200 M M 5 26 30
21 65 28 47 13 18 0 0.00 0.0 0 10.1 18 340 M M 5 33 20
22 43 30 37 3 28 0 0.17 T 0 6.3 13 210 M M 6 128 16 250
23 51 24 38 4 27 0 0.00 0.0 0 7.6 15 210 M M 1 20 280
24 63 24 44 10 21 0 0.00 0.0 0 14.3 26 240 M M 4 33 260
25 65 34 50 15 15 0 0.00 0.0 0 13.9 37 270 M M 2 53 270
26 65 42 54 19 11 0 0.00 0.0 0 21.0 41 260 M M 3 53 250
27 45 16 31 -5 34 0 0.10 2.0 0 10.2 45 20 M M 7 128 58 30
28 55 12 34 -2 31 0 0.00 0.0 2 8.3 18 200 M M 2 25 250
29 64 25 45 9 20 0 0.00 0.0 0 7.8 20 300 M M 2 28 300
================================================================================
SM 1468 714 784 0 1.46 13.7 275.9 M 146
================================================================================
AV 50.6 24.6 9.5 FASTST M M 5 MAX(MPH)
MISC ----> 45 20 58 30
================================================================================
NOTES:
# LAST OF SEVERAL OCCURRENCES
COLUMN 17 PEAK WIND IN M.P.H.
PRELIMINARY LOCAL CLIMATOLOGICAL DATA (WS FORM: F-6) , PAGE 2
STATION: DENVER CO
MONTH: FEBRUARY
YEAR: 2024
LATITUDE: 39 52 N
LONGITUDE: 104 40 W
[TEMPERATURE DATA] [PRECIPITATION DATA] SYMBOLS USED IN COLUMN 16
AVERAGE MONTHLY: 37.6 TOTAL FOR MONTH: 1.46 1 = FOG OR MIST
DPTR FM NORMAL: 4.9 DPTR FM NORMAL: 1.05 2 = FOG REDUCING VISIBILITY
HIGHEST: 66 ON 20 GRTST 24HR 0.76 ON 2- 3 TO 1/4 MILE OR LESS
LOWEST: 7 ON 17 3 = THUNDER
SNOW, ICE PELLETS, HAIL 4 = ICE PELLETS
TOTAL MONTH: 13.7 INCHES 5 = HAIL
GRTST 24HR 5.5 ON 3- 3 6 = FREEZING RAIN OR DRIZZLE
GRTST DEPTH: 5 ON 4 7 = DUSTSTORM OR SANDSTORM:
VSBY 1/2 MILE OR LESS
8 = SMOKE OR HAZE
[NO. OF DAYS WITH] [WEATHER - DAYS WITH] 9 = BLOWING SNOW
X = TORNADO
MAX 32 OR BELOW: 3 0.01 INCH OR MORE: 9
MAX 90 OR ABOVE: 0 0.10 INCH OR MORE: 5
MIN 32 OR BELOW: 26 0.50 INCH OR MORE: 1
MIN 0 OR BELOW: 0 1.00 INCH OR MORE: 0
[HDD (BASE 65) ]
TOTAL THIS MO. 784 CLEAR (SCALE 0-3) 9
DPTR FM NORMAL -120 PTCLDY (SCALE 4-7) 16
TOTAL FM JUL 1 3840 CLOUDY (SCALE 8-10) 4
DPTR FM NORMAL -527
[CDD (BASE 65) ]
TOTAL THIS MO. 0
DPTR FM NORMAL 0 [PRESSURE DATA]
TOTAL FM JAN 1 0 HIGHEST SLP 30.47 ON 17
DPTR FM NORMAL 0 LOWEST SLP 29.24 ON 7
[REMARKS]
#FINAL-02-24#