000
CXUS55 KBOU 221628
CF6DEN
PRELIMINARY LOCAL CLIMATOLOGICAL DATA (WS FORM: F-6)
STATION: DENVER CO
MONTH: AUGUST
YEAR: 2021
LATITUDE: 39 52 N
LONGITUDE: 104 40 W
TEMPERATURE IN F: :PCPN: SNOW: WIND :SUNSHINE: SKY :PK WND
================================================================================
1 2 3 4 5 6A 6B 7 8 9 10 11 12 13 14 15 16 17 18
12Z AVG MX 2MIN
DY MAX MIN AVG DEP HDD CDD WTR SNW DPTH SPD SPD DIR MIN PSBL S-S WX SPD DR
================================================================================
1 82 59 71 -4 0 6 0.00 0.0 0 5.8 14 180 M M 6 18 18 110
2 89 57 73 -2 0 8 0.00 0.0 0 7.4 15 320 M M 5 18 21 100
3 86 65 76 1 0 11 0.00 0.0 0 9.7 20 310 M M 7 27 320
4 85 63 74 -1 0 9 T 0.0 0 8.1 22 10 M M 5 8 33 360
5 93 57 75 0 0 10 0.00 0.0 0 9.8 20 180 M M 1 8 27 190
6 96 66 81 6 0 16 T 0.0 0 10.1 22 340 M M 4 38 32 190
7 83 61 72 -2 0 7 0.00 0.0 0 10.8 30 300 M M 4 8 38 310
8 94 63 79 5 0 14 0.00 0.0 0 10.3 17 190 M M 0 8 22 200
9 98 68 83 9 0 18 T 0.0 0 8.3 22 10 M M 3 8 29 10
10 97 59 78 4 0 13 0.00 0.0 0 7.6 25 260 M M 4 8 45 240
11 96 58 77 3 0 12 0.00 0.0 0 7.5 16 80 M M 2 8 20 80
12 88 66 77 3 0 12 0.00 0.0 0 11.7 20 40 M M 3 26 330
13 88 58 73 -1 0 8 0.00 0.0 0 7.7 21 140 M M 6 27 150
14 96 62 79 6 0 14 0.02 0.0 0 7.0 14 50 M M 3 38 19 60
15 92 60 76 3 0 11 0.00 0.0 0 8.7 18 50 M M 5 26 40
16 94 63 79 6 0 14 0.00 0.0 0 7.3 16 170 M M 1 21 180
17 97 63 80 7 0 15 T 0.0 0 10.1 39 220 M M 3 8 49 210
18 97 62 80 7 0 15 0.00 0.0 0 11.3 32 140 M M 4 8 41 140
19 83 61 72 0 0 7 0.18 0.0 0 9.5 28 320 M M 7 138 34 320
20 80 53 67 -5 0 2 T 0.0 0 7.2 28 300 M M 3 13 39 310
21 85 54 70 -2 0 5 0.01 0.0 0 15.2 33 170 M M 5 51 160
22 92 59 76 4 0 11 0.00 0.0 0 9.7 22 190 M M 2 28 190
23 94 58 76 4 0 11 0.00 0.0 0 7.2 17 360 M M 4 8 24 330
24 94 58 76 4 0 11 0.00 0.0 0 8.7 16 50 M M 2 22 10
25 85 57 71 0 0 6 0.06 0.0 0 9.6 28 140 M M 2 8 33 140
26 86 61 74 3 0 9 0.00 0.0 0 9.0 26 360 M M 6 128 39 360
27 96 60 78 7 0 13 0.00 0.0 0 10.3 20 200 M M 4 3 26 190
28 92 62 77 6 0 12 0.00 0.0 0 9.2 22 50 M M 3 28 50
29 82 57 70 0 0 5 0.00 0.0 0 10.0 21 110 M M 6 29 130
30 95 56 76 6 0 11 0.00 0.0 0 8.5 17 190 M M 3 26 190
31 95 59 77 7 0 12 0.00 0.0 0 11.0 20 160 M M 3 8 27 140
================================================================================
SM 2810 1865 0 328 0.27 0.0 284.3 M 116
================================================================================
AV 90.6 60.2 9.2 FASTST M M 4 MAX(MPH)
MISC ----> 39 220 51 160
================================================================================
NOTES:
# LAST OF SEVERAL OCCURRENCES
COLUMN 17 PEAK WIND IN M.P.H.
PRELIMINARY LOCAL CLIMATOLOGICAL DATA (WS FORM: F-6) , PAGE 2
STATION: DENVER CO
MONTH: AUGUST
YEAR: 2021
LATITUDE: 39 52 N
LONGITUDE: 104 40 W
[TEMPERATURE DATA] [PRECIPITATION DATA] SYMBOLS USED IN COLUMN 16
AVERAGE MONTHLY: 75.4 TOTAL FOR MONTH: 0.27 1 = FOG OR MIST
DPTR FM NORMAL: 2.5 DPTR FM NORMAL: -1.31 2 = FOG REDUCING VISIBILITY
HIGHEST: 98 ON 9 GRTST 24HR 0.18 ON 19-19 TO 1/4 MILE OR LESS
LOWEST: 53 ON 20 3 = THUNDER
SNOW, ICE PELLETS, HAIL 4 = ICE PELLETS
TOTAL MONTH: 0.0 INCH 5 = HAIL
GRTST 24HR 0.0 6 = FREEZING RAIN OR DRIZZLE
GRTST DEPTH: 0 7 = DUSTSTORM OR SANDSTORM:
VSBY 1/2 MILE OR LESS
8 = SMOKE OR HAZE
[NO. OF DAYS WITH] [WEATHER - DAYS WITH] 9 = BLOWING SNOW
X = TORNADO
MAX 32 OR BELOW: 0 0.01 INCH OR MORE: 4
MAX 90 OR ABOVE: 18 0.10 INCH OR MORE: 1
MIN 32 OR BELOW: 0 0.50 INCH OR MORE: 0
MIN 0 OR BELOW: 0 1.00 INCH OR MORE: 0
[HDD (BASE 65) ]
TOTAL THIS MO. 0 CLEAR (SCALE 0-3) 12
DPTR FM NORMAL -9 PTCLDY (SCALE 4-7) 19
TOTAL FM JUL 1 0 CLOUDY (SCALE 8-10) 0
DPTR FM NORMAL -8
[CDD (BASE 65) ]
TOTAL THIS MO. 328
DPTR FM NORMAL 74 [PRESSURE DATA]
TOTAL FM JAN 1 927 HIGHEST SLP 30.27 ON 1
DPTR FM NORMAL 184 LOWEST SLP 29.57 ON 31
[REMARKS]
#FINAL-08-21#