000
CXUS56 KOTX 011010
CF6DEW
PRELIMINARY LOCAL CLIMATOLOGICAL DATA (WS FORM: F-6)
STATION: DEER_PARK WA AIRPORT
MONTH: NOVEMBER
YEAR: 2021
LATITUDE: 47 58 N
LONGITUDE: 117 25 W
TEMPERATURE IN F: :PCPN: SNOW: WIND :SUNSHINE: SKY :PK WND
================================================================================
1 2 3 4 5 6A 6B 7 8 9 10 11 12 13 14 15 16 17 18
12Z AVG MX 2MIN
DY MAX MIN AVG DEP HDD CDD WTR SNW DPTH SPD SPD DIR MIN PSBL S-S WX SPD DR
================================================================================
1 53 31 42 4 23 0 T M M 9.1 18 50 M M 2 23 50
2 49 37 43 5 22 0 T M M 3.1 8 40 M M 9 14 210
3 54 42 48 10 17 0 0.03 M M 7.2 14 40 M M 8 17 40
4 54 44 49 11 16 0 0.31 M M 7.2 22 210 M M 9 1 27 210
5 46 32 39 2 26 0 0.08 M M 5.0 13 190 M M 7 1 15 190
6 46 34 40 3 25 0 0.02 M M 6.7 20 210 M M 7 1 25 200
7 44 32 38 1 27 0 0.00 M M 9.0 20 190 M M 9 26 190
8 49 27 38 2 27 0 0.00 M M 7.4 14 40 M M 3 19 40
9 46 34 40 4 25 0 0.39 M M 8.4 18 240 M M 5 1 23 180
10 45 28 37 1 28 0 0.00 M M 6.5 15 200 M M 2 16 190
11 41 31 36 1 29 0 0.24 M M 4.8 12 40 M M 8 18 15 40
12 44 34 39 4 26 0 0.25 M M 4.6 17 220 M M 9 12 20 210
13 41 31 36 1 29 0 0.05 M M 3.7 15 50 M M 9 12 17 40
14 59 39 49 14 16 0 0.18 M M 14.1 29 210 M M 7 1 40 210
15 59 37 48 14 17 0 0.01 M M 18.0 39 240 M M 1 53 220
16 42 19 31 -3 34 0 T M M 6.0 24 240 M M 3 8 31 230
17 37 13 25 -9 40 0 0.00 M M 4.4 14 20 M M 0 18 40
18 36 30 33 0 32 0 0.29 M M 6.0 10 40 M M 8 1 13 30
19 38 30 34 1 31 0 0.13 M M 3.4 7 170 M M 10 128 9 20
20 35 30 33 0 32 0 0.00 M M 1.4 7 40 M M 10 12 11 50
21 38 24 31 -2 34 0 0.00 M M 0.8 6 50 M M 5 1 7 60
22 35 25 30 -2 35 0 0.00 M M 2.0 7 180 M M 5 12 9 60
23 33 31 32 0 33 0 0.33 M M 4.9 10 180 M M 10 126 21 90
24 35 25 30 -2 35 0 0.00 M M 3.4 8 190 M M 9 12 14 230
25 37 31 34 3 31 0 0.04 M M 3.6 9 80 M M 10 1 10 30
26 46 33 40 9 25 0 T M M 2.4 8 190 M M 8 128 12 240
27 47 37 42 11 23 0 0.41 M M 3.3 14 180 M M 10 1 18 190
28 55 44 50 19 15 0 0.00 M M 11.2 23 190 M M 4 30 180
29 53 40 47 17 18 0 0.00 M M 4.8 15 190 M M 5 1 18 190
30 50 41 46 16 19 0 0.00 M M 8.1 18 170 M M 9 23 180
================================================================================
SM 1347 966 790 0 2.76 M 180.5 M 201
================================================================================
AV 44.9 32.2 6.0 FASTST M M 7 MAX(MPH)
MISC ----> 39 240 53 220
================================================================================
NOTES:
# LAST OF SEVERAL OCCURRENCES
COLUMN 17 PEAK WIND IN M.P.H.
PRELIMINARY LOCAL CLIMATOLOGICAL DATA (WS FORM: F-6) , PAGE 2
STATION: DEER_PARK WA AIRPORT
MONTH: NOVEMBER
YEAR: 2021
LATITUDE: 47 58 N
LONGITUDE: 117 25 W
[TEMPERATURE DATA] [PRECIPITATION DATA] SYMBOLS USED IN COLUMN 16
AVERAGE MONTHLY: 38.6 TOTAL FOR MONTH: 2.76 1 = FOG OR MIST
DPTR FM NORMAL: 4.5 DPTR FM NORMAL: -0.01 2 = FOG REDUCING VISIBILITY
HIGHEST: 59 ON 15,14 GRTST 24HR 0.43 ON 11-12 TO 1/4 MILE OR LESS
LOWEST: 13 ON 17 3 = THUNDER
SNOW, ICE PELLETS, HAIL 4 = ICE PELLETS
TOTAL MONTH: M 5 = HAIL
GRTST 24HR M ON M 6 = FREEZING RAIN OR DRIZZLE
GRTST DEPTH: M ON M 7 = DUSTSTORM OR SANDSTORM:
VSBY 1/2 MILE OR LESS
8 = SMOKE OR HAZE
[NO. OF DAYS WITH] [WEATHER - DAYS WITH] 9 = BLOWING SNOW
X = TORNADO
MAX 32 OR BELOW: 0 0.01 INCH OR MORE: 15
MAX 90 OR ABOVE: 0 0.10 INCH OR MORE: 9
MIN 32 OR BELOW: 17 0.50 INCH OR MORE: 0
MIN 0 OR BELOW: 0 1.00 INCH OR MORE: 0
[HDD (BASE 65) ]
TOTAL THIS MO. 790 CLEAR (SCALE 0-3) 6
DPTR FM NORMAL -136 PTCLDY (SCALE 4-7) 10
TOTAL FM JUL 1 1680 CLOUDY (SCALE 8-10) 14
DPTR FM NORMAL -259
[CDD (BASE 65) ]
TOTAL THIS MO. 0
DPTR FM NORMAL 0 [PRESSURE DATA]
TOTAL FM JAN 1 566 HIGHEST SLP M ON M
DPTR FM NORMAL 350 LOWEST SLP 29.45 ON 15
[REMARKS]
#FINAL-11-21#