000
CXUS54 KFWD 010730
CF6DFW
PRELIMINARY LOCAL CLIMATOLOGICAL DATA (WS FORM: F-6)
STATION: DALLAS/FORT WORTH
MONTH: MAY
YEAR: 2023
LATITUDE: 32 54 N
LONGITUDE: 97 2 W
TEMPERATURE IN F: :PCPN: SNOW: WIND :SUNSHINE: SKY :PK WND
================================================================================
1 2 3 4 5 6A 6B 7 8 9 10 11 12 13 14 15 16 17 18
12Z AVG MX 2MIN
DY MAX MIN AVG DEP HDD CDD WTR SNW DPTH SPD SPD DIR MIN PSBL S-S WX SPD DR
================================================================================
1 78 53 66 -3 0 1 0.00 0.0 0 6.6 13 70 M M 4 20 90
2 83 53 68 -2 0 3 0.00 0.0 0 5.5 13 110 M M 6 17 70
3 83 64 74 4 0 9 0.00 0.0 0 7.0 15 100 M M 8 20 110
4 85 63 74 4 0 9 T 0.0 0 11.0 22 170 M M 10 30 150
5 96 69 83 13 0 18 0.00 0.0 0 12.0 25 170 M M 6 34 170
6 88 68 78 7 0 13 0.19 0.0 0 14.1 35 300 M M 7 13 42 310
7 88 68 78 7 0 13 0.01 0.0 0 14.7 24 200 M M 9 3 33 160
8 90 70 80 9 0 15 0.10 0.0 0 11.5 24 170 M M 6 13 33 180
9 85 69 77 5 0 12 0.00 0.0 0 10.6 22 190 M M 8 27 190
10 75 66 71 -1 0 6 0.32 0.0 0 4.6 12 100 M M 9 13 16 90
11 88 65 77 5 0 12 0.01 0.0 0 10.5 22 160 M M 9 18 30 150
12 91 76 84 11 0 19 0.00 0.0 0 14.8 26 190 M M 9 39 190
13 85 69 77 4 0 12 T 0.0 0 7.7 21 170 M M 8 26 170
14 75 69 72 -1 0 7 0.44 0.0 0 5.1 28 120 M M 9 13 39 130
15 87 68 78 4 0 13 T 0.0 0 6.9 21 190 M M 7 3 27 190
16 80 67 74 0 0 9 0.00 0.0 0 8.6 17 350 M M 8 22 340
17 84 61 73 -1 0 8 0.00 0.0 0 5.6 14 20 M M 4 17 350
18 88 64 76 1 0 11 0.00 0.0 0 6.6 15 140 M M 6 20 140
19 93 71 82 7 0 17 0.94 0.0 0 9.2 20 360 M M 7 13 26 240
20 78 63 71 -4 0 6 0.00 0.0 0 12.6 25 360 M M 8 8 31 360
21 76 61 69 -7 0 4 0.00 0.0 0 4.6 10 340 M M 8 13 330
22 84 61 73 -3 0 8 0.00 0.0 0 4.5 12 140 M M 4 1 16 120
23 85 68 77 1 0 12 0.00 0.0 0 8.7 15 120 M M 7 20 130
24 87 67 77 0 0 12 0.10 0.0 0 7.6 22 290 M M 7 3 30 300
25 85 67 76 -1 0 11 0.00 0.0 0 5.7 13 100 M M 6 20 190
26 87 68 78 1 0 13 0.00 0.0 0 6.5 16 110 M M 7 20 100
27 86 69 78 0 0 13 0.00 0.0 0 6.6 13 120 M M 9 17 120
28 87 67 77 -1 0 12 0.16 0.0 0 7.2 23 210 M M 8 1 30 210
29 90 68 79 1 0 14 0.00 0.0 0 7.9 26 270 M M 7 138 37 270
30 89 66 78 0 0 13 0.08 0.0 0 5.6 23 30 M M 5 3 30 50
31 90 66 78 -1 0 13 0.00 0.0 0 5.8 16 150 M M 4 22 160
================================================================================
SM 2646 2044 0 338 2.35 0.0 255.9 M 220
================================================================================
AV 85.4 65.9 8.3 FASTST M M 7 MAX(MPH)
MISC ----> 35 300 42 310
================================================================================
NOTES:
# LAST OF SEVERAL OCCURRENCES
COLUMN 17 PEAK WIND IN M.P.H.
PRELIMINARY LOCAL CLIMATOLOGICAL DATA (WS FORM: F-6) , PAGE 2
STATION: DALLAS/FORT WORTH
MONTH: MAY
YEAR: 2023
LATITUDE: 32 54 N
LONGITUDE: 97 2 W
[TEMPERATURE DATA] [PRECIPITATION DATA] SYMBOLS USED IN COLUMN 16
AVERAGE MONTHLY: 75.6 TOTAL FOR MONTH: 2.35 1 = FOG OR MIST
DPTR FM NORMAL: 1.6 DPTR FM NORMAL: -2.43 2 = FOG REDUCING VISIBILITY
HIGHEST: 96 ON 5 GRTST 24HR 0.94 ON 19-19 TO 1/4 MILE OR LESS
LOWEST: 53 ON 2, 1 3 = THUNDER
SNOW, ICE PELLETS, HAIL 4 = ICE PELLETS
TOTAL MONTH: 0.0 INCH 5 = HAIL
GRTST 24HR 0.0 6 = FREEZING RAIN OR DRIZZLE
GRTST DEPTH: 0 7 = DUSTSTORM OR SANDSTORM:
VSBY 1/2 MILE OR LESS
8 = SMOKE OR HAZE
[NO. OF DAYS WITH] [WEATHER - DAYS WITH] 9 = BLOWING SNOW
X = TORNADO
MAX 32 OR BELOW: 0 0.01 INCH OR MORE: 10
MAX 90 OR ABOVE: 6 0.10 INCH OR MORE: 7
MIN 32 OR BELOW: 0 0.50 INCH OR MORE: 1
MIN 0 OR BELOW: 0 1.00 INCH OR MORE: 0
[HDD (BASE 65) ]
TOTAL THIS MO. 0 CLEAR (SCALE 0-3) 0
DPTR FM NORMAL -10 PTCLDY (SCALE 4-7) 24
TOTAL FM JUL 1 1839 CLOUDY (SCALE 8-10) 7
DPTR FM NORMAL -377
[CDD (BASE 65) ]
TOTAL THIS MO. 338
DPTR FM NORMAL 48 [PRESSURE DATA]
TOTAL FM JAN 1 504 HIGHEST SLP M ON M
DPTR FM NORMAL 67 LOWEST SLP 29.68 ON 11
[REMARKS]
#FINAL-05-23#