000
CXUS54 KFWD 140752
CF6DFW
PRELIMINARY LOCAL CLIMATOLOGICAL DATA (WS FORM: F-6)
STATION: DALLAS/FORT WORTH
MONTH: AUGUST
YEAR: 2021
LATITUDE: 32 54 N
LONGITUDE: 97 2 W
TEMPERATURE IN F: :PCPN: SNOW: WIND :SUNSHINE: SKY :PK WND
================================================================================
1 2 3 4 5 6A 6B 7 8 9 10 11 12 13 14 15 16 17 18
12Z AVG MX 2MIN
DY MAX MIN AVG DEP HDD CDD WTR SNW DPTH SPD SPD DIR MIN PSBL S-S WX SPD DR
================================================================================
1 100 75 88 1 0 23 0.31 0.0 0 8.3 37 150 M M 6 13 54 160
2 89 73 81 -6 0 16 1.71 0.0 0 9.0 22 350 M M 9 138 27 350
3 91 73 82 -5 0 17 0.00 0.0 0 4.4 13 10 M M 5 18 16 10
4 90 75 83 -4 0 18 0.00 0.0 0 5.4 13 140 M M 6 8 16 140
5 93 73 83 -4 0 18 0.00 0.0 0 8.9 16 120 M M 5 8 22 120
6 94 74 84 -3 0 19 0.00 0.0 0 10.9 20 140 M M 3 27 140
7 96 76 86 -1 0 21 0.00 0.0 0 13.7 22 160 M M 3 30 150
8 97 79 88 1 0 23 0.00 0.0 0 17.5 26 170 M M 3 35 170
9 98 79 89 2 0 24 0.00 0.0 0 17.0 25 180 M M 2 35 200
10 97 78 88 1 0 23 0.00 0.0 0 16.3 25 200 M M 3 33 190
11 97 77 87 0 0 22 0.00 0.0 0 15.0 23 190 M M 2 32 180
12 98 79 89 2 0 24 0.00 0.0 0 12.2 20 190 M M 2 27 170
13 95 79 87 1 0 22 0.00 0.0 0 7.6 15 190 M M 7 21 180
14 91 71 81 -5 0 16 1.01 0.0 0 6.5 45 330 M M 8 123 56 330
15 88 73 81 -5 0 16 0.10 0.0 0 4.8 12 180 M M 7 1 14 140
16 93 75 84 -2 0 19 0.00 0.0 0 4.7 17 70 M M 5 22 80
17 91 74 83 -3 0 18 0.14 0.0 0 8.4 25 310 M M 9 13 32 320
18 82 73 78 -8 0 13 1.33 0.0 0 7.6 18 140 M M 9 13 28 150
19 94 75 85 -1 0 20 0.22 0.0 0 11.5 20 150 M M 7 13 27 150
20 96 78 87 1 0 22 0.00 0.0 0 13.9 23 170 M M 4 29 180
21 96 78 87 2 0 22 0.00 0.0 0 11.1 20 200 M M 3 26 140
22 97 79 88 3 0 23 0.00 0.0 0 9.0 15 170 M M 1 21 180
23 97 75 86 1 0 21 0.00 0.0 0 8.8 16 210 M M 1 23 170
24 97 76 87 2 0 22 0.00 0.0 0 9.2 15 170 M M 1 24 180
25 98 75 87 3 0 22 0.00 0.0 0 6.6 13 210 M M 2 8 16 130
26 98 80 89 5 0 24 0.00 0.0 0 5.5 14 100 M M 2 21 100
27 92 76 84 0 0 19 0.00 0.0 0 8.8 17 140 M M 3 23 130
28 93 75 84 0 0 19 0.00 0.0 0 7.4 16 120 M M 3 21 120
29 90 76 83 -1 0 18 0.00 0.0 0 5.2 16 120 M M 7 3 20 60
30 96 76 86 3 0 21 0.00 0.0 0 6.3 13 10 M M 4 17 40
31 100 77 89 6 0 24 0.00 0.0 0 6.4 13 180 M M 3 16 180
================================================================================
SM 2924 2352 0 629 4.82 0.0 287.9 M 135
================================================================================
AV 94.3 75.9 9.3 FASTST M M 4 MAX(MPH)
MISC ----> 45 330 56 330
================================================================================
NOTES:
# LAST OF SEVERAL OCCURRENCES
COLUMN 17 PEAK WIND IN M.P.H.
PRELIMINARY LOCAL CLIMATOLOGICAL DATA (WS FORM: F-6) , PAGE 2
STATION: DALLAS/FORT WORTH
MONTH: AUGUST
YEAR: 2021
LATITUDE: 32 54 N
LONGITUDE: 97 2 W
[TEMPERATURE DATA] [PRECIPITATION DATA] SYMBOLS USED IN COLUMN 16
AVERAGE MONTHLY: 85.1 TOTAL FOR MONTH: 4.82 1 = FOG OR MIST
DPTR FM NORMAL: -0.6 DPTR FM NORMAL: 2.64 2 = FOG REDUCING VISIBILITY
HIGHEST: 100 ON 31, 1 GRTST 24HR 2.02 ON 1- 2 TO 1/4 MILE OR LESS
LOWEST: 71 ON 14 3 = THUNDER
SNOW, ICE PELLETS, HAIL 4 = ICE PELLETS
TOTAL MONTH: 0.0 INCH 5 = HAIL
GRTST 24HR 0.0 6 = FREEZING RAIN OR DRIZZLE
GRTST DEPTH: 0 7 = DUSTSTORM OR SANDSTORM:
VSBY 1/2 MILE OR LESS
8 = SMOKE OR HAZE
[NO. OF DAYS WITH] [WEATHER - DAYS WITH] 9 = BLOWING SNOW
X = TORNADO
MAX 32 OR BELOW: 0 0.01 INCH OR MORE: 7
MAX 90 OR ABOVE: 28 0.10 INCH OR MORE: 7
MIN 32 OR BELOW: 0 0.50 INCH OR MORE: 3
MIN 0 OR BELOW: 0 1.00 INCH OR MORE: 3
[HDD (BASE 65) ]
TOTAL THIS MO. 0 CLEAR (SCALE 0-3) 13
DPTR FM NORMAL 0 PTCLDY (SCALE 4-7) 14
TOTAL FM JUL 1 0 CLOUDY (SCALE 8-10) 4
DPTR FM NORMAL 0
[CDD (BASE 65) ]
TOTAL THIS MO. 629
DPTR FM NORMAL -14 [PRESSURE DATA]
TOTAL FM JAN 1 2131 HIGHEST SLP 30.16 ON 14
DPTR FM NORMAL -97 LOWEST SLP 29.66 ON 31
[REMARKS]
#FINAL-08-21#