000
CDUS43 KDDC 181456
CLIDGC


CLIMATE REPORT
NATIONAL WEATHER SERVICE DODGE CITY KS
955 AM CDT WED APR 18 2018


...................................

...THE DODGE CITY KS CLIMATE SUMMARY FOR APRIL 17 2018...

CLIMATE NORMAL PERIOD 1981 TO 2010
CLIMATE RECORD PERIOD 1875 TO 2018


WEATHER ITEM   OBSERVED TIME   RECORD YEAR NORMAL DEPARTURE LAST
                VALUE   (LST)  VALUE       VALUE  FROM      YEAR
                                                  NORMAL
..................................................................
TEMPERATURE (F)
 YESTERDAY
  MAXIMUM         94R   326 PM  94    2018  68     26       71
  MINIMUM         28    630 AM  24    1907  41    -13       52
  AVERAGE         61                        54      7       62

PRECIPITATION (IN)
  YESTERDAY        T             1.44 2009   0.06  -0.06     0.00
  MONTH TO DATE    0.23                      0.95  -0.72     4.04
  SINCE MAR 1      1.29                      2.54  -1.25     6.62
  SINCE JAN 1      1.44                      3.80  -2.36     9.19

SNOWFALL (IN)
  YESTERDAY       MM             0.5  1940   0.0   MM        0.0
  MONTH TO DATE    1.7                       0.9    0.8      0.0
  SINCE MAR 1      2.7                       5.8   -3.1      0.0
  SINCE JUL 1      4.1                      20.9  -16.8      5.0
  SNOW DEPTH       0

DEGREE DAYS
 HEATING
  YESTERDAY        4                        11     -7        3
  MONTH TO DATE  323                       233     90      147
  SINCE MAR 1    852                       873    -21      631
  SINCE JUL 1   4508                      4720   -212     3865

 COOLING
  YESTERDAY        0                         1     -1        0
  MONTH TO DATE    7                         2      5       15
  SINCE MAR 1     11                         3      8       24
  SINCE JAN 1     11                         3      8       24
..................................................................


WIND (MPH)
  HIGHEST WIND SPEED    48   HIGHEST WIND DIRECTION    NW (310)
  HIGHEST GUST SPEED    66   HIGHEST GUST DIRECTION    NW (310)
  AVERAGE WIND SPEED    16.5


SKY COVER
  POSSIBLE SUNSHINE  MM
  AVERAGE SKY COVER 0.0


WEATHER CONDITIONS
 THE FOLLOWING WEATHER WAS RECORDED YESTERDAY.
  LIGHT RAIN
  HAZE


RELATIVE HUMIDITY (PERCENT)
 HIGHEST    75           500 AM
 LOWEST      6           400 PM
 AVERAGE    41

..........................................................


THE DODGE CITY KS CLIMATE NORMALS FOR TODAY
                         NORMAL    RECORD    YEAR
 MAXIMUM TEMPERATURE (F)   68        93      2000
 MINIMUM TEMPERATURE (F)   41        20      1953


SUNRISE AND SUNSET
APRIL 18 2018.........SUNRISE   701 AM CDT   SUNSET   818 PM CDT
APRIL 19 2018.........SUNRISE   659 AM CDT   SUNSET   819 PM CDT


-  INDICATES NEGATIVE NUMBERS.
R  INDICATES RECORD WAS SET OR TIED.
MM INDICATES DATA IS MISSING.
T  INDICATES TRACE AMOUNT.




$$
