299
CDUS43 KDDC 182326
CLIDGC


CLIMATE REPORT
NATIONAL WEATHER SERVICE DODGE CITY KS
625 PM CDT WED APR 18 2018


...................................

...THE DODGE CITY KS CLIMATE SUMMARY FOR APRIL 18 2018...
VALID TODAY AS OF 0500 PM LOCAL TIME.

CLIMATE NORMAL PERIOD 1981 TO 2010
CLIMATE RECORD PERIOD 1875 TO 2018


WEATHER ITEM   OBSERVED TIME   RECORD YEAR NORMAL DEPARTURE LAST
                VALUE   (LST)  VALUE       VALUE  FROM      YEAR
                                                  NORMAL
..................................................................
TEMPERATURE (F)
 TODAY
  MAXIMUM         66    342 PM  93    2000  68     -2       87
  MINIMUM         41    641 AM  20    1953  41      0       56
  AVERAGE         54                        55     -1       72

PRECIPITATION (IN)
  TODAY            0.00          2.13 1942   0.06  -0.06     0.00
  MONTH TO DATE    0.23                      1.01  -0.78     4.04
  SINCE MAR 1      1.29                      2.60  -1.31     6.62
  SINCE JAN 1      1.44                      3.86  -2.42     9.19

SNOWFALL (IN)
  TODAY            0.0           T    2013   0.1   -0.1      0.0
                                      1975
                                      1953
  MONTH TO DATE    1.7                       1.0    0.7      0.0
  SINCE MAR 1      2.7                       5.9   -3.2      0.0
  SINCE JUL 1      4.1                      21.0  -16.9      5.0
  SNOW DEPTH       0

DEGREE DAYS
 HEATING
  TODAY           11                        11      0        0
  MONTH TO DATE  334                       244     90      147
  SINCE MAR 1    863                       884    -21      631
  SINCE JUL 1   4519                      4731   -212     3865

 COOLING
  TODAY            0                         1     -1        7
  MONTH TO DATE    7                         3      4       22
  SINCE MAR 1     11                         4      7       31
  SINCE JAN 1     11                         4      7       31
..................................................................


WIND (MPH)
  HIGHEST WIND SPEED    37   HIGHEST WIND DIRECTION     N (350)
  HIGHEST GUST SPEED    51   HIGHEST GUST DIRECTION    NW (320)
  AVERAGE WIND SPEED    26.3


SKY COVER
  POSSIBLE SUNSHINE  MM
  AVERAGE SKY COVER 0.0


WEATHER CONDITIONS
 THE FOLLOWING WEATHER WAS RECORDED TODAY.
  NO SIGNIFICANT WEATHER WAS OBSERVED.


RELATIVE HUMIDITY (PERCENT)
 HIGHEST    62           300 AM
 LOWEST     19           100 PM
 AVERAGE    41

..........................................................


THE DODGE CITY KS CLIMATE NORMALS FOR TOMORROW
                         NORMAL    RECORD    YEAR
 MAXIMUM TEMPERATURE (F)   69        92      1961
 MINIMUM TEMPERATURE (F)   41        24      2013
                                             1953


SUNRISE AND SUNSET
APRIL 18 2018.........SUNRISE   701 AM CDT   SUNSET   818 PM CDT
APRIL 19 2018.........SUNRISE   659 AM CDT   SUNSET   819 PM CDT


-  INDICATES NEGATIVE NUMBERS.
R  INDICATES RECORD WAS SET OR TIED.
MM INDICATES DATA IS MISSING.
T  INDICATES TRACE AMOUNT.




$$
