000
CDUS43 KDDC 220715
CLIDGC


CLIMATE REPORT
NATIONAL WEATHER SERVICE DODGE CITY KS
215 AM CDT SUN APR 22 2018


...................................

...THE DODGE CITY KS CLIMATE SUMMARY FOR APRIL 21 2018...

CLIMATE NORMAL PERIOD 1981 TO 2010
CLIMATE RECORD PERIOD 1875 TO 2018


WEATHER ITEM   OBSERVED TIME   RECORD YEAR NORMAL DEPARTURE LAST
                VALUE   (LST)  VALUE       VALUE  FROM      YEAR
                                                  NORMAL
..................................................................
TEMPERATURE (F)
 YESTERDAY
  MAXIMUM         47    405 PM  93    1980  69    -22       55
  MINIMUM         43   1159 PM  25    1966  42      1       38
                                      1927
  AVERAGE         45                        56    -11       47

PRECIPITATION (IN)
  YESTERDAY        0.04          1.46 1928   0.07  -0.03     0.46
  MONTH TO DATE    0.63                      1.20  -0.57     4.50
  SINCE MAR 1      1.69                      2.79  -1.10     7.08
  SINCE JAN 1      1.84                      4.05  -2.21     9.65

SNOWFALL (IN)
  YESTERDAY       MM             T    1995   0.0   MM        0.0
  MONTH TO DATE    1.7                       1.0    0.7      0.0
  SINCE MAR 1      2.7                       5.9   -3.2      0.0
  SINCE JUL 1      4.1                      21.0  -16.9      5.0
  SNOW DEPTH       0

DEGREE DAYS
 HEATING
  YESTERDAY       20                        10     10       18
  MONTH TO DATE  391                       275    116      168
  SINCE MAR 1    920                       915      5      652
  SINCE JUL 1   4576                      4762   -186     3886

 COOLING
  YESTERDAY        0                         1     -1        0
  MONTH TO DATE    7                         6      1       31
  SINCE MAR 1     11                         7      4       40
  SINCE JAN 1     11                         7      4       40
..................................................................


WIND (MPH)
  HIGHEST WIND SPEED    24   HIGHEST WIND DIRECTION     E (90)
  HIGHEST GUST SPEED    35   HIGHEST GUST DIRECTION     E (90)
  AVERAGE WIND SPEED    10.4


SKY COVER
  POSSIBLE SUNSHINE  MM
  AVERAGE SKY COVER 1.0


WEATHER CONDITIONS
 THE FOLLOWING WEATHER WAS RECORDED YESTERDAY.
  LIGHT RAIN
  FOG


RELATIVE HUMIDITY (PERCENT)
 HIGHEST    96           400 AM
 LOWEST     83          1200 AM
 AVERAGE    90

..........................................................


THE DODGE CITY KS CLIMATE NORMALS FOR TODAY
                         NORMAL    RECORD    YEAR
 MAXIMUM TEMPERATURE (F)   70       100      1989
 MINIMUM TEMPERATURE (F)   43        26      1892


SUNRISE AND SUNSET
APRIL 22 2018.........SUNRISE   655 AM CDT   SUNSET   822 PM CDT
APRIL 23 2018.........SUNRISE   654 AM CDT   SUNSET   823 PM CDT


-  INDICATES NEGATIVE NUMBERS.
R  INDICATES RECORD WAS SET OR TIED.
MM INDICATES DATA IS MISSING.
T  INDICATES TRACE AMOUNT.




$$
