000
CDUS43 KDDC 100810
CLIDGC


CLIMATE REPORT
NATIONAL WEATHER SERVICE DODGE CITY KS
309 AM CDT TUE APR 10 2018


...................................

...THE DODGE CITY KS CLIMATE SUMMARY FOR APRIL 9 2018...

CLIMATE NORMAL PERIOD 1981 TO 2010
CLIMATE RECORD PERIOD 1875 TO 2018


WEATHER ITEM   OBSERVED TIME   RECORD YEAR NORMAL DEPARTURE LAST
                VALUE   (LST)  VALUE       VALUE  FROM      YEAR
                                                  NORMAL
..................................................................
TEMPERATURE (F)
 YESTERDAY
  MAXIMUM         61    414 PM  94    2011  65     -4       83
  MINIMUM         34   1159 PM  17    1973  38     -4       49
  AVERAGE         48                        52     -4       66

PRECIPITATION (IN)
  YESTERDAY        0.15          1.66 1947   0.06   0.09     0.00
  MONTH TO DATE    0.23                      0.50  -0.27     3.67
  SINCE MAR 1      1.29                      2.09  -0.80     6.25
  SINCE JAN 1      1.44                      3.35  -1.91     8.82

SNOWFALL (IN)
  YESTERDAY       MM             7.4  1919   0.1   MM        0.0
  MONTH TO DATE    1.7                       0.7    1.0      0.0
  SINCE MAR 1      2.7                       5.6   -2.9      0.0
  SINCE JUL 1      4.1                      20.7  -16.6      5.0
  SNOW DEPTH       0

DEGREE DAYS
 HEATING
  YESTERDAY       17                        14      3        0
  MONTH TO DATE  215                       134     81      109
  SINCE MAR 1    744                       774    -30      593
  SINCE JUL 1   4400                      4621   -221     3827

 COOLING
  YESTERDAY        0                         0      0        1
  MONTH TO DATE    0                         0      0        4
  SINCE MAR 1      4                         1      3       13
  SINCE JAN 1      4                         1      3       13
..................................................................


WIND (MPH)
  HIGHEST WIND SPEED    24   HIGHEST WIND DIRECTION    NE (30)
  HIGHEST GUST SPEED    32   HIGHEST GUST DIRECTION     N (20)
  AVERAGE WIND SPEED     7.5


SKY COVER
  POSSIBLE SUNSHINE  MM
  AVERAGE SKY COVER 0.5


WEATHER CONDITIONS
 THE FOLLOWING WEATHER WAS RECORDED YESTERDAY.
  THUNDERSTORM
  RAIN
  LIGHT RAIN
  FOG


RELATIVE HUMIDITY (PERCENT)
 HIGHEST    89          1100 PM
 LOWEST     43           400 PM
 AVERAGE    66

..........................................................


THE DODGE CITY KS CLIMATE NORMALS FOR TODAY
                         NORMAL    RECORD    YEAR
 MAXIMUM TEMPERATURE (F)   66        91      1896
 MINIMUM TEMPERATURE (F)   38        16      1973


SUNRISE AND SUNSET
APRIL 10 2018.........SUNRISE   712 AM CDT   SUNSET   811 PM CDT
APRIL 11 2018.........SUNRISE   710 AM CDT   SUNSET   812 PM CDT


-  INDICATES NEGATIVE NUMBERS.
R  INDICATES RECORD WAS SET OR TIED.
MM INDICATES DATA IS MISSING.
T  INDICATES TRACE AMOUNT.




$$
