216
CDUS43 KDDC 192331
CLIDGC


CLIMATE REPORT
NATIONAL WEATHER SERVICE DODGE CITY KS
631 PM CDT SAT MAY 19 2018


...................................

...THE DODGE CITY KS CLIMATE SUMMARY FOR MAY 19 2018...
VALID TODAY AS OF 0500 PM LOCAL TIME.

CLIMATE NORMAL PERIOD 1981 TO 2010
CLIMATE RECORD PERIOD 1875 TO 2018


WEATHER ITEM   OBSERVED TIME   RECORD YEAR NORMAL DEPARTURE LAST
                VALUE   (LST)  VALUE       VALUE  FROM      YEAR
                                                  NORMAL
..................................................................
TEMPERATURE (F)
 TODAY
  MAXIMUM         77    405 PM  98    2014  78     -1       58
                                      2006
                                      1933
  MINIMUM         58    541 AM  36    1930  53      5       48
  AVERAGE         68                        65      3       53

PRECIPITATION (IN)
  TODAY            0.65          2.46 1955   0.10   0.55     0.96
  MONTH TO DATE    1.03                      1.61  -0.58     4.40
  SINCE MAR 1      3.06                      5.02  -1.96    14.64
  SINCE JAN 1      3.21                      6.28  -3.07    17.21

SNOWFALL (IN)
  TODAY            0.0           0.0  2002   0.0    0.0      0.0
                                      2001
  MONTH TO DATE    0.0                       0.0    0.0      0.0
  SINCE MAR 1      2.2                       6.0   -3.8      2.5
  SINCE JUL 1      3.6                      21.1  -17.5      7.5
  SNOW DEPTH       0

DEGREE DAYS
 HEATING
  TODAY            0                         3     -3       12
  MONTH TO DATE    7                        90    -83       91
  SINCE MAR 1   1014                      1082    -68      885
  SINCE JUL 1   4670                      4929   -259     4119

 COOLING
  TODAY            3                         3      0        0
  MONTH TO DATE  123                        39     84       41
  SINCE MAR 1    144                        58     86       82
  SINCE JAN 1    144                        58     86       82
..................................................................


WIND (MPH)
  HIGHEST WIND SPEED    31   HIGHEST WIND DIRECTION    NE (30)
  HIGHEST GUST SPEED    40   HIGHEST GUST DIRECTION    NE (30)
  AVERAGE WIND SPEED    11.2


SKY COVER
  POSSIBLE SUNSHINE  MM
  AVERAGE SKY COVER 0.5


WEATHER CONDITIONS
 THE FOLLOWING WEATHER WAS RECORDED TODAY.
  THUNDERSTORM
  HEAVY RAIN
  RAIN
  LIGHT RAIN
  FOG


RELATIVE HUMIDITY (PERCENT)
 HIGHEST    93           200 AM
 LOWEST     43           200 PM
 AVERAGE    68

..........................................................


THE DODGE CITY KS CLIMATE NORMALS FOR TOMORROW
                         NORMAL    RECORD    YEAR
 MAXIMUM TEMPERATURE (F)   78        98      2005
                                             2004
                                             1925
 MINIMUM TEMPERATURE (F)   53        36      1931


SUNRISE AND SUNSET
MAY 19 2018...........SUNRISE   627 AM CDT   SUNSET   846 PM CDT
MAY 20 2018...........SUNRISE   626 AM CDT   SUNSET   847 PM CDT


-  INDICATES NEGATIVE NUMBERS.
R  INDICATES RECORD WAS SET OR TIED.
MM INDICATES DATA IS MISSING.
T  INDICATES TRACE AMOUNT.




$$
