558
CDUS43 KDDC 260708
CLIDGC


CLIMATE REPORT
NATIONAL WEATHER SERVICE DODGE CITY KS
207 AM CDT THU APR 26 2018


...................................

...THE DODGE CITY KS CLIMATE SUMMARY FOR APRIL 25 2018...

CLIMATE NORMAL PERIOD 1981 TO 2010
CLIMATE RECORD PERIOD 1875 TO 2018


WEATHER ITEM   OBSERVED TIME   RECORD YEAR NORMAL DEPARTURE LAST
                VALUE   (LST)  VALUE       VALUE  FROM      YEAR
                                                  NORMAL
..................................................................
TEMPERATURE (F)
 YESTERDAY
  MAXIMUM         59    445 PM  90    1989  71    -12       59
  MINIMUM         37   1058 PM  30    2006  44     -7       42
                                      1950
                                      1918
  AVERAGE         48                        57     -9       51

PRECIPITATION (IN)
  YESTERDAY        0.06          1.46 1990   0.07  -0.01     0.01
  MONTH TO DATE    0.98                      1.47  -0.49     4.51
  SINCE MAR 1      2.04                      3.06  -1.02     7.09
  SINCE JAN 1      2.19                      4.32  -2.13     9.66

SNOWFALL (IN)
  YESTERDAY       MM             T    1947   0.0   MM        0.0
  MONTH TO DATE    1.7                       1.1    0.6      0.0
  SINCE MAR 1      2.7                       6.0   -3.3      0.0
  SINCE JUL 1      4.1                      21.1  -17.0      5.0
  SNOW DEPTH       0

DEGREE DAYS
 HEATING
  YESTERDAY       17                         9      8       14
  MONTH TO DATE  449                       312    137      211
  SINCE MAR 1    978                       952     26      695
  SINCE JUL 1   4634                      4799   -165     3929

 COOLING
  YESTERDAY        0                         1     -1        0
  MONTH TO DATE    7                        10     -3       32
  SINCE MAR 1     11                        11      0       41
  SINCE JAN 1     11                        11      0       41
..................................................................


WIND (MPH)
  HIGHEST WIND SPEED    23   HIGHEST WIND DIRECTION     N (350)
  HIGHEST GUST SPEED    32   HIGHEST GUST DIRECTION     N (350)
  AVERAGE WIND SPEED    12.1


SKY COVER
  POSSIBLE SUNSHINE  MM
  AVERAGE SKY COVER 0.7


WEATHER CONDITIONS
 THE FOLLOWING WEATHER WAS RECORDED YESTERDAY.
  LIGHT RAIN
  FOG


RELATIVE HUMIDITY (PERCENT)
 HIGHEST    92          1200 AM
 LOWEST     43           400 PM
 AVERAGE    68

..........................................................


THE DODGE CITY KS CLIMATE NORMALS FOR TODAY
                         NORMAL    RECORD    YEAR
 MAXIMUM TEMPERATURE (F)   71        94      1989
                                             1956
 MINIMUM TEMPERATURE (F)   44        27      2006


SUNRISE AND SUNSET
APRIL 26 2018.........SUNRISE   650 AM CDT   SUNSET   826 PM CDT
APRIL 27 2018.........SUNRISE   649 AM CDT   SUNSET   827 PM CDT


-  INDICATES NEGATIVE NUMBERS.
R  INDICATES RECORD WAS SET OR TIED.
MM INDICATES DATA IS MISSING.
T  INDICATES TRACE AMOUNT.




$$
