000
CDUS43 KDDC 210705
CLIDGC


CLIMATE REPORT
NATIONAL WEATHER SERVICE DODGE CITY KS
205 AM CDT MON MAY 21 2018


...................................

...THE DODGE CITY KS CLIMATE SUMMARY FOR MAY 20 2018...

CLIMATE NORMAL PERIOD 1981 TO 2010
CLIMATE RECORD PERIOD 1875 TO 2018


WEATHER ITEM   OBSERVED TIME   RECORD YEAR NORMAL DEPARTURE LAST
                VALUE   (LST)  VALUE       VALUE  FROM      YEAR
                                                  NORMAL
..................................................................
TEMPERATURE (F)
 YESTERDAY
  MAXIMUM         72    504 PM  98    2005  78     -6       62
                                      2004
                                      1925
  MINIMUM         48    535 AM  36    1931  53     -5       41
  AVERAGE         60                        66     -6       52

PRECIPITATION (IN)
  YESTERDAY        0.00          1.85 1881   0.10  -0.10     0.00
  MONTH TO DATE    1.03                      1.71  -0.68     4.40
  SINCE MAR 1      3.06                      5.12  -2.06    14.64
  SINCE JAN 1      3.21                      6.38  -3.17    17.21

SNOWFALL (IN)
  YESTERDAY        0.0           T    1951   0.0    0.0      0.0
  MONTH TO DATE    0.0                       0.0    0.0      0.0
  SINCE MAR 1      2.2                       6.0   -3.8      2.5
  SINCE JUL 1      3.6                      21.1  -17.5      7.5
  SNOW DEPTH       0

DEGREE DAYS
 HEATING
  YESTERDAY        5                         3      2       13
  MONTH TO DATE   13                        93    -80      104
  SINCE MAR 1   1020                      1085    -65      898
  SINCE JUL 1   4676                      4932   -256     4132

 COOLING
  YESTERDAY        0                         3     -3        0
  MONTH TO DATE  120                        42     78       41
  SINCE MAR 1    141                        61     80       82
  SINCE JAN 1    141                        61     80       82
..................................................................


WIND (MPH)
  HIGHEST WIND SPEED    22   HIGHEST WIND DIRECTION     N (350)
  HIGHEST GUST SPEED    32   HIGHEST GUST DIRECTION     N (350)
  AVERAGE WIND SPEED    12.3


SKY COVER
  POSSIBLE SUNSHINE  MM
  AVERAGE SKY COVER 0.4


WEATHER CONDITIONS
 THE FOLLOWING WEATHER WAS RECORDED YESTERDAY.
  NO SIGNIFICANT WEATHER WAS OBSERVED.


RELATIVE HUMIDITY (PERCENT)
 HIGHEST    86           100 AM
 LOWEST     44           400 PM
 AVERAGE    65

..........................................................


THE DODGE CITY KS CLIMATE NORMALS FOR TODAY
                         NORMAL    RECORD    YEAR
 MAXIMUM TEMPERATURE (F)   78       100      1925
 MINIMUM TEMPERATURE (F)   53        33      1931


SUNRISE AND SUNSET
MAY 21 2018...........SUNRISE   625 AM CDT   SUNSET   848 PM CDT
MAY 22 2018...........SUNRISE   625 AM CDT   SUNSET   849 PM CDT


-  INDICATES NEGATIVE NUMBERS.
R  INDICATES RECORD WAS SET OR TIED.
MM INDICATES DATA IS MISSING.
T  INDICATES TRACE AMOUNT.




$$
