378
CDUS43 KDDC 202325
CLIDGC


CLIMATE REPORT
NATIONAL WEATHER SERVICE DODGE CITY KS
625 PM CDT FRI APR 20 2018


...................................

...THE DODGE CITY KS CLIMATE SUMMARY FOR APRIL 20 2018...
VALID TODAY AS OF 0500 PM LOCAL TIME.

CLIMATE NORMAL PERIOD 1981 TO 2010
CLIMATE RECORD PERIOD 1875 TO 2018


WEATHER ITEM   OBSERVED TIME   RECORD YEAR NORMAL DEPARTURE LAST
                VALUE   (LST)  VALUE       VALUE  FROM      YEAR
                                                  NORMAL
..................................................................
TEMPERATURE (F)
 TODAY
  MAXIMUM         58    219 PM  92    1902  69    -11       72
  MINIMUM         42    558 AM  25    1966  42      0       52
                                      1953
  AVERAGE         50                        55     -5       62

PRECIPITATION (IN)
  TODAY            0.03          1.44 1976   0.06  -0.03     0.00
  MONTH TO DATE    0.26                      1.13  -0.87     4.04
  SINCE MAR 1      1.32                      2.72  -1.40     6.62
  SINCE JAN 1      1.47                      3.98  -2.51     9.19

SNOWFALL (IN)
  TODAY           MM             T    1931   0.0   MM        0.0
                                      1907
  MONTH TO DATE    1.7                       1.0    0.7      0.0
  SINCE MAR 1      2.7                       5.9   -3.2      0.0
  SINCE JUL 1      4.1                      21.0  -16.9      5.0
  SNOW DEPTH       0

DEGREE DAYS
 HEATING
  TODAY           15                        10      5        3
  MONTH TO DATE  371                       265    106      150
  SINCE MAR 1    900                       905     -5      634
  SINCE JUL 1   4556                      4752   -196     3868

 COOLING
  TODAY            0                         1     -1        0
  MONTH TO DATE    7                         5      2       31
  SINCE MAR 1     11                         6      5       40
  SINCE JAN 1     11                         6      5       40
..................................................................


WIND (MPH)
  HIGHEST WIND SPEED    31   HIGHEST WIND DIRECTION    SE (150)
  HIGHEST GUST SPEED    41   HIGHEST GUST DIRECTION    SE (130)
  AVERAGE WIND SPEED    19.3


SKY COVER
  POSSIBLE SUNSHINE  MM
  AVERAGE SKY COVER 0.8


WEATHER CONDITIONS
 THE FOLLOWING WEATHER WAS RECORDED TODAY.
  THUNDERSTORM
  LIGHT RAIN


RELATIVE HUMIDITY (PERCENT)
 HIGHEST    57           100 AM
 LOWEST     36          1200 PM
 AVERAGE    47

..........................................................


THE DODGE CITY KS CLIMATE NORMALS FOR TOMORROW
                         NORMAL    RECORD    YEAR
 MAXIMUM TEMPERATURE (F)   69        93      1980
 MINIMUM TEMPERATURE (F)   42        25      1966
                                             1927


SUNRISE AND SUNSET
APRIL 20 2018.........SUNRISE   658 AM CDT   SUNSET   820 PM CDT
APRIL 21 2018.........SUNRISE   657 AM CDT   SUNSET   821 PM CDT


-  INDICATES NEGATIVE NUMBERS.
R  INDICATES RECORD WAS SET OR TIED.
MM INDICATES DATA IS MISSING.
T  INDICATES TRACE AMOUNT.




$$
