000
CDUS43 KDDC 092327
CLIDGC


CLIMATE REPORT
NATIONAL WEATHER SERVICE DODGE CITY KS
626 PM CDT WED MAY 9 2018


...................................

...THE DODGE CITY KS CLIMATE SUMMARY FOR MAY 9 2018...
VALID TODAY AS OF 0500 PM LOCAL TIME.

CLIMATE NORMAL PERIOD 1981 TO 2010
CLIMATE RECORD PERIOD 1875 TO 2018


WEATHER ITEM   OBSERVED TIME   RECORD YEAR NORMAL DEPARTURE LAST
                VALUE   (LST)  VALUE       VALUE  FROM      YEAR
                                                  NORMAL
..................................................................
TEMPERATURE (F)
 TODAY
  MAXIMUM         91    354 PM  97    2011  75     16       80
                                      1963
  MINIMUM         52    552 AM  34    1997  49      3       56
  AVERAGE         72                        62     10       68

PRECIPITATION (IN)
  TODAY            0.00          0.91 1981   0.08  -0.08     0.00
  MONTH TO DATE    0.18                      0.70  -0.52     0.57
  SINCE MAR 1      2.21                      4.11  -1.90    10.81
  SINCE JAN 1      2.36                      5.37  -3.01    13.38

SNOWFALL (IN)
  TODAY            0.0           0.0  2002   0.0    0.0      0.0
                                      2001
  MONTH TO DATE    0.0                       0.0    0.0      0.0
  SINCE MAR 1      2.2                       6.0   -3.8      2.5
  SINCE JUL 1      3.6                      21.1  -17.5      7.5
  SNOW DEPTH       0

DEGREE DAYS
 HEATING
  TODAY            0                         5     -5        0
  MONTH TO DATE    7                        53    -46       56
  SINCE MAR 1   1014                      1045    -31      850
  SINCE JUL 1   4670                      4892   -222     4084

 COOLING
  TODAY            7                         2      5        3
  MONTH TO DATE   52                        14     38       12
  SINCE MAR 1     73                        33     40       53
  SINCE JAN 1     73                        33     40       53
..................................................................


WIND (MPH)
  HIGHEST WIND SPEED    17   HIGHEST WIND DIRECTION     S (170)
  HIGHEST GUST SPEED    24   HIGHEST GUST DIRECTION     S (170)
  AVERAGE WIND SPEED     7.2


SKY COVER
  POSSIBLE SUNSHINE  MM
  AVERAGE SKY COVER 0.0


WEATHER CONDITIONS
 THE FOLLOWING WEATHER WAS RECORDED TODAY.
  NO SIGNIFICANT WEATHER WAS OBSERVED.


RELATIVE HUMIDITY (PERCENT)
 HIGHEST    83           600 AM
 LOWEST     23           400 PM
 AVERAGE    53

..........................................................


THE DODGE CITY KS CLIMATE NORMALS FOR TOMORROW
                         NORMAL    RECORD    YEAR
 MAXIMUM TEMPERATURE (F)   75        98      1879
 MINIMUM TEMPERATURE (F)   50        31      1981
                                             1924


SUNRISE AND SUNSET
MAY  9 2018...........SUNRISE   636 AM CDT   SUNSET   838 PM CDT
MAY 10 2018...........SUNRISE   635 AM CDT   SUNSET   839 PM CDT


-  INDICATES NEGATIVE NUMBERS.
R  INDICATES RECORD WAS SET OR TIED.
MM INDICATES DATA IS MISSING.
T  INDICATES TRACE AMOUNT.




$$
