000
CDUS43 KDDC 110725
CLIDGC


CLIMATE REPORT
NATIONAL WEATHER SERVICE DODGE CITY KS
225 AM CDT WED APR 11 2018


...................................

...THE DODGE CITY KS CLIMATE SUMMARY FOR APRIL 10 2018...

CLIMATE NORMAL PERIOD 1981 TO 2010
CLIMATE RECORD PERIOD 1875 TO 2018


WEATHER ITEM   OBSERVED TIME   RECORD YEAR NORMAL DEPARTURE LAST
                VALUE   (LST)  VALUE       VALUE  FROM      YEAR
                                                  NORMAL
..................................................................
TEMPERATURE (F)
 YESTERDAY
  MAXIMUM         77    355 PM  91    1896  66     11       67
  MINIMUM         33    139 AM  16    1973  38     -5       39
  AVERAGE         55                        52      3       53

PRECIPITATION (IN)
  YESTERDAY        0.00          1.31 1900   0.05  -0.05     0.00
  MONTH TO DATE    0.23                      0.55  -0.32     3.67
  SINCE MAR 1      1.29                      2.14  -0.85     6.25
  SINCE JAN 1      1.44                      3.40  -1.96     8.82

SNOWFALL (IN)
  YESTERDAY        0.0           7.0  1900   0.0    0.0      0.0
  MONTH TO DATE    1.7                       0.7    1.0      0.0
  SINCE MAR 1      2.7                       5.6   -2.9      0.0
  SINCE JUL 1      4.1                      20.7  -16.6      5.0
  SNOW DEPTH      MM

DEGREE DAYS
 HEATING
  YESTERDAY       10                        13     -3       12
  MONTH TO DATE  225                       147     78      121
  SINCE MAR 1    754                       787    -33      605
  SINCE JUL 1   4410                      4634   -224     3839

 COOLING
  YESTERDAY        0                         0      0        0
  MONTH TO DATE    0                         0      0        4
  SINCE MAR 1      4                         1      3       13
  SINCE JAN 1      4                         1      3       13
..................................................................


WIND (MPH)
  HIGHEST WIND SPEED    26   HIGHEST WIND DIRECTION    SW (220)
  HIGHEST GUST SPEED    40   HIGHEST GUST DIRECTION     W (250)
  AVERAGE WIND SPEED    12.2


SKY COVER
  POSSIBLE SUNSHINE  MM
  AVERAGE SKY COVER 0.0


WEATHER CONDITIONS
 THE FOLLOWING WEATHER WAS RECORDED YESTERDAY.
  FOG


RELATIVE HUMIDITY (PERCENT)
 HIGHEST    92           500 AM
 LOWEST     18           400 PM
 AVERAGE    55

..........................................................


THE DODGE CITY KS CLIMATE NORMALS FOR TODAY
                         NORMAL    RECORD    YEAR
 MAXIMUM TEMPERATURE (F)   66        90      1996
 MINIMUM TEMPERATURE (F)   38        16      2013


SUNRISE AND SUNSET
APRIL 11 2018.........SUNRISE   710 AM CDT   SUNSET   812 PM CDT
APRIL 12 2018.........SUNRISE   709 AM CDT   SUNSET   813 PM CDT


-  INDICATES NEGATIVE NUMBERS.
R  INDICATES RECORD WAS SET OR TIED.
MM INDICATES DATA IS MISSING.
T  INDICATES TRACE AMOUNT.




$$
