000
CDUS43 KDDC 112326
CLIDGC


CLIMATE REPORT
NATIONAL WEATHER SERVICE DODGE CITY KS
626 PM CDT FRI MAY 11 2018


...................................

...THE DODGE CITY KS CLIMATE SUMMARY FOR MAY 11 2018...
VALID TODAY AS OF 0500 PM LOCAL TIME.

CLIMATE NORMAL PERIOD 1981 TO 2010
CLIMATE RECORD PERIOD 1875 TO 2018


WEATHER ITEM   OBSERVED TIME   RECORD YEAR NORMAL DEPARTURE LAST
                VALUE   (LST)  VALUE       VALUE  FROM      YEAR
                                                  NORMAL
..................................................................
TEMPERATURE (F)
 TODAY
  MAXIMUM         87    449 PM  99    1963  76     11       64
  MINIMUM         65    744 AM  28    1946  50     15       46
  AVERAGE         76                        63     13       55

PRECIPITATION (IN)
  TODAY            0.00          1.45 2014   0.08  -0.08     0.51
  MONTH TO DATE    0.18                      0.87  -0.69     1.47
  SINCE MAR 1      2.21                      4.28  -2.07    11.71
  SINCE JAN 1      2.36                      5.54  -3.18    14.28

SNOWFALL (IN)
  TODAY            0.0           T    2002   0.0    0.0      0.0
  MONTH TO DATE    0.0                       0.0    0.0      0.0
  SINCE MAR 1      2.2                       6.0   -3.8      2.5
  SINCE JUL 1      3.6                      21.1  -17.5      7.5
  SNOW DEPTH       0

DEGREE DAYS
 HEATING
  TODAY            0                         4     -4       10
  MONTH TO DATE    7                        62    -55       66
  SINCE MAR 1   1014                      1054    -40      860
  SINCE JUL 1   4670                      4901   -231     4094

 COOLING
  TODAY           11                         2      9        0
  MONTH TO DATE   74                        18     56       12
  SINCE MAR 1     95                        37     58       53
  SINCE JAN 1     95                        37     58       53
..................................................................


WIND (MPH)
  HIGHEST WIND SPEED    28   HIGHEST WIND DIRECTION     S (160)
  HIGHEST GUST SPEED    38   HIGHEST GUST DIRECTION     S (170)
  AVERAGE WIND SPEED    13.5


SKY COVER
  POSSIBLE SUNSHINE  MM
  AVERAGE SKY COVER 0.0


WEATHER CONDITIONS
 THE FOLLOWING WEATHER WAS RECORDED TODAY.
  NO SIGNIFICANT WEATHER WAS OBSERVED.


RELATIVE HUMIDITY (PERCENT)
 HIGHEST    66           100 AM
 LOWEST     32           300 PM
 AVERAGE    49

..........................................................


THE DODGE CITY KS CLIMATE NORMALS FOR TOMORROW
                         NORMAL    RECORD    YEAR
 MAXIMUM TEMPERATURE (F)   76       100      1963
 MINIMUM TEMPERATURE (F)   50        32      1971


SUNRISE AND SUNSET
MAY 11 2018...........SUNRISE   634 AM CDT   SUNSET   839 PM CDT
MAY 12 2018...........SUNRISE   633 AM CDT   SUNSET   840 PM CDT


-  INDICATES NEGATIVE NUMBERS.
R  INDICATES RECORD WAS SET OR TIED.
MM INDICATES DATA IS MISSING.
T  INDICATES TRACE AMOUNT.




$$
