000
CDUS43 KDDC 112245
CLIDGC


CLIMATE REPORT
NATIONAL WEATHER SERVICE DODGE CITY KS
545 PM CDT WED APR 11 2018


...................................

...THE DODGE CITY KS CLIMATE SUMMARY FOR APRIL 11 2018...
VALID TODAY AS OF 0500 PM LOCAL TIME.

CLIMATE NORMAL PERIOD 1981 TO 2010
CLIMATE RECORD PERIOD 1875 TO 2018


WEATHER ITEM   OBSERVED TIME   RECORD YEAR NORMAL DEPARTURE LAST
                VALUE   (LST)  VALUE       VALUE  FROM      YEAR
                                                  NORMAL
..................................................................
TEMPERATURE (F)
 TODAY
  MAXIMUM         87    400 PM  90    1996  66     21       73
  MINIMUM         48        MM  16    2013  38     10       34
  AVERAGE         68                        52     16       54

PRECIPITATION (IN)
  TODAY            0.00          1.24 1967   0.06  -0.06     0.00
  MONTH TO DATE    0.23                      0.61  -0.38     3.67
  SINCE MAR 1      1.29                      2.20  -0.91     6.25
  SINCE JAN 1      1.44                      3.46  -2.02     8.82

SNOWFALL (IN)
  TODAY            0.0           1.8  1920   0.0    0.0      0.0
  MONTH TO DATE    1.7                       0.7    1.0      0.0
  SINCE MAR 1      2.7                       5.6   -2.9      0.0
  SINCE JUL 1      4.1                      20.7  -16.6      5.0
  SNOW DEPTH       0

DEGREE DAYS
 HEATING
  TODAY            0                        13    -13       11
  MONTH TO DATE  225                       160     65      132
  SINCE MAR 1    754                       800    -46      616
  SINCE JUL 1   4410                      4647   -237     3850

 COOLING
  TODAY            3                         0      3        0
  MONTH TO DATE    3                         0      3        4
  SINCE MAR 1      7                         1      6       13
  SINCE JAN 1      7                         1      6       13
..................................................................


WIND (MPH)
  HIGHEST WIND SPEED    28   HIGHEST WIND DIRECTION    SW (210)
  HIGHEST GUST SPEED    38   HIGHEST GUST DIRECTION    SW (220)
  AVERAGE WIND SPEED    15.5


SKY COVER
  POSSIBLE SUNSHINE  MM
  AVERAGE SKY COVER 0.0


WEATHER CONDITIONS
 THE FOLLOWING WEATHER WAS RECORDED TODAY.
  NO SIGNIFICANT WEATHER WAS OBSERVED.


RELATIVE HUMIDITY (PERCENT)
 HIGHEST    54           700 AM
 LOWEST      9           400 PM
 AVERAGE    32

..........................................................


THE DODGE CITY KS CLIMATE NORMALS FOR TOMORROW
                         NORMAL    RECORD    YEAR
 MAXIMUM TEMPERATURE (F)   66        90      2014
                                             1972
 MINIMUM TEMPERATURE (F)   39        14      1997


SUNRISE AND SUNSET
APRIL 11 2018.........SUNRISE   710 AM CDT   SUNSET   812 PM CDT
APRIL 12 2018.........SUNRISE   709 AM CDT   SUNSET   813 PM CDT


-  INDICATES NEGATIVE NUMBERS.
R  INDICATES RECORD WAS SET OR TIED.
MM INDICATES DATA IS MISSING.
T  INDICATES TRACE AMOUNT.




$$
