948
CDUS43 KDDC 232325
CLIDGC


CLIMATE REPORT
NATIONAL WEATHER SERVICE DODGE CITY KS
625 PM CDT MON APR 23 2018


...................................

...THE DODGE CITY KS CLIMATE SUMMARY FOR APRIL 23 2018...
VALID TODAY AS OF 0500 PM LOCAL TIME.

CLIMATE NORMAL PERIOD 1981 TO 2010
CLIMATE RECORD PERIOD 1875 TO 2018


WEATHER ITEM   OBSERVED TIME   RECORD YEAR NORMAL DEPARTURE LAST
                VALUE   (LST)  VALUE       VALUE  FROM      YEAR
                                                  NORMAL
..................................................................
TEMPERATURE (F)
 TODAY
  MAXIMUM         71    436 PM  97    1989  70      1       69
  MINIMUM         39    623 AM  24    2013  43     -4       34
                                      1887
  AVERAGE         55                        56     -1       52

PRECIPITATION (IN)
  TODAY            0.00          2.48 1905   0.07  -0.07     0.00
  MONTH TO DATE    0.64                      1.33  -0.69     4.50
  SINCE MAR 1      1.70                      2.92  -1.22     7.08
  SINCE JAN 1      1.85                      4.18  -2.33     9.65

SNOWFALL (IN)
  TODAY            0.0           T    1914   0.1   -0.1      0.0
  MONTH TO DATE    1.7                       1.1    0.6      0.0
  SINCE MAR 1      2.7                       6.0   -3.3      0.0
  SINCE JUL 1      4.1                      21.1  -17.0      5.0
  SNOW DEPTH       0

DEGREE DAYS
 HEATING
  TODAY           10                         9      1       13
  MONTH TO DATE  415                       294    121      197
  SINCE MAR 1    944                       934     10      681
  SINCE JUL 1   4600                      4781   -181     3915

 COOLING
  TODAY            0                         1     -1        0
  MONTH TO DATE    7                         8     -1       31
  SINCE MAR 1     11                         9      2       40
  SINCE JAN 1     11                         9      2       40
..................................................................


WIND (MPH)
  HIGHEST WIND SPEED    13   HIGHEST WIND DIRECTION    SE (150)
  HIGHEST GUST SPEED    17   HIGHEST GUST DIRECTION     E (110)
  AVERAGE WIND SPEED     5.9


SKY COVER
  POSSIBLE SUNSHINE  MM
  AVERAGE SKY COVER 0.3


WEATHER CONDITIONS
 THE FOLLOWING WEATHER WAS RECORDED TODAY.
  FOG
  HAZE


RELATIVE HUMIDITY (PERCENT)
 HIGHEST    85           100 AM
 LOWEST     33           300 PM
 AVERAGE    59

..........................................................


THE DODGE CITY KS CLIMATE NORMALS FOR TOMORROW
                         NORMAL    RECORD    YEAR
 MAXIMUM TEMPERATURE (F)   70        98      1989
 MINIMUM TEMPERATURE (F)   43        23      2013


SUNRISE AND SUNSET
APRIL 23 2018.........SUNRISE   654 AM CDT   SUNSET   823 PM CDT
APRIL 24 2018.........SUNRISE   653 AM CDT   SUNSET   824 PM CDT


-  INDICATES NEGATIVE NUMBERS.
R  INDICATES RECORD WAS SET OR TIED.
MM INDICATES DATA IS MISSING.
T  INDICATES TRACE AMOUNT.




$$
