000
CDUS43 KDDC 131437
CLIDGC


CLIMATE REPORT
NATIONAL WEATHER SERVICE DODGE CITY KS
937 AM CDT SUN MAY 13 2018


...................................

...THE DODGE CITY KS CLIMATE SUMMARY FOR MAY 13 2018...
VALID AS OF 0900 AM LOCAL TIME.

CLIMATE NORMAL PERIOD 1981 TO 2010
CLIMATE RECORD PERIOD 1875 TO 2018


WEATHER ITEM   OBSERVED TIME   RECORD YEAR NORMAL DEPARTURE LAST
                VALUE   (LST)  VALUE       VALUE  FROM      YEAR
                                                  NORMAL
..................................................................
TEMPERATURE (F)
 TODAY
  MAXIMUM         58   1210 AM  95    1974  76    -18       79
  MINIMUM         53    715 AM  32    1966  51      2       44
                                      1953
  AVERAGE         56                        63     -7       62

PRECIPITATION (IN)
  TODAY            0.00          1.34 1965   0.09  -0.09     0.00
  MONTH TO DATE    0.18                      1.05  -0.87     1.47
  SINCE MAR 1      2.21                      4.46  -2.25    11.71
  SINCE JAN 1      2.36                      5.72  -3.36    14.28

SNOWFALL (IN)
  TODAY            0.0           T    1953   0.0    0.0      0.0
                                      1950
  MONTH TO DATE    0.0                       0.0    0.0      0.0
  SINCE MAR 1      2.2                       6.0   -3.8      2.5
  SINCE JUL 1      3.6                      21.1  -17.5      7.5
  SNOW DEPTH       0

..................................................................


WIND (MPH)
  HIGHEST WIND SPEED    15   HIGHEST WIND DIRECTION     N (10)
  HIGHEST GUST SPEED    18   HIGHEST GUST DIRECTION    NE (50)
  AVERAGE WIND SPEED    12.5



WEATHER CONDITIONS
 THE FOLLOWING WEATHER WAS RECORDED TODAY.
  FOG
  FOG W/VISIBILITY <= 1/4 MILE
  HAZE


RELATIVE HUMIDITY (PERCENT)
 HIGHEST    93           200 AM
 LOWEST     80          1200 AM

..........................................................


THE DODGE CITY KS CLIMATE NORMALS FOR TOMORROW
                         NORMAL    RECORD    YEAR
 MAXIMUM TEMPERATURE (F)   76        97      1941
                                             1899
 MINIMUM TEMPERATURE (F)   51        32      2004
                                             1953


SUNRISE AND SUNSET
MAY 13 2018...........SUNRISE   632 AM CDT   SUNSET   841 PM CDT
MAY 14 2018...........SUNRISE   631 AM CDT   SUNSET   842 PM CDT


-  INDICATES NEGATIVE NUMBERS.
R  INDICATES RECORD WAS SET OR TIED.
MM INDICATES DATA IS MISSING.
T  INDICATES TRACE AMOUNT.




$$
