000
CDUS43 KDDC 090739
CLIDGC


CLIMATE REPORT
NATIONAL WEATHER SERVICE DODGE CITY KS
223 AM CDT WED MAY 9 2018


...................................

...THE DODGE CITY KS CLIMATE SUMMARY FOR MAY 8 2018...

CLIMATE NORMAL PERIOD 1981 TO 2010
CLIMATE RECORD PERIOD 1875 TO 2018


WEATHER ITEM   OBSERVED TIME   RECORD YEAR NORMAL DEPARTURE LAST
                VALUE   (LST)  VALUE       VALUE  FROM      YEAR
                                                  NORMAL
..................................................................
TEMPERATURE (F)
 YESTERDAY
  MAXIMUM         90        MM 100    2011  75     15       82
  MINIMUM         61        MM  32    2010  49     12       50
  AVERAGE         76                        62     14       66

PRECIPITATION (IN)
  YESTERDAY        0.00          1.34 1959   0.07  -0.07     0.00
  MONTH TO DATE    0.18                      0.62  -0.44     0.57
  SINCE MAR 1      2.21                      4.03  -1.82    10.81
  SINCE JAN 1      2.36                      5.29  -2.93    13.38

SNOWFALL (IN)
  YESTERDAY        0.0           T    2006   0.0    0.0      0.0
                                      1950
  MONTH TO DATE    0.0                       0.0    0.0      0.0
  SINCE MAR 1      2.2                       6.0   -3.8      2.5
  SINCE JUL 1      3.6                      21.1  -17.5      7.5
  SNOW DEPTH       0

DEGREE DAYS
 HEATING
  YESTERDAY        0                         5     -5        0
  MONTH TO DATE    7                        48    -41       56
  SINCE MAR 1   1014                      1040    -26      850
  SINCE JUL 1   4670                      4887   -217     4084

 COOLING
  YESTERDAY       11                         2      9        1
  MONTH TO DATE   45                        12     33        9
  SINCE MAR 1     66                        31     35       50
  SINCE JAN 1     66                        31     35       50
..................................................................


WIND (MPH)
  HIGHEST WIND SPEED    20   HIGHEST WIND DIRECTION     N (10)
  HIGHEST GUST SPEED    22   HIGHEST GUST DIRECTION    NW (330)
  AVERAGE WIND SPEED    11.1


SKY COVER
  POSSIBLE SUNSHINE  MM
  AVERAGE SKY COVER 0.0


WEATHER CONDITIONS
 THE FOLLOWING WEATHER WAS RECORDED YESTERDAY.
  HAZE


RELATIVE HUMIDITY (PERCENT)
 HIGHEST    56           700 AM
 LOWEST     24           100 PM
 AVERAGE    40

..........................................................


THE DODGE CITY KS CLIMATE NORMALS FOR TODAY
                         NORMAL    RECORD    YEAR
 MAXIMUM TEMPERATURE (F)   75        97      2011
                                             1963
 MINIMUM TEMPERATURE (F)   49        34      1997


SUNRISE AND SUNSET
MAY  9 2018...........SUNRISE   636 AM CDT   SUNSET   838 PM CDT
MAY 10 2018...........SUNRISE   635 AM CDT   SUNSET   839 PM CDT


-  INDICATES NEGATIVE NUMBERS.
R  INDICATES RECORD WAS SET OR TIED.
MM INDICATES DATA IS MISSING.
T  INDICATES TRACE AMOUNT.




$$
