000
CDUS43 KDDC 161522
CLIDGC


CLIMATE REPORT
NATIONAL WEATHER SERVICE
312 PM UTC MON APR 16 2018


...................................

...THE DODGE CITY KS CLIMATE SUMMARY FOR APRIL 15 2018...

CLIMATE NORMAL PERIOD 1981 TO 2010
CLIMATE RECORD PERIOD 1875 TO 2018


WEATHER ITEM   OBSERVED TIME   RECORD YEAR NORMAL DEPARTURE LAST
                VALUE   (LST)  VALUE       VALUE  FROM      YEAR
                                                  NORMAL
..................................................................
TEMPERATURE (F)
 YESTERDAY
  MAXIMUM         58    513 PM  97    2002  67     -9       84
  MINIMUM         19R   154 AM  19    2018  40    -21       58
  AVERAGE         39                        54    -15       71

PRECIPITATION (IN)
  YESTERDAY        0.00          1.25 1976   0.06  -0.06     0.08
  MONTH TO DATE    0.23                      0.84  -0.61     3.75
  SINCE MAR 1      1.29                      2.43  -1.14     6.33
  SINCE JAN 1      1.44                      3.69  -2.25     8.90

SNOWFALL (IN)
  YESTERDAY        0.0           2.3  1945   0.0    0.0      0.0
  MONTH TO DATE    1.7                       0.9    0.8      0.0
  SINCE MAR 1      2.7                       5.8   -3.1      0.0
  SINCE JUL 1      4.1                      20.9  -16.8      5.0
  SNOW DEPTH       0

DEGREE DAYS
 HEATING
  YESTERDAY       26                        12     14        0
  MONTH TO DATE  299                       210     89      135
  SINCE MAR 1    828                       850    -22      619
  SINCE JUL 1   4484                      4697   -213     3853

 COOLING
  YESTERDAY        0                         0      0        6
  MONTH TO DATE    7                         0      7       15
  SINCE MAR 1     11                         1     10       24
  SINCE JAN 1     11                         1     10       24
..................................................................


WIND (MPH)
  HIGHEST WIND SPEED    26   HIGHEST WIND DIRECTION     N (350)
  HIGHEST GUST SPEED    38   HIGHEST GUST DIRECTION     N (10)
  AVERAGE WIND SPEED    15.3


SKY COVER
  POSSIBLE SUNSHINE  MM
  AVERAGE SKY COVER 0.0


WEATHER CONDITIONS
 THE FOLLOWING WEATHER WAS RECORDED YESTERDAY.
  NO SIGNIFICANT WEATHER WAS OBSERVED.


RELATIVE HUMIDITY (PERCENT)
 HIGHEST    73           100 AM
 LOWEST     16          1200 PM
 AVERAGE    45

..........................................................


THE DODGE CITY KS CLIMATE NORMALS FOR TODAY
                         NORMAL    RECORD    YEAR
 MAXIMUM TEMPERATURE (F)   68        91      1964
                                             1937
 MINIMUM TEMPERATURE (F)   40        24      1907


SUNRISE AND SUNSET
APRIL 16 2018.........SUNRISE   703 AM CDT   SUNSET   817 PM CDT
APRIL 17 2018.........SUNRISE   702 AM CDT   SUNSET   817 PM CDT


-  INDICATES NEGATIVE NUMBERS.
R  INDICATES RECORD WAS SET OR TIED.
MM INDICATES DATA IS MISSING.
T  INDICATES TRACE AMOUNT.




$$
