507
CDUS43 KDDC 150714
CLIDGC


CLIMATE REPORT
NATIONAL WEATHER SERVICE
712 AM UTC SUN APR 15 2018


...................................

...THE DODGE CITY KS CLIMATE SUMMARY FOR APRIL 14 2018...

CLIMATE NORMAL PERIOD 1981 TO 2010
CLIMATE RECORD PERIOD 1875 TO 2018


WEATHER ITEM   OBSERVED TIME   RECORD YEAR NORMAL DEPARTURE LAST
                VALUE   (LST)  VALUE       VALUE  FROM      YEAR
                                                  NORMAL
..................................................................
TEMPERATURE (F)
 YESTERDAY
  MAXIMUM         40    506 PM  91    2003  67    -27       84
                                      2002
  MINIMUM         23   1138 PM  20    1928  40    -17       56
  AVERAGE         32                        53    -21       70

PRECIPITATION (IN)
  YESTERDAY        T             1.29 1999   0.05  -0.05     0.00
  MONTH TO DATE    0.23                      0.78  -0.55     3.67
  SINCE MAR 1      1.29                      2.37  -1.08     6.25
  SINCE JAN 1      1.44                      3.63  -2.19     8.82

SNOWFALL (IN)
  YESTERDAY        T             1.4  2014   0.1   -0.1      0.0
  MONTH TO DATE    1.7                       0.9    0.8      0.0
  SINCE MAR 1      2.7                       5.8   -3.1      0.0
  SINCE JUL 1      4.1                      20.9  -16.8      5.0
  SNOW DEPTH       0

DEGREE DAYS
 HEATING
  YESTERDAY       33                        12     21        0
  MONTH TO DATE  273                       198     75      135
  SINCE MAR 1    802                       838    -36      619
  SINCE JUL 1   4458                      4685   -227     3853

 COOLING
  YESTERDAY        0                         0      0        5
  MONTH TO DATE    7                         0      7        9
  SINCE MAR 1     11                         1     10       18
  SINCE JAN 1     11                         1     10       18
..................................................................


WIND (MPH)
  HIGHEST WIND SPEED    44   HIGHEST WIND DIRECTION    NW (320)
  HIGHEST GUST SPEED    61   HIGHEST GUST DIRECTION     N (350)
  AVERAGE WIND SPEED    27.9


SKY COVER
  POSSIBLE SUNSHINE  MM
  AVERAGE SKY COVER 0.7


WEATHER CONDITIONS
 THE FOLLOWING WEATHER WAS RECORDED YESTERDAY.
  LIGHT SNOW
  HAZE


RELATIVE HUMIDITY (PERCENT)
 HIGHEST    75           300 AM
 LOWEST     44           100 PM
 AVERAGE    60

..........................................................


THE DODGE CITY KS CLIMATE NORMALS FOR TODAY
                         NORMAL    RECORD    YEAR
 MAXIMUM TEMPERATURE (F)   67        97      2002
 MINIMUM TEMPERATURE (F)   40        21      1905


SUNRISE AND SUNSET
APRIL 15 2018.........SUNRISE   705 AM CDT   SUNSET   816 PM CDT
APRIL 16 2018.........SUNRISE   703 AM CDT   SUNSET   817 PM CDT


-  INDICATES NEGATIVE NUMBERS.
R  INDICATES RECORD WAS SET OR TIED.
MM INDICATES DATA IS MISSING.
T  INDICATES TRACE AMOUNT.




$$
