000
CDUS43 KDDC 101445
CLIDGC


CLIMATE REPORT
NATIONAL WEATHER SERVICE DODGE CITY KS
945 AM CDT THU MAY 10 2018


...................................

...THE DODGE CITY KS CLIMATE SUMMARY FOR MAY 10 2018...
VALID AS OF 0900 AM LOCAL TIME.

CLIMATE NORMAL PERIOD 1981 TO 2010
CLIMATE RECORD PERIOD 1875 TO 2018


WEATHER ITEM   OBSERVED TIME   RECORD YEAR NORMAL DEPARTURE LAST
                VALUE   (LST)  VALUE       VALUE  FROM      YEAR
                                                  NORMAL
..................................................................
TEMPERATURE (F)
 TODAY
  MAXIMUM         70    759 AM  98    1879  75     -5       74
  MINIMUM         61    319 AM  31    1981  50     11       55
                                      1924
  AVERAGE         66                        62      4       65

PRECIPITATION (IN)
  TODAY            T             1.03 1972   0.09  -0.09     0.39
  MONTH TO DATE    0.18                      0.79  -0.61     0.96
  SINCE MAR 1      2.21                      4.20  -1.99    11.20
  SINCE JAN 1      2.36                      5.46  -3.10    13.77

SNOWFALL (IN)
  TODAY            0.0           T    1992   0.0    0.0      0.0
  MONTH TO DATE    0.0                       0.0    0.0      0.0
  SINCE MAR 1      2.2                       6.0   -3.8      2.5
  SINCE JUL 1      3.6                      21.1  -17.5      7.5
  SNOW DEPTH       0

..................................................................


WIND (MPH)
  HIGHEST WIND SPEED    24   HIGHEST WIND DIRECTION     E (100)
  HIGHEST GUST SPEED    32   HIGHEST GUST DIRECTION     E (110)
  AVERAGE WIND SPEED    15.2



WEATHER CONDITIONS
 THE FOLLOWING WEATHER WAS RECORDED TODAY.
  LIGHT RAIN


RELATIVE HUMIDITY (PERCENT)
 HIGHEST    72           300 AM
 LOWEST     63           200 AM

..........................................................


THE DODGE CITY KS CLIMATE NORMALS FOR TOMORROW
                         NORMAL    RECORD    YEAR
 MAXIMUM TEMPERATURE (F)   76        99      1963
 MINIMUM TEMPERATURE (F)   50        28      1946


SUNRISE AND SUNSET
MAY 10 2018...........SUNRISE   635 AM CDT   SUNSET   839 PM CDT
MAY 11 2018...........SUNRISE   634 AM CDT   SUNSET   839 PM CDT


-  INDICATES NEGATIVE NUMBERS.
R  INDICATES RECORD WAS SET OR TIED.
MM INDICATES DATA IS MISSING.
T  INDICATES TRACE AMOUNT.




$$
