000
CDUS43 KDDC 190720
CLIDGC


CLIMATE REPORT
NATIONAL WEATHER SERVICE DODGE CITY KS
218 AM CDT SAT MAY 19 2018


...................................

...THE DODGE CITY KS CLIMATE SUMMARY FOR MAY 18 2018...

CLIMATE NORMAL PERIOD 1981 TO 2010
CLIMATE RECORD PERIOD 1875 TO 2018


WEATHER ITEM   OBSERVED TIME   RECORD YEAR NORMAL DEPARTURE LAST
                VALUE   (LST)  VALUE       VALUE  FROM      YEAR
                                                  NORMAL
..................................................................
TEMPERATURE (F)
 YESTERDAY
  MAXIMUM         91    347 PM 102    2013  78     13       81
                                      1996
  MINIMUM         60   1159 PM  35    1986  52      8       52
  AVERAGE         76                        65     11       67

PRECIPITATION (IN)
  YESTERDAY        0.04          2.44 1915   0.09  -0.05     1.29
  MONTH TO DATE    0.38                      1.51  -1.13     3.44
  SINCE MAR 1      2.41                      4.92  -2.51    13.68
  SINCE JAN 1      2.56                      6.18  -3.62    16.25

SNOWFALL (IN)
  YESTERDAY        0.0           0.0  2002   0.0    0.0      0.0
                                      2001
  MONTH TO DATE    0.0                       0.0    0.0      0.0
  SINCE MAR 1      2.2                       6.0   -3.8      2.5
  SINCE JUL 1      3.6                      21.1  -17.5      7.5
  SNOW DEPTH       0

DEGREE DAYS
 HEATING
  YESTERDAY        0                         3     -3        0
  MONTH TO DATE    7                        87    -80       79
  SINCE MAR 1   1014                      1079    -65      873
  SINCE JUL 1   4670                      4926   -256     4107

 COOLING
  YESTERDAY       11                         3      8        2
  MONTH TO DATE  120                        36     84       41
  SINCE MAR 1    141                        55     86       82
  SINCE JAN 1    141                        55     86       82
..................................................................


WIND (MPH)
  HIGHEST WIND SPEED    43   HIGHEST WIND DIRECTION     S (170)
  HIGHEST GUST SPEED    64   HIGHEST GUST DIRECTION     S (170)
  AVERAGE WIND SPEED    17.1


SKY COVER
  POSSIBLE SUNSHINE  MM
  AVERAGE SKY COVER 0.2


WEATHER CONDITIONS
 THE FOLLOWING WEATHER WAS RECORDED YESTERDAY.
  THUNDERSTORM
  LIGHT RAIN
  FOG
  HAZE


RELATIVE HUMIDITY (PERCENT)
 HIGHEST    84           500 AM
 LOWEST     34           300 PM
 AVERAGE    59

..........................................................


THE DODGE CITY KS CLIMATE NORMALS FOR TODAY
                         NORMAL    RECORD    YEAR
 MAXIMUM TEMPERATURE (F)   78        98      2014
                                             2006
                                             1933
 MINIMUM TEMPERATURE (F)   53        36      1930


SUNRISE AND SUNSET
MAY 19 2018...........SUNRISE   627 AM CDT   SUNSET   846 PM CDT
MAY 20 2018...........SUNRISE   626 AM CDT   SUNSET   847 PM CDT


-  INDICATES NEGATIVE NUMBERS.
R  INDICATES RECORD WAS SET OR TIED.
MM INDICATES DATA IS MISSING.
T  INDICATES TRACE AMOUNT.




$$
