818
CDUS43 KDDC 220707
CLIDGC


CLIMATE REPORT
NATIONAL WEATHER SERVICE DODGE CITY KS
207 AM CDT TUE MAY 22 2018


...................................

...THE DODGE CITY KS CLIMATE SUMMARY FOR MAY 21 2018...

CLIMATE NORMAL PERIOD 1981 TO 2010
CLIMATE RECORD PERIOD 1875 TO 2018


WEATHER ITEM   OBSERVED TIME   RECORD YEAR NORMAL DEPARTURE LAST
                VALUE   (LST)  VALUE       VALUE  FROM      YEAR
                                                  NORMAL
..................................................................
TEMPERATURE (F)
 YESTERDAY
  MAXIMUM         83    512 PM 100    1925  78      5       69
  MINIMUM         48    353 AM  33    1931  53     -5       39
  AVERAGE         66                        66      0       54

PRECIPITATION (IN)
  YESTERDAY        0.00          2.53 1951   0.10  -0.10     0.02
  MONTH TO DATE    1.03                      1.81  -0.78     4.42
  SINCE MAR 1      3.06                      5.22  -2.16    14.66
  SINCE JAN 1      3.21                      6.48  -3.27    17.23

SNOWFALL (IN)
  YESTERDAY        0.0           T    1931   0.0    0.0      0.0
  MONTH TO DATE    0.0                       0.0    0.0      0.0
  SINCE MAR 1      2.2                       6.0   -3.8      2.5
  SINCE JUL 1      3.6                      21.1  -17.5      7.5
  SNOW DEPTH       0

DEGREE DAYS
 HEATING
  YESTERDAY        0                         3     -3       11
  MONTH TO DATE   13                        96    -83      115
  SINCE MAR 1   1020                      1088    -68      909
  SINCE JUL 1   4676                      4935   -259     4143

 COOLING
  YESTERDAY        1                         3     -2        0
  MONTH TO DATE  121                        45     76       41
  SINCE MAR 1    142                        64     78       82
  SINCE JAN 1    142                        64     78       82
..................................................................


WIND (MPH)
  HIGHEST WIND SPEED    24   HIGHEST WIND DIRECTION     S (180)
  HIGHEST GUST SPEED    36   HIGHEST GUST DIRECTION     S (170)
  AVERAGE WIND SPEED    13.2


SKY COVER
  POSSIBLE SUNSHINE  MM
  AVERAGE SKY COVER 0.3


WEATHER CONDITIONS
 THE FOLLOWING WEATHER WAS RECORDED YESTERDAY.
  FOG
  FOG W/VISIBILITY <= 1/4 MILE
  HAZE


RELATIVE HUMIDITY (PERCENT)
 HIGHEST   100           500 AM
 LOWEST     43           300 PM
 AVERAGE    72

..........................................................


THE DODGE CITY KS CLIMATE NORMALS FOR TODAY
                         NORMAL    RECORD    YEAR
 MAXIMUM TEMPERATURE (F)   79        99      1956
 MINIMUM TEMPERATURE (F)   54        31      1931


SUNRISE AND SUNSET
MAY 22 2018...........SUNRISE   625 AM CDT   SUNSET   849 PM CDT
MAY 23 2018...........SUNRISE   624 AM CDT   SUNSET   850 PM CDT


-  INDICATES NEGATIVE NUMBERS.
R  INDICATES RECORD WAS SET OR TIED.
MM INDICATES DATA IS MISSING.
T  INDICATES TRACE AMOUNT.




$$
