117
CXUS53 KDDC 011537
CLMDGC


CLIMATE REPORT
NATIONAL WEATHER SERVICE DODGE CITY KS
1016 AM CDT TUE MAY 1 2018

...................................

...THE DODGE CITY KS CLIMATE SUMMARY FOR THE MONTH OF APRIL 2018...

CLIMATE NORMAL PERIOD 1981 TO 2010
CLIMATE RECORD PERIOD 1875 TO 2018

WEATHER         OBSERVED          NORMAL  DEPART  LAST YEAR`S
                 VALUE   DATE(S)  VALUE   FROM    VALUE  DATE(S)
                                          NORMAL
................................................................
TEMPERATURE (F)
RECORD
 HIGH             100   04/22/1989
 LOW                9   04/02/1936
HIGHEST            96   04/12        68      28       88  04/19
LOWEST             16   04/07        41     -25       32  04/30
                        04/06
AVG. MAXIMUM     66.0              67.5    -1.5     67.1
AVG. MINIMUM     32.8              40.2    -7.4     43.8
MEAN             49.4              53.9    -4.5     55.4
DAYS MAX >= 90      2               0.7     1.3        0
DAYS MAX <= 32      0               0.0     0.0        0
DAYS MIN <= 32     13               5.1     7.9        1
DAYS MIN <= 0       0               0.0     0.0        0

PRECIPITATION (INCHES)
RECORD
 MAXIMUM         8.08   2016
 MINIMUM         0.02   1909
TOTALS           0.97              1.82   -0.85     7.66
DAYS >= .01         8               7.1     0.9        9
DAYS >= .10         3               4.0    -1.0        7
DAYS >= .50         0               1.1    -1.1        5
DAYS >= 1.00        0               0.4    -0.4        3
GREATEST
 24 HR. TOTAL    0.39   04/20 TO 04/21           04/01 TO 04/01

SNOWFALL (INCHES)
RECORDS
 TOTAL           14.3   1938
 24 HR TOTAL     10.6   04/07/1938
 SNOW DEPTH         6   04/14/2007
                        04/05/1983
                        04/04/1983
TOTALS            1.2               1.1     0.1      2.5
SINCE 7/1         3.6              21.1   -17.5      7.5
SNOWDEPTH AVG.      0                MM      MM        0
DAYS >= 1.0         1               0.3     0.7        1
GREATEST
 SNOW DEPTH         1   04/07                          0  MM
 24 HR TOTAL      1.2   04/06 TO 04/07           04/30 TO 04/30

DEGREE_DAYS
HEATING TOTAL     478               352     126      310
 SINCE 7/1       4663              4839    -176     4028
COOLING TOTAL      17                18      -1       32
 SINCE 1/1         21                19       2       41
.................................................................

WIND (MPH)
AVERAGE WIND SPEED              15.2
RESULTANT WIND SPEED/DIRECTION   1/119
HIGHEST WIND SPEED/DIRECTION    48/310    DATE  04/17
HIGHEST GUST SPEED/DIRECTION    66/310    DATE  04/17

SKY COVER
POSSIBLE SUNSHINE (PERCENT)   MM
AVERAGE SKY COVER           0.30
NUMBER OF DAYS FAIR           18
NUMBER OF DAYS PC             10
NUMBER OF DAYS CLOUDY          2


-  INDICATES NEGATIVE NUMBERS.
R  INDICATES RECORD WAS SET OR TIED.
MM INDICATES DATA IS MISSING.
T  INDICATES TRACE AMOUNT.

$$
