000
CXUS53 KDDC 011822
CLMDGC


CLIMATE REPORT
NATIONAL WEATHER SERVICE DODGE CITY KS
1214 PM CST THU FEB 1 2018

...................................

...THE DODGE CITY KS CLIMATE SUMMARY FOR THE MONTH OF JANUARY 2018...

CLIMATE NORMAL PERIOD 1981 TO 2010
CLIMATE RECORD PERIOD 1875 TO 2018

WEATHER         OBSERVED          NORMAL  DEPART  LAST YEAR`S
                 VALUE   DATE(S)  VALUE   FROM    VALUE  DATE(S)
                                          NORMAL
................................................................
TEMPERATURE (F)
RECORD
 HIGH              80   01/27/2015
                        01/31/1989
                        59/03/2445
 LOW              -20   01/19/1883
HIGHEST            74   01/10        42      32       72  01/30
LOWEST             -9   01/01        18     -27        0  01/07
AVG. MAXIMUM     50.2              44.2     6.0     45.0
AVG. MINIMUM     17.0              20.1    -3.1     21.8
MEAN             33.6              32.2     1.4     33.4
DAYS MAX >= 90      0               0.0     0.0        0
DAYS MAX <= 32      5               6.5    -1.5        8
DAYS MIN <= 32     29              28.5     0.5       30
DAYS MIN <= 0       4               0.7     3.3        1

PRECIPITATION (INCHES)
RECORD
 MAXIMUM         2.56   2017
 MINIMUM         0.00   1986
TOTALS           0.09              0.58   -0.49     2.56
DAYS >= .01         1               3.5    -2.5        5
DAYS >= .10         0               1.5    -1.5        4
DAYS >= .50         0               0.3    -0.3        2
DAYS >= 1.00        0               0.0     0.0        1
GREATEST
 24 HR. TOTAL    0.09   01/11 TO 01/11           01/15 TO 01/16
                                                          01/05 TO 01/05
                                                          01/05 TO 01/05

SNOWFALL (INCHES)
RECORDS
 TOTAL           19.7   1898
 24 HR TOTAL     11.3   01/19/1990
 SNOW DEPTH        12   01/07/1988
TOTALS            1.2               4.9    -3.7      2.7
SINCE 7/1         1.2              11.2   -10.0      5.0
SNOWDEPTH AVG.      0                 2      -2        0
DAYS >= 1.0         1               1.3    -0.3        1
GREATEST
 SNOW DEPTH         1   01/12                          2  01/07
                        01/11                             01/06
 24 HR TOTAL      1.2   01/11 TO 01/11           01/05 TO 01/05
                                                          01/05 TO 01/05
                                                          01/05 TO 01/05

DEGREE_DAYS
HEATING TOTAL     965              1018     -53      973
 SINCE 7/1       2799              3032    -233     2646
COOLING TOTAL       0                 0       0        0
 SINCE 1/1          0                 0       0        0
......................................................

WIND (MPH)
AVERAGE WIND SPEED              12.4
RESULTANT WIND SPEED/DIRECTION   3/240
HIGHEST WIND SPEED/DIRECTION    46/360    DATE  01/11
HIGHEST GUST SPEED/DIRECTION    64/350    DATE  01/11

SKY COVER
POSSIBLE SUNSHINE (PERCENT)   MM
AVERAGE SKY COVER           0.10
NUMBER OF DAYS FAIR           24
NUMBER OF DAYS PC              7
NUMBER OF DAYS CLOUDY          0


WEATHER CONDITIONS. NUMBER OF DAYS WITH
THUNDERSTORM              0     MIXED PRECIP               0
HEAVY RAIN                0     RAIN                       0
LIGHT RAIN                0     FREEZING RAIN              0
LT FREEZING RAIN          0     HAIL                       0
HEAVY SNOW                1     SNOW                       1
LIGHT SNOW                2     SLEET                      0
FOG                       2     FOG W/VIS <= 1/4 MILE      2
HAZE                      6

-  INDICATES NEGATIVE NUMBERS.
R  INDICATES RECORD WAS SET OR TIED.
MM INDICATES DATA IS MISSING.
T  INDICATES TRACE AMOUNT.

$$
