000
CXUS53 KDDC 051500
CLMDGC


CLIMATE REPORT
NATIONAL WEATHER SERVICE DODGE CITY KS
856 AM CST MON MAR 5 2018

...................................

...THE DODGE CITY KS CLIMATE SUMMARY FOR THE MONTH OF FEBRUARY 2018...

CLIMATE NORMAL PERIOD 1981 TO 2010
CLIMATE RECORD PERIOD 1875 TO 2018

WEATHER         OBSERVED          NORMAL  DEPART  LAST YEAR`S
                 VALUE   DATE(S)  VALUE   FROM    VALUE  DATE(S)
                                          NORMAL
................................................................
TEMPERATURE (F)
RECORD
 HIGH              88   02/18/2016
 LOW              -26   02/12/1899
HIGHEST            77   02/18        47      30       87  02/10
LOWEST              4   02/21        23     -19        9  02/25
AVG. MAXIMUM     49.1              48.4     0.7     60.3
AVG. MINIMUM     19.1              23.4    -4.3     27.1
MEAN             34.1              35.9    -1.8     43.7
DAYS MAX >= 90      0               0.0     0.0        0
DAYS MAX <= 32      6               4.0     2.0        1
DAYS MIN <= 32     24              22.7     1.3       19
DAYS MIN <= 0       0               0.8    -0.8        0

PRECIPITATION (INCHES)
RECORD
 MAXIMUM         2.94   1911
 MINIMUM         0.00   1991
                        1896
                        1880
TOTALS           0.06              0.68   -0.62     0.01
DAYS >= .01         3               4.8    -1.8        1
DAYS >= .10         0               2.1    -2.1        0
DAYS >= .50         0               0.2    -0.2        0
DAYS >= 1.00        0               0.0     0.0        0
GREATEST
 24 HR. TOTAL    0.04   02/03 TO 02/03           02/14 TO 02/14
                                                          02/13 TO 02/14
                                                          02/14 TO 02/14

SNOWFALL (INCHES)
RECORDS
 TOTAL           27.7   1903
 24 HR TOTAL     15.0   02/05/1912
 SNOW DEPTH        13   02/18/1993
TOTALS            0.2               3.9    -3.7        T
SINCE 7/1         1.4              15.1   -13.7      5.0
SNOWDEPTH AVG.      0                MM      MM        0
DAYS >= 1.0         0               1.1    -1.1        0
GREATEST
 SNOW DEPTH         T   02/11                          0  MM
 24 HR TOTAL      0.2   02/10 TO 02/11           02/27 TO 02/27
                                                          02/14 TO 02/14
                                                          02/14 TO 02/14

DEGREE_DAYS
HEATING TOTAL     857               815      42      588
 SINCE 7/1       3656              3847    -191     3234
COOLING TOTAL       0                 0       0        0
 SINCE 1/1          0                 0       0        0
.....................................................

WIND (MPH)
AVERAGE WIND SPEED              13.6
RESULTANT WIND SPEED/DIRECTION   1/153
HIGHEST WIND SPEED/DIRECTION    43/200    DATE  02/18
HIGHEST GUST SPEED/DIRECTION    59/200    DATE  02/18

SKY COVER
POSSIBLE SUNSHINE (PERCENT)   MM
AVERAGE SKY COVER           0.30
NUMBER OF DAYS FAIR           16
NUMBER OF DAYS PC              8
NUMBER OF DAYS CLOUDY          4


WEATHER CONDITIONS. NUMBER OF DAYS WITH
THUNDERSTORM              0     MIXED PRECIP               0
HEAVY RAIN                0     RAIN                       0
LIGHT RAIN                0     FREEZING RAIN              0
LT FREEZING RAIN          1     HAIL                       0
HEAVY SNOW                0     SNOW                       0
LIGHT SNOW                5     SLEET                      0
FOG                       8     FOG W/VIS <= 1/4 MILE      3
HAZE                     11

-  INDICATES NEGATIVE NUMBERS.
R  INDICATES RECORD WAS SET OR TIED.
MM INDICATES DATA IS MISSING.
T  INDICATES TRACE AMOUNT.

$$
