000
CXUS54 KAMA 010710
CF6DHT
PRELIMINARY LOCAL CLIMATOLOGICAL DATA (WS FORM: F-6)
STATION: DALHART
MONTH: MAY
YEAR: 2021
LATITUDE: 36 1 N
LONGITUDE: 102 33 W
TEMPERATURE IN F: :PCPN: SNOW: WIND :SUNSHINE: SKY :PK WND
================================================================================
1 2 3 4 5 6A 6B 7 8 9 10 11 12 13 14 15 16 17 18
12Z AVG MX 2MIN
DY MAX MIN AVG DEP HDD CDD WTR SNW DPTH SPD SPD DIR MIN PSBL S-S WX SPD DR
================================================================================
1 83 38 61 2 4 0 0.00 0.0 0 12.1 24 190 M M 0 32 200
2 93 51 72 12 0 7 0.00 0.0 0 16.1 41 10 M M 0 8 52 360
3 59 45 52 -8 13 0 0.38 0.0 0 22.4 37 10 M M 9 138 45 20
4 63 45 54 -6 11 0 0.00 0.0 0 10.2 18 10 M M 4 23 10
5 78 42 60 -1 5 0 0.00 0.0 0 12.2 35 30 M M 1 43 30
6 79 47 63 2 2 0 0.00 0.0 0 9.3 21 180 M M 3 26 160
7 90 53 72 11 0 7 0.01 0.0 0 16.1 51 270 M M 0 38 65 270
8 90 50 70 8 0 5 0.00 0.0 0 18.1 41 10 M M 0 51 210
9 69 48 59 -3 6 0 0.08 0.0 0 16.3 29 10 M M 4 33 10
10 53 42 48 -14 17 0 0.10 0.0 0 13.0 23 70 M M 10 1 28 70
11 47 41 44 -19 21 0 0.02 0.0 0 13.9 21 80 M M 10 1 25 80
12 57 43 50 -13 15 0 0.00 0.0 0 6.2 12 50 M M 9 1 15 200
13 74 42 58 -6 7 0 0.00 0.0 0 17.2 29 200 M M 6 35 210
14 86 50 68 4 0 3 0.00 0.0 0 17.4 36 130 M M 0 3 46 120
15 84 54 69 5 0 4 0.30 0.0 0 13.5 30 320 M M 2 13 41 330
16 83 54 69 4 0 4 0.45 0.0 0 11.4 32 330 M M 3 3 41 330
17 73 52 63 -2 2 0 0.19 0.0 0 12.6 39 230 M M 5 13 50 220
18 61 49 55 -11 10 0 0.05 0.0 0 6.2 18 160 M M 5 13 21 160
19 69 44 57 -9 8 0 0.00 0.0 0 5.9 20 150 M M 1 23 160
20 83 48 66 -1 0 1 0.00 0.0 0 16.9 32 160 M M 4 12 39 160
21 87 59 73 6 0 8 0.01 0.0 0 21.4 38 160 M M 1 3 47 170
22 77 63 70 3 0 5 0.02 0.0 0 18.4 31 140 M M 4 138 36 140
23 82 62 72 4 0 7 T 0.0 0 21.4 32 150 M M 6 13 40 160
24 87 64 76 8 0 11 0.00 0.0 0 17.6 30 140 M M 4 8 34 140
25 85 55 70 2 0 5 0.00 0.0 0 9.9 23 190 M M 0 28 200
26 92 58 75 6 0 10 0.00 0.0 0 14.3 31 180 M M 0 41 170
27 85 60 73 4 0 8 0.00 0.0 0 13.1 22 360 M M 2 34 40
28 78 53 66 -4 0 1 0.00 0.0 0 10.4 18 210 M M 4 24 240
29 82 49 66 -4 0 1 0.05 0.0 0 16.2 32 140 M M 2 123 40 140
30 76 55 66 -4 0 1 0.33 0.0 0 16.0 37 80 M M 8 13 45 90
31 63 55 59 -12 6 0 0.20 0.0 0 11.3 23 30 M M 9 1 28 30
================================================================================
SM 2368 1571 127 88 2.19 0.0 437.0 M 116
================================================================================
AV 76.4 50.7 14.1 FASTST M M 4 MAX(MPH)
MISC ----> 51 270 65 270
================================================================================
NOTES:
# LAST OF SEVERAL OCCURRENCES
COLUMN 17 PEAK WIND IN M.P.H.
PRELIMINARY LOCAL CLIMATOLOGICAL DATA (WS FORM: F-6) , PAGE 2
STATION: DALHART
MONTH: MAY
YEAR: 2021
LATITUDE: 36 1 N
LONGITUDE: 102 33 W
[TEMPERATURE DATA] [PRECIPITATION DATA] SYMBOLS USED IN COLUMN 16
AVERAGE MONTHLY: 63.5 TOTAL FOR MONTH: 2.19 1 = FOG OR MIST
DPTR FM NORMAL: -1.4 DPTR FM NORMAL: 0.50 2 = FOG REDUCING VISIBILITY
HIGHEST: 93 ON 2 GRTST 24HR 0.48 ON 16-17 TO 1/4 MILE OR LESS
LOWEST: 38 ON 1 3 = THUNDER
SNOW, ICE PELLETS, HAIL 4 = ICE PELLETS
TOTAL MONTH: 0.0 INCH 5 = HAIL
GRTST 24HR 0.0 6 = FREEZING RAIN OR DRIZZLE
GRTST DEPTH: 0 7 = DUSTSTORM OR SANDSTORM:
VSBY 1/2 MILE OR LESS
8 = SMOKE OR HAZE
[NO. OF DAYS WITH] [WEATHER - DAYS WITH] 9 = BLOWING SNOW
X = TORNADO
MAX 32 OR BELOW: 0 0.01 INCH OR MORE: 14
MAX 90 OR ABOVE: 4 0.10 INCH OR MORE: 7
MIN 32 OR BELOW: 0 0.50 INCH OR MORE: 0
MIN 0 OR BELOW: 0 1.00 INCH OR MORE: 0
[HDD (BASE 65) ]
TOTAL THIS MO. 127 CLEAR (SCALE 0-3) 14
DPTR FM NORMAL 30 PTCLDY (SCALE 4-7) 11
TOTAL FM JUL 1 4638 CLOUDY (SCALE 8-10) 6
DPTR FM NORMAL 277
[CDD (BASE 65) ]
TOTAL THIS MO. 88
DPTR FM NORMAL -8 [PRESSURE DATA]
TOTAL FM JAN 1 90 HIGHEST SLP M ON M
DPTR FM NORMAL -17 LOWEST SLP 29.20 ON 2
[REMARKS]
#FINAL-05-21#