000
CXUS54 KAMA 010810
CF6DHT
PRELIMINARY LOCAL CLIMATOLOGICAL DATA (WS FORM: F-6)
STATION: DALHART
MONTH: JANUARY
YEAR: 2024
LATITUDE: 36 1 N
LONGITUDE: 102 33 W
TEMPERATURE IN F: :PCPN: SNOW: WIND :SUNSHINE: SKY :PK WND
================================================================================
1 2 3 4 5 6A 6B 7 8 9 10 11 12 13 14 15 16 17 18
12Z AVG MX 2MIN
DY MAX MIN AVG DEP HDD CDD WTR SNW DPTH SPD SPD DIR MIN PSBL S-S WX SPD DR
================================================================================
1 52 17 35 0 30 0 0.00 M M 9.7 21 200 M M 0 28 200
2 48 23 36 1 29 0 0.00 M M 11.5 25 20 M M 0 33 10
3 54 18 36 1 29 0 0.00 M M 8.1 16 170 M M 0 21 210
4 36 26 31 -4 34 0 0.45 M M 8.8 18 130 M M 7 12 25 130
5 38 22 30 -5 35 0 0.01 M M 8.6 16 360 M M 5 1 23 360
6 37 15 26 -9 39 0 0.00 M M 7.3 14 320 M M 2 19 310
7 38 15 27 -9 38 0 0.00 M M 9.5 21 190 M M 0 26 190
8 38 22 30 -6 35 0 0.04 M M 22.9 44 350 M M 7 128 66 360
9 36 10 23 -13 42 0 0.00 M M 9.7 23 330 M M 0 8 32 330
10 45 17 31 -5 34 0 0.00 M M 10.2 22 250 M M 0 29 260
11 47 18 33 -3 32 0 T M M 17.0 37 360 M M 3 18 46 360
12 41 11 26 -10 39 0 0.00 M M 12.2 24 350 M M 1 33 350
13 31 2 17 -19 48 0 T M M 15.2 29 30 M M 3 18 34 40
14 15 2 9 -27 56 0 0.00 M M 7.3 16 70 M M 4 20 80
15 16 4 10 -26 55 0 T M M 14.8 31 10 M M 4 8 40 360
16 28 2 15 -21 50 0 0.00 M M 9.3 17 230 M M 2 23 200
17 59 11 35 -1 30 0 0.00 M M 13.3 26 240 M M 0 36 230
18 64 18 41 4 24 0 0.00 M M 12.9 33 20 M M 0 43 20
19 33 17 25 -12 40 0 0.00 M M 8.4 30 20 M M 0 38 20
20 39 17 28 -9 37 0 0.00 M M 14.8 26 190 M M 0 38 200
21 51 25 38 1 27 0 0.00 M M 17.0 25 210 M M 1 35 200
22 59 24 42 5 23 0 0.00 M M 7.0 13 200 M M 3 16 200
23 50 28 39 2 26 0 0.00 M M 6.4 18 90 M M 5 128 22 90
24 50 31 41 4 24 0 0.00 M M 6.7 13 200 M M 8 12 M M
25 57 25 41 4 24 0 T M M 6.7 14 80 M M 5 12 18 80
26 40 33 37 0 28 0 0.08 M M 12.5 23 20 M M 9 12 32 10
27 54 25 40 3 25 0 0.00 M M 7.2 17 10 M M 0 21 10
28 65 24 45 8 20 0 0.00 M M 5.5 9 290 M M 0 13 270
29 66 28 47 9 18 0 0.00 M M 5.6 12 330 M M 0 16 160
30 65 31 48 10 17 0 0.00 M M 7.3 13 320 M M 0 17 330
31 68 26 47 9 18 0 0.00 M M 9.6 24 220 M M 1 32 200
================================================================================
SM 1420 587 1006 0 0.58 M 323.0 M 70
================================================================================
AV 45.8 18.9 10.4 FASTST M M 2 MAX(MPH)
MISC ----> 44 350 66 360
================================================================================
NOTES:
# LAST OF SEVERAL OCCURRENCES
COLUMN 17 PEAK WIND IN M.P.H.
PRELIMINARY LOCAL CLIMATOLOGICAL DATA (WS FORM: F-6) , PAGE 2
STATION: DALHART
MONTH: JANUARY
YEAR: 2024
LATITUDE: 36 1 N
LONGITUDE: 102 33 W
[TEMPERATURE DATA] [PRECIPITATION DATA] SYMBOLS USED IN COLUMN 16
AVERAGE MONTHLY: 32.4 TOTAL FOR MONTH: 0.58 1 = FOG OR MIST
DPTR FM NORMAL: -3.9 DPTR FM NORMAL: 0.11 2 = FOG REDUCING VISIBILITY
HIGHEST: 68 ON 31 GRTST 24HR 0.57 ON 4- 5 TO 1/4 MILE OR LESS
LOWEST: 2 ON 16,14 3 = THUNDER
SNOW, ICE PELLETS, HAIL 4 = ICE PELLETS
TOTAL MONTH: M 5 = HAIL
GRTST 24HR M ON M 6 = FREEZING RAIN OR DRIZZLE
GRTST DEPTH: M ON M 7 = DUSTSTORM OR SANDSTORM:
VSBY 1/2 MILE OR LESS
8 = SMOKE OR HAZE
[NO. OF DAYS WITH] [WEATHER - DAYS WITH] 9 = BLOWING SNOW
X = TORNADO
MAX 32 OR BELOW: 4 0.01 INCH OR MORE: 4
MAX 90 OR ABOVE: 0 0.10 INCH OR MORE: 1
MIN 32 OR BELOW: 30 0.50 INCH OR MORE: 0
MIN 0 OR BELOW: 0 1.00 INCH OR MORE: 0
[HDD (BASE 65) ]
TOTAL THIS MO. 1006 CLEAR (SCALE 0-3) 20
DPTR FM NORMAL 118 PTCLDY (SCALE 4-7) 10
TOTAL FM JUL 1 2544 CLOUDY (SCALE 8-10) 1
DPTR FM NORMAL -144
[CDD (BASE 65) ]
TOTAL THIS MO. 0
DPTR FM NORMAL 0 [PRESSURE DATA]
TOTAL FM JAN 1 0 HIGHEST SLP M ON M
DPTR FM NORMAL 0 LOWEST SLP 29.31 ON 8
[REMARKS]
#FINAL-01-24#