000
CXUS56 KTFX 220802
CF6DLN
PRELIMINARY LOCAL CLIMATOLOGICAL DATA (WS FORM: F-6)
STATION: DILLON AIRPORT MT
MONTH: JANUARY
YEAR: 2023
LATITUDE: 45 15 N
LONGITUDE: 112 33 W
TEMPERATURE IN F: :PCPN: SNOW: WIND :SUNSHINE: SKY :PK WND
================================================================================
1 2 3 4 5 6A 6B 7 8 9 10 11 12 13 14 15 16 17 18
12Z AVG MX 2MIN
DY MAX MIN AVG DEP HDD CDD WTR SNW DPTH SPD SPD DIR MIN PSBL S-S WX SPD DR
================================================================================
1 28 10 19 -2 46 0 0.00 M 1 5.3 12 190 M M 7 14 190
2 23 6 15 -6 50 0 0.00 M 1 5.5 13 200 M M 1 16 210
3 27 6 17 -4 48 0 0.00 M 1 9.5 21 220 M M 3 27 220
4 26 10 18 -3 47 0 0.00 M 1 12.1 20 220 M M 1 26 230
5 33 10 22 0 43 0 T M 1 5.3 10 190 M M 8 1 14 170
6 35 15 25 3 40 0 0.00 M 2 5.3 13 210 M M 5 12 15 180
7 36 17 27 5 38 0 0.00 M 2 6.2 15 200 M M 0 18 210
8 38 16 27 5 38 0 0.00 M M 4.8 18 200 M M 1 24 200
9 33 16 25 3 40 0 0.00 M 1 6.6 14 200 M M 3 17 200
10 37 18 28 6 37 0 0.00 M 1 6.7 16 210 M M 0 19 220
11 37 20 29 7 36 0 0.00 M 1 5.3 16 210 M M 4 21 210
12 M 18 M M M M 0.00 M 1 M M M M M M M M
13 M M M M M M 0.00 M M M M M M M 0 M M
14 M M M M M M M M M M M M M M 0 M M
15 M M M M M M 0.00 M T M M M M M 0 M M
16 M M M M M M M M 1 M M M M M M M M
17 23 15 19 -4 46 0 0.00 M 1 4.6 8 110 M M 5 9 100
18 M M M M M M 0.00 M 1 M M M M M 0 M M
19 26 M M M M M M M 1 3.5 7 210 M M 5 9 230
20 23 6 15 -8 50 0 0.00 M 1 4.7 13 250 M M 2 17 230
21 24 4 14 -9 51 0 0.00 M 1 6.9 16 220 M M 0 24 220
22 21 9 15 -8 50 0 T M 2 5.3 18 220 M M 9 1 24 220
23 24 6 15 -8 50 0 0.00 M 2 6.2 16 190 M M 5 21 190
24 31 1 16 -7 49 0 0.00 M 2 8.6 22 220 M M 4 27 220
25 27 11 19 -4 46 0 0.00 M 2 3.8 10 130 M M 8 12 180
26 38 12 25 2 40 0 0.00 M 1 10.2 23 240 M M 6 33 240
27 35 24 30 7 35 0 0.01 M 1 8.9 22 40 M M 10 1 30 230
28 24 -8 8 -15 57 0 0.01 M 8 20.0 29 30 M M 9 18 36 20
29 -7 -28 -17 -40 82 0 T M M 6.4 20 60 M M 2 1 24 60
30 -4 -26 -15 -38 80 0 0.00 M 8 4.4 13 190 M M 1 14 200
31 16 -14 1 -22 64 0 0.00 M 8 17.7 29 220 M M 7 36 210
================================================================================
SM 654 174 1163 0 0.02 M 183.8 M 106
================================================================================
AV 26.2 7.0 7.4 FASTST M M 4 MAX(MPH)
MISC ----> # 29 30 # 36 20
================================================================================
NOTES:
# LAST OF SEVERAL OCCURRENCES
COLUMN 17 PEAK WIND IN M.P.H.
PRELIMINARY LOCAL CLIMATOLOGICAL DATA (WS FORM: F-6) , PAGE 2
STATION: DILLON AIRPORT MT
MONTH: JANUARY
YEAR: 2023
LATITUDE: 45 15 N
LONGITUDE: 112 33 W
[TEMPERATURE DATA] [PRECIPITATION DATA] SYMBOLS USED IN COLUMN 16
AVERAGE MONTHLY: 16.6 TOTAL FOR MONTH: 0.02 1 = FOG OR MIST
DPTR FM NORMAL: -5.7 DPTR FM NORMAL: -0.18 2 = FOG REDUCING VISIBILITY
HIGHEST: 38 ON 26, 8 GRTST 24HR 0.20 ON 27-28 TO 1/4 MILE OR LESS
LOWEST: -28 ON 29 3 = THUNDER
SNOW, ICE PELLETS, HAIL 4 = ICE PELLETS
TOTAL MONTH: M 5 = HAIL
GRTST 24HR M ON M 6 = FREEZING RAIN OR DRIZZLE
GRTST DEPTH: 8 ON 31,30 7 = DUSTSTORM OR SANDSTORM:
VSBY 1/2 MILE OR LESS
8 = SMOKE OR HAZE
[NO. OF DAYS WITH] [WEATHER - DAYS WITH] 9 = BLOWING SNOW
X = TORNADO
MAX 32 OR BELOW: 16 0.01 INCH OR MORE: 2
MAX 90 OR ABOVE: 0 0.10 INCH OR MORE: 0
MIN 32 OR BELOW: 25 0.50 INCH OR MORE: 0
MIN 0 OR BELOW: 4 1.00 INCH OR MORE: 0
[HDD (BASE 65) ]
TOTAL THIS MO. 1163 CLEAR (SCALE 0-3) 14
DPTR FM NORMAL -161 PTCLDY (SCALE 4-7) 12
TOTAL FM JUL 1 4684 CLOUDY (SCALE 8-10) 5
DPTR FM NORMAL -231
[CDD (BASE 65) ]
TOTAL THIS MO. 0
DPTR FM NORMAL 0 [PRESSURE DATA]
TOTAL FM JAN 1 0 HIGHEST SLP 30.76 ON 30
DPTR FM NORMAL 0 LOWEST SLP 29.76 ON 27
[REMARKS]
#FINAL-01-23#