000
CXUS53 KEAX 022154
CLADMO
CLIMATE REPORT
NATIONAL WEATHER SERVICE
350 PM CST SUN JAN 02 2022
...................................
...THE SEDALIA MO CLIMATE SUMMARY FOR THE YEAR OF 2021...
CLIMATE NORMAL PERIOD: 1991 TO 2020
CLIMATE RECORD PERIOD: 9999 TO 9999
WEATHER OBSERVED NORMAL DEPART LAST YEAR`S
VALUE DATE(S) VALUE FROM VALUE
NORMAL
..............................................................
TEMPERATURE (F)
HIGHEST 97 06/17 98 -1
08/11
LOWEST -10R 02/16 -9
AVG. MAXIMUM 66.8 64.7 2.1
AVG. MINIMUM 48.1 44.9 3.2
MEAN 57.5 54.8 2.7
DAYS MAX >= 90 38 37.9 0.1
DAYS MAX <= 32 19 22.1 -3.1
DAYS MIN <= 32 79 93.8 -14.8
DAYS MIN <= 0 4 2.0 2.0
PRECIPITATION (INCHES)
TOTALS 39.58 36.20 3.38
DAILY AVG. 0.11 0.10 0.01
DAYS >= .01 101 102.8 -1.8
DAYS >= .10 66 59.9 6.1
DAYS >= .50 29 24.0 5.0
DAYS >= 1.00 9 9.2 -0.2
GREATEST
24 HR. TOTAL 2.99
DEGREE DAYS
HEATING TOTAL 4231 4948 -717
COOLING TOTAL 1644 1266 378
..............................................................
WIND (MPH)
AVERAGE WIND SPEED 9.1
HIGHEST WIND SPEED/DIRECTION 40/240 DATE 12/15
HIGHEST GUST SPEED/DIRECTION 67/250 DATE 12/15
SKY COVER
POSSIBLE SUNSHINE (PERCENT) MM
AVERAGE SKY COVER 0.35
NUMBER OF DAYS FAIR 220
NUMBER OF DAYS PC 82
NUMBER OF DAYS CLOUDY 63
AVERAGE RH (PERCENT) 68
WEATHER CONDITIONS. NUMBER OF DAYS WITH
THUNDERSTORM 39 MIXED PRECIP 0
HEAVY RAIN 39 RAIN 47
LIGHT RAIN 119 FREEZING RAIN 1
LT FREEZING RAIN 2 HAIL 0
HEAVY SNOW 1 SNOW 6
LIGHT SNOW 20 SLEET 0
FOG 135 FOG W/VIS <= 1/4 MILE 23
HAZE 42
- INDICATES NEGATIVE NUMBERS.
R INDICATES RECORD WAS SET OR TIED.
MM INDICATES DATA IS MISSING.
T INDICATES TRACE AMOUNT.
$$