000
CXUS52 KCAE 011400
CF6DNL
PRELIMINARY LOCAL CLIMATOLOGICAL DATA (WS FORM: F-6)
STATION: AUGUSTA DANIEL FIELD GA
MONTH: APRIL
YEAR: 2022
LATITUDE: 33 28 N
LONGITUDE: 82 2 W
TEMPERATURE IN F: :PCPN: SNOW: WIND :SUNSHINE: SKY :PK WND
================================================================================
1 2 3 4 5 6A 6B 7 8 9 10 11 12 13 14 15 16 17 18
12Z AVG MX 2MIN
DY MAX MIN AVG DEP HDD CDD WTR SNW DPTH SPD SPD DIR MIN PSBL S-S WX SPD DR
================================================================================
1 76 56 66 3 0 1 0.00 M M 8.4 18 300 M M 0 26 290
2 71 50 61 -3 4 0 0.00 M M 6.2 14 70 M M 0 21 80
3 76 52 64 0 1 0 0.00 M M 6.5 18 320 M M 0 23 310
4 79 52 66 2 0 1 0.00 M M 6.2 17 70 M M 0 22 70
5 71 57 64 0 1 0 1.73 M M 7.4 21 210 M M 4 123 31 280
6 78 65 72 8 0 7 0.82 M M 6.5 24 350 M M 6 123 31 340
7 74 61 68 3 0 3 1.18 M M 6.5 20 110 M M 5 13 26 250
8 67 50 59 -6 6 0 0.00 M M 8.4 21 320 M M 5 29 320
9 55 42 49 -16 16 0 0.00 M M 7.0 18 310 M M 4 28 290
10 75 38 57 -9 8 0 0.00 M M 2.9 14 330 M M 0 18 300
11 82 51 67 1 0 2 0.00 M M 4.6 15 200 M M 0 22 220
12 85 59 72 6 0 7 0.00 M M 5.8 14 200 M M 0 20 220
13 83 61 72 6 0 7 0.00 M M 7.7 20 160 M M 1 26 150
14 81 65 73 6 0 8 0.00 M M 6.8 15 210 M M 3 21 220
15 80 57 69 2 0 4 0.00 M M 8.8 21 50 M M 0 27 60
16 73 56 65 -2 0 0 0.38 M M 4.4 14 330 M M 5 1 17 350
17 83 64 74 7 0 9 0.46 M M 4.0 18 140 M M 4 13 24 150
18 72 54 63 -5 2 0 0.07 M M 7.2 20 20 M M 7 138 25 10
19 67 45 56 -12 9 0 0.00 M M 5.3 18 310 M M 0 21 320
20 73 47 60 -8 5 0 0.00 M M 6.7 14 170 M M 0 18 180
21 79 55 67 -1 0 2 0.00 M M 5.3 12 190 M M 1 17 170
22 83 57 70 1 0 5 0.00 M M 3.7 13 140 M M 0 16 130
23 83 60 72 3 0 7 0.00 M M 5.0 15 150 M M 1 19 140
24 83 60 72 3 0 7 0.00 M M 3.8 13 180 M M 1 18 180
25 86 62 74 4 0 9 0.00 M M 5.0 12 210 M M 1 14 170
26 86 66 76 6 0 11 T M M 7.2 28 300 M M 1 3 41 310
27 80 56 68 -2 0 3 0.00 M M 6.6 15 30 M M 0 20 10
28 80 56 68 -2 0 3 0.00 M M 4.5 13 100 M M 0 17 100
29 82 57 70 0 0 5 0.00 M M 6.2 14 180 M M 1 19 120
30 85 60 73 2 0 8 0.00 M M 6.0 14 150 M M 0 18 200
================================================================================
SM 2328 1671 52 109 4.64 M 180.6 M 50
================================================================================
AV 77.6 55.7 6.0 FASTST M M 2 MAX(MPH)
MISC ----> 28 300 41 310
================================================================================
NOTES:
# LAST OF SEVERAL OCCURRENCES
COLUMN 17 PEAK WIND IN M.P.H.
PRELIMINARY LOCAL CLIMATOLOGICAL DATA (WS FORM: F-6) , PAGE 2
STATION: AUGUSTA DANIEL FIELD GA
MONTH: APRIL
YEAR: 2022
LATITUDE: 33 28 N
LONGITUDE: 82 2 W
[TEMPERATURE DATA] [PRECIPITATION DATA] SYMBOLS USED IN COLUMN 16
AVERAGE MONTHLY: 66.7 TOTAL FOR MONTH: 4.64 1 = FOG OR MIST
DPTR FM NORMAL: -0.3 DPTR FM NORMAL: 1.73 2 = FOG REDUCING VISIBILITY
HIGHEST: 86 ON 26,25 GRTST 24HR 2.00 ON 6- 7 TO 1/4 MILE OR LESS
LOWEST: 38 ON 10 3 = THUNDER
SNOW, ICE PELLETS, HAIL 4 = ICE PELLETS
TOTAL MONTH: M 5 = HAIL
GRTST 24HR M ON M 6 = FREEZING RAIN OR DRIZZLE
GRTST DEPTH: M ON M 7 = DUSTSTORM OR SANDSTORM:
VSBY 1/2 MILE OR LESS
8 = SMOKE OR HAZE
[NO. OF DAYS WITH] [WEATHER - DAYS WITH] 9 = BLOWING SNOW
X = TORNADO
MAX 32 OR BELOW: 0 0.01 INCH OR MORE: 6
MAX 90 OR ABOVE: 0 0.10 INCH OR MORE: 5
MIN 32 OR BELOW: 0 0.50 INCH OR MORE: 3
MIN 0 OR BELOW: 0 1.00 INCH OR MORE: 2
[HDD (BASE 65) ]
TOTAL THIS MO. 52 CLEAR (SCALE 0-3) 21
DPTR FM NORMAL -10 PTCLDY (SCALE 4-7) 9
TOTAL FM JUL 1 1487 CLOUDY (SCALE 8-10) 0
DPTR FM NORMAL -391
[CDD (BASE 65) ]
TOTAL THIS MO. 109
DPTR FM NORMAL -13 [PRESSURE DATA]
TOTAL FM JAN 1 196 HIGHEST SLP 30.46 ON 21
DPTR FM NORMAL 23 LOWEST SLP 29.53 ON 7
[REMARKS]
#FINAL-04-22#