000
CXUS55 KVEF 060459
CF6DRA
PRELIMINARY LOCAL CLIMATOLOGICAL DATA (WS FORM: F-6)
STATION: DESERT ROCK-MERCURY NV
MONTH: NOVEMBER
YEAR: 2022
LATITUDE: 36 37 N
LONGITUDE: 116 1 W
TEMPERATURE IN F: :PCPN: SNOW: WIND :SUNSHINE: SKY :PK WND
================================================================================
1 2 3 4 5 6A 6B 7 8 9 10 11 12 13 14 15 16 17 18
12Z AVG MX 2MIN
DY MAX MIN AVG DEP HDD CDD WTR SNW DPTH SPD SPD DIR MIN PSBL S-S WX SPD DR
================================================================================
1 73 51 62 4 3 0 0.00 0.0 0 16.5 29 210 M M 0 54 210
2 60 46 53 -4 12 0 0.00 0.0 0 21.2 35 200 M M 1 55 190
3 55 37 46 -11 19 0 T 0.0 0 10.1 18 30 M M 5 28 20
4 59 34 47 -9 18 0 0.00 0.0 0 6.4 15 40 M M 0 M M
5 63 33 48 -8 17 0 0.00 0.0 0 3.6 10 240 M M 0 M M
6 68 37 53 -3 12 0 0.00 0.0 0 7.6 23 180 M M 2 48 170
7 65 54 60 5 5 0 0.00 0.0 0 23.2 33 200 M M 3 61 200
8 58 45 52 -3 13 0 0.17 0.0 0 19.4 35 180 M M 8 59 180
9 53 36 45 -9 20 0 0.00 0.0 0 11.5 27 200 M M 1 45 200
10 56 34 45 -9 20 0 0.00 0.0 0 10.0 17 40 M M 0 18 40
11 52 35 44 -9 21 0 0.00 0.0 0 12.0 16 120 M M 0 17 60
12 57 30 44 -9 21 0 0.00 0.0 0 5.6 14 220 M M 0 24 220
13 57 30 44 -8 21 0 0.00 0.0 0 9.2 18 30 M M 2 25 30
14 55 34 45 -7 20 0 0.00 0.0 0 10.5 17 40 M M 0 20 120
15 56 37 47 -5 18 0 0.00 0.0 0 15.2 20 30 M M 0 33 40
16 57 35 46 -5 19 0 0.00 0.0 0 13.0 20 50 M M 0 28 50
17 61 33 47 -4 18 0 0.00 0.0 0 5.8 15 40 M M 0 M M
18 59 31 45 -5 20 0 0.00 0.0 0 9.1 21 20 M M 0 36 20
19 54 34 44 -6 21 0 0.00 0.0 0 13.4 20 40 M M 0 28 110
20 60 33 47 -3 18 0 0.00 0.0 0 6.7 15 40 M M 0 M M
21 61 27 44 -5 21 0 0.00 0.0 0 3.5 9 120 M M 0 M M
22 63 32 48 -1 17 0 0.00 0.0 0 4.0 13 40 M M 0 M M
23 67 30 49 1 16 0 0.00 0.0 0 7.4 17 50 M M 0 35 50
24 60 40 50 2 15 0 0.00 0.0 0 13.2 20 30 M M 0 25 20
25 62 34 48 0 17 0 0.00 0.0 0 5.9 16 40 M M 0 19 40
26 58 31 45 -2 20 0 0.00 0.0 0 3.7 20 30 M M 0 27 30
27 57 33 45 -2 20 0 0.00 0.0 0 7.2 16 70 M M M 22 30
28 59 M M M M M 0.00 0.0 0 6.9 21 230 M M 0 31 200
29 54 31 43 -3 22 0 0.00 0.0 0 8.3 17 20 M M 0 20 50
30 54 26 40 -6 25 0 0.00 0.0 0 7.4 13 120 M M 0 M M
================================================================================
SM 1773 1023 509 0 0.17 0.0 297.5 M 22
================================================================================
AV 59.1 35.3 9.9 FASTST M M 1 MAX(MPH)
MISC ----> # 35 200 61 200
================================================================================
NOTES:
# LAST OF SEVERAL OCCURRENCES
COLUMN 17 PEAK WIND IN M.P.H.
PRELIMINARY LOCAL CLIMATOLOGICAL DATA (WS FORM: F-6) , PAGE 2
STATION: DESERT ROCK-MERCURY NV
MONTH: NOVEMBER
YEAR: 2022
LATITUDE: 36 37 N
LONGITUDE: 116 1 W
[TEMPERATURE DATA] [PRECIPITATION DATA] SYMBOLS USED IN COLUMN 16
AVERAGE MONTHLY: 47.2 TOTAL FOR MONTH: 0.17 1 = FOG OR MIST
DPTR FM NORMAL: -4.4 DPTR FM NORMAL: -0.10 2 = FOG REDUCING VISIBILITY
HIGHEST: 73 ON 1 GRTST 24HR 0.17 ON 8- 8 TO 1/4 MILE OR LESS
LOWEST: 26 ON 30 3 = THUNDER
SNOW, ICE PELLETS, HAIL 4 = ICE PELLETS
TOTAL MONTH: 0.0 INCH 5 = HAIL
GRTST 24HR 0.0 6 = FREEZING RAIN OR DRIZZLE
GRTST DEPTH: 0 7 = DUSTSTORM OR SANDSTORM:
VSBY 1/2 MILE OR LESS
8 = SMOKE OR HAZE
[NO. OF DAYS WITH] [WEATHER - DAYS WITH] 9 = BLOWING SNOW
X = TORNADO
MAX 32 OR BELOW: 0 0.01 INCH OR MORE: 1
MAX 90 OR ABOVE: 0 0.10 INCH OR MORE: 1
MIN 32 OR BELOW: 9 0.50 INCH OR MORE: 0
MIN 0 OR BELOW: 0 1.00 INCH OR MORE: 0
[HDD (BASE 65) ]
TOTAL THIS MO. 509 CLEAR (SCALE 0-3) 27
DPTR FM NORMAL 104 PTCLDY (SCALE 4-7) 2
TOTAL FM JUL 1 601 CLOUDY (SCALE 8-10) 1
DPTR FM NORMAL 87
[CDD (BASE 65) ]
TOTAL THIS MO. 0
DPTR FM NORMAL -2 [PRESSURE DATA]
TOTAL FM JAN 1 2704 HIGHEST SLP M ON M
DPTR FM NORMAL 372 LOWEST SLP M ON M
[REMARKS]
#FINAL-11-22#