000
CXUS55 KGJT 011010
CF6DRO
PRELIMINARY LOCAL CLIMATOLOGICAL DATA (WS FORM: F-6)
STATION: DURANGO AIRPORT CO
MONTH: NOVEMBER
YEAR: 2021
LATITUDE: 37 9 N
LONGITUDE: 107 45 W
TEMPERATURE IN F: :PCPN: SNOW: WIND :SUNSHINE: SKY :PK WND
================================================================================
1 2 3 4 5 6A 6B 7 8 9 10 11 12 13 14 15 16 17 18
12Z AVG MX 2MIN
DY MAX MIN AVG DEP HDD CDD WTR SNW DPTH SPD SPD DIR MIN PSBL S-S WX SPD DR
================================================================================
1 62 26 44 3 21 0 0.00 M M 6.0 17 230 M M 0 23 250
2 61 36 49 8 16 0 T M M 7.1 22 270 M M 5 30 260
3 60 25 43 3 22 0 T M M 4.8 14 260 M M 0 20 220
4 62 23 43 3 22 0 0.00 M M 3.8 14 220 M M 0 19 210
5 66 25 46 6 19 0 0.00 M M 3.1 14 220 M M 0 22 230
6 67 25 46 7 19 0 0.00 M M 3.3 12 20 M M 0 16 230
7 66 25 46 7 19 0 T M M 4.4 12 360 M M 0 15 290
8 65 31 48 10 17 0 0.00 M M 3.8 13 200 M M 0 19 200
9 58 25 42 4 23 0 0.01 M M 5.4 23 280 M M 4 37 260
10 57 28 43 5 22 0 T M M 7.7 26 280 M M 3 12 38 280
11 58 19 39 1 26 0 0.00 M M 6.6 14 250 M M 0 8 26 270
12 59 21 40 3 25 0 0.00 M M 4.5 14 210 M M 0 18 210
13 59 22 41 4 24 0 0.00 M M 4.3 12 230 M M 0 15 230
14 61 20 41 5 24 0 0.00 M M 4.5 13 90 M M 0 16 90
15 63 24 44 8 21 0 0.00 M M 3.6 12 230 M M 0 15 230
16 58 27 43 7 22 0 0.00 M M 5.7 20 260 M M 0 8 27 240
17 58 19 39 4 26 0 0.00 M M 6.4 24 250 M M 0 32 250
18 52 15 34 -1 31 0 0.00 M M 4.3 13 10 M M 0 18 130
19 55 21 38 3 27 0 0.00 M M 5.2 15 220 M M 0 20 220
20 52 21 37 3 28 0 0.00 M M 5.2 18 250 M M 4 25 260
21 54 17 36 2 29 0 0.00 M M 5.1 13 230 M M 0 18 250
22 53 14 34 0 31 0 0.00 M M 3.6 10 20 M M 0 15 300
23 51 16 34 1 31 0 0.19 M M 3.5 16 290 M M 5 1 21 290
24 47 26 37 4 28 0 0.06 M M 7.5 22 250 M M 5 1 30 260
25 45 17 31 -2 34 0 0.00 M M 3.9 12 10 M M 0 14 260
26 48 17 33 1 32 0 0.00 M M 3.3 9 230 M M 0 13 250
27 53 19 36 4 29 0 0.00 M M 3.9 10 20 M M 0 14 250
28 55 20 38 6 27 0 0.00 M M 3.3 10 10 M M 0 12 10
29 57 21 39 8 26 0 0.00 M M 4.6 12 260 M M 0 15 230
30 56 20 38 7 27 0 0.00 M M 2.9 9 20 M M 0 13 260
================================================================================
SM 1718 665 748 0 0.26 M 141.3 M 26
================================================================================
AV 57.3 22.2 4.7 FASTST M M 1 MAX(MPH)
MISC ----> 26 280 38 280
================================================================================
NOTES:
# LAST OF SEVERAL OCCURRENCES
COLUMN 17 PEAK WIND IN M.P.H.
PRELIMINARY LOCAL CLIMATOLOGICAL DATA (WS FORM: F-6) , PAGE 2
STATION: DURANGO AIRPORT CO
MONTH: NOVEMBER
YEAR: 2021
LATITUDE: 37 9 N
LONGITUDE: 107 45 W
[TEMPERATURE DATA] [PRECIPITATION DATA] SYMBOLS USED IN COLUMN 16
AVERAGE MONTHLY: 39.7 TOTAL FOR MONTH: 0.26 1 = FOG OR MIST
DPTR FM NORMAL: 3.8 DPTR FM NORMAL: -0.87 2 = FOG REDUCING VISIBILITY
HIGHEST: 67 ON 6 GRTST 24HR 0.25 ON 23-24 TO 1/4 MILE OR LESS
LOWEST: 14 ON 22 3 = THUNDER
SNOW, ICE PELLETS, HAIL 4 = ICE PELLETS
TOTAL MONTH: M 5 = HAIL
GRTST 24HR M ON M 6 = FREEZING RAIN OR DRIZZLE
GRTST DEPTH: M ON M 7 = DUSTSTORM OR SANDSTORM:
VSBY 1/2 MILE OR LESS
8 = SMOKE OR HAZE
[NO. OF DAYS WITH] [WEATHER - DAYS WITH] 9 = BLOWING SNOW
X = TORNADO
MAX 32 OR BELOW: 0 0.01 INCH OR MORE: 3
MAX 90 OR ABOVE: 0 0.10 INCH OR MORE: 1
MIN 32 OR BELOW: 29 0.50 INCH OR MORE: 0
MIN 0 OR BELOW: 0 1.00 INCH OR MORE: 0
[HDD (BASE 65) ]
TOTAL THIS MO. 748 CLEAR (SCALE 0-3) 25
DPTR FM NORMAL -125 PTCLDY (SCALE 4-7) 5
TOTAL FM JUL 1 1404 CLOUDY (SCALE 8-10) 0
DPTR FM NORMAL -220
[CDD (BASE 65) ]
TOTAL THIS MO. 0
DPTR FM NORMAL 0 [PRESSURE DATA]
TOTAL FM JAN 1 455 HIGHEST SLP 30.66 ON 25
DPTR FM NORMAL 165 LOWEST SLP 29.91 ON 24
[REMARKS]
#FINAL-11-21#