000
CXUS54 KEWX 181422
CF6DRT
PRELIMINARY LOCAL CLIMATOLOGICAL DATA (WS FORM: F-6)
STATION: DEL RIO
MONTH: OCTOBER
YEAR: 2021
LATITUDE: 29 22 N
LONGITUDE: 100 55 W
TEMPERATURE IN F: :PCPN: SNOW: WIND :SUNSHINE: SKY :PK WND
================================================================================
1 2 3 4 5 6A 6B 7 8 9 10 11 12 13 14 15 16 17 18
12Z AVG MX 2MIN
DY MAX MIN AVG DEP HDD CDD WTR SNW DPTH SPD SPD DIR MIN PSBL S-S WX SPD DR
================================================================================
1 88 70 79 2 0 14 1.96 0.0 0 5.3 16 60 M M 6 13 24 60
2 89 75 82 5 0 17 T 0.0 0 4.6 12 90 M M 5 16 110
3 91 72 82 5 0 17 0.00 0.0 0 3.1 14 90 M M 0 17 80
4 96 73 85 9 0 20 0.00 0.0 0 4.2 10 150 M M 3 15 100
5 95 66 81 5 0 16 0.00 0.0 0 5.3 10 200 M M 0 13 170
6 95 69 82 6 0 17 0.00 0.0 0 9.1 15 130 M M 0 22 130
7 96 69 83 7 0 18 0.00 0.0 0 9.7 20 140 M M 0 27 150
8 95 70 83 8 0 18 0.00 0.0 0 9.7 16 150 M M 0 24 120
9 95 68 82 7 0 17 0.00 0.0 0 10.2 20 140 M M 0 29 150
10 99 73 86 11 0 21 0.00 0.0 0 11.5 22 130 M M 2 31 340
11 91 69 80 6 0 15 0.00 0.0 0 7.3 17 110 M M 3 24 100
12 89 76 83 9 0 18 0.01 0.0 0 12.3 22 140 M M 5 18 29 150
13 87 71 79 5 0 14 0.01 0.0 0 9.4 22 150 M M 5 8 32 140
14 93 69 81 8 0 16 0.00 0.0 0 4.3 12 160 M M 3 12 14 150
15 93 70 82 9 0 17 0.00 0.0 0 8.2 18 300 M M 3 1 28 360
16 79 58 69 -4 0 4 0.00 0.0 0 3.6 9 210 M M 0 15 180
17 79 54 67 -5 0 2 0.00 0.0 0 6.2 14 140 M M 0 20 120
18 84 57 71 -1 0 6 0.00 0.0 0 11.6 21 140 M M 0 28 120
19 86 66 76 4 0 11 0.00 0.0 0 12.3 23 150 M M 0 30 150
20 84 71 78 7 0 13 0.00 0.0 0 8.2 13 130 M M 3 18 110
21 87 72 80 9 0 15 0.00 0.0 0 6.8 14 150 M M 5 1 21 160
22 91 71 81 11 0 16 0.00 0.0 0 8.5 17 140 M M 4 27 150
23 91 69 80 10 0 15 0.00 0.0 0 11.0 18 140 M M 2 26 110
24 94 74 84 14 0 19 0.00 0.0 0 5.6 14 120 M M 3 21 110
25 95 71 83 14 0 18 0.00 0.0 0 8.0 17 120 M M 1 1 23 120
26 96 77 87 18 0 22 0.00 0.0 0 13.0 22 120 M M 3 31 130
27 84 56 70 1 0 5 0.00 0.0 0 14.2 33 290 M M 0 50 300
28 85 50 68 0 0 3 0.00 0.0 0 7.6 20 300 M M 0 29 300
29 84 51 68 0 0 3 0.00 0.0 0 6.6 17 290 M M 0 8 24 270
30 90 49 70 3 0 5 0.00 0.0 0 6.5 15 140 M M 0 20 120
31 91 52 72 5 0 7 0.00 0.0 0 8.1 18 150 M M 0 25 110
================================================================================
SM 2792 2058 0 419 1.98 0.0 252.0 M 56
================================================================================
AV 90.1 66.4 8.1 FASTST M M 2 MAX(MPH)
MISC ----> 33 290 50 300
================================================================================
NOTES:
# LAST OF SEVERAL OCCURRENCES
COLUMN 17 PEAK WIND IN M.P.H.
PRELIMINARY LOCAL CLIMATOLOGICAL DATA (WS FORM: F-6) , PAGE 2
STATION: DEL RIO
MONTH: OCTOBER
YEAR: 2021
LATITUDE: 29 22 N
LONGITUDE: 100 55 W
[TEMPERATURE DATA] [PRECIPITATION DATA] SYMBOLS USED IN COLUMN 16
AVERAGE MONTHLY: 78.2 TOTAL FOR MONTH: 1.98 1 = FOG OR MIST
DPTR FM NORMAL: 5.7 DPTR FM NORMAL: -0.10 2 = FOG REDUCING VISIBILITY
HIGHEST: 99 ON 10 GRTST 24HR 2.28 ON 30- 1 TO 1/4 MILE OR LESS
LOWEST: 49 ON 30 3 = THUNDER
SNOW, ICE PELLETS, HAIL 4 = ICE PELLETS
TOTAL MONTH: 0.0 INCH 5 = HAIL
GRTST 24HR 0.0 6 = FREEZING RAIN OR DRIZZLE
GRTST DEPTH: 0 7 = DUSTSTORM OR SANDSTORM:
VSBY 1/2 MILE OR LESS
8 = SMOKE OR HAZE
[NO. OF DAYS WITH] [WEATHER - DAYS WITH] 9 = BLOWING SNOW
X = TORNADO
MAX 32 OR BELOW: 0 0.01 INCH OR MORE: 3
MAX 90 OR ABOVE: 18 0.10 INCH OR MORE: 1
MIN 32 OR BELOW: 0 0.50 INCH OR MORE: 1
MIN 0 OR BELOW: 0 1.00 INCH OR MORE: 1
[HDD (BASE 65) ]
TOTAL THIS MO. 0 CLEAR (SCALE 0-3) 23
DPTR FM NORMAL -23 PTCLDY (SCALE 4-7) 8
TOTAL FM JUL 1 0 CLOUDY (SCALE 8-10) 0
DPTR FM NORMAL -22
[CDD (BASE 65) ]
TOTAL THIS MO. 419
DPTR FM NORMAL 165 [PRESSURE DATA]
TOTAL FM JAN 1 4180 HIGHEST SLP 30.42 ON 16
DPTR FM NORMAL 602 LOWEST SLP 29.53 ON 26
[REMARKS]
#FINAL-10-21#