000
CXUS54 KEWX 051240
CF6DRT
PRELIMINARY LOCAL CLIMATOLOGICAL DATA (WS FORM: F-6)
STATION: DEL RIO
MONTH: JUNE
YEAR: 2021
LATITUDE: 29 22 N
LONGITUDE: 100 55 W
TEMPERATURE IN F: :PCPN: SNOW: WIND :SUNSHINE: SKY :PK WND
================================================================================
1 2 3 4 5 6A 6B 7 8 9 10 11 12 13 14 15 16 17 18
12Z AVG MX 2MIN
DY MAX MIN AVG DEP HDD CDD WTR SNW DPTH SPD SPD DIR MIN PSBL S-S WX SPD DR
================================================================================
1 86 69 78 -6 0 13 T 0.0 0 4.6 12 340 M M 4 18 320
2 90 71 81 -3 0 16 T 0.0 0 7.9 16 160 M M 1 25 140
3 91 69 80 -4 0 15 T 0.0 0 8.3 21 100 M M 6 30 100
4 86 70 78 -6 0 13 0.00 0.0 0 4.7 13 150 M M 2 17 150
5 94 71 83 -1 0 18 0.00 0.0 0 8.6 16 160 M M 1 25 100
6 97 77 87 3 0 22 0.00 0.0 0 11.8 17 120 M M 4 27 100
7 98 82 90 6 0 25 0.00 0.0 0 10.2 17 110 M M 4 8 23 120
8 97 81 89 4 0 24 0.02 0.0 0 12.1 20 110 M M 5 18 29 110
9 99 82 91 6 0 26 0.00 0.0 0 11.7 18 140 M M 5 8 26 140
10 100 80 90 5 0 25 0.00 0.0 0 13.0 21 130 M M 4 28 130
11 102 80 91 6 0 26 0.00 0.0 0 12.6 21 140 M M 2 29 140
12 103 78 91 6 0 26 0.00 0.0 0 11.7 17 100 M M 0 27 110
13 103 79 91 6 0 26 0.00 0.0 0 8.8 17 150 M M 0 23 150
14 102 80 91 6 0 26 0.00 0.0 0 7.9 23 360 M M 0 36 360
15 102 74 88 3 0 23 0.00 0.0 0 4.7 16 90 M M 3 3 22 100
16 100 78 89 3 0 24 0.01 0.0 0 8.5 21 150 M M 2 25 150
17 101 76 89 3 0 24 0.00 0.0 0 8.5 20 160 M M 1 25 160
18 101 76 89 3 0 24 0.00 0.0 0 8.9 17 160 M M 0 23 150
19 101 77 89 3 0 24 0.00 0.0 0 10.8 21 160 M M 0 29 120
20 105 80 93 7 0 28 0.00 0.0 0 13.9 21 100 M M 0 30 150
21 99 83 91 5 0 26 T 0.0 0 10.6 17 110 M M 4 8 25 100
22 96 75 86 0 0 21 1.79 0.0 0 7.0 31 110 M M 4 13 47 100
23 98 78 88 2 0 23 0.00 0.0 0 10.1 18 160 M M 5 25 120
24 99 81 90 4 0 25 0.00 0.0 0 13.4 21 120 M M 4 29 120
25 101 81 91 5 0 26 0.00 0.0 0 12.9 22 150 M M 3 31 120
26 102 82 92 6 0 27 0.00 0.0 0 15.5 23 120 M M 3 32 120
27 97 78 88 2 0 23 T 0.0 0 8.6 23 100 M M 4 35 110
28 95 78 87 1 0 22 T 0.0 0 10.9 23 90 M M 3 32 100
29 96 77 87 1 0 22 0.18 0.0 0 8.8 24 100 M M 5 35 130
30 94 78 86 0 0 21 T 0.0 0 11.4 18 110 M M 6 29 120
================================================================================
SM 2935 2321 0 684 2.00 0.0 298.4 M 85
================================================================================
AV 97.8 77.4 9.9 FASTST M M 3 MAX(MPH)
MISC ----> 31 110 47 100
================================================================================
NOTES:
# LAST OF SEVERAL OCCURRENCES
COLUMN 17 PEAK WIND IN M.P.H.
PRELIMINARY LOCAL CLIMATOLOGICAL DATA (WS FORM: F-6) , PAGE 2
STATION: DEL RIO
MONTH: JUNE
YEAR: 2021
LATITUDE: 29 22 N
LONGITUDE: 100 55 W
[TEMPERATURE DATA] [PRECIPITATION DATA] SYMBOLS USED IN COLUMN 16
AVERAGE MONTHLY: 87.6 TOTAL FOR MONTH: 2.00 1 = FOG OR MIST
DPTR FM NORMAL: 2.4 DPTR FM NORMAL: -0.32 2 = FOG REDUCING VISIBILITY
HIGHEST: 105 ON 20 GRTST 24HR 1.79 ON 21-22 TO 1/4 MILE OR LESS
LOWEST: 69 ON 3, 1 3 = THUNDER
SNOW, ICE PELLETS, HAIL 4 = ICE PELLETS
TOTAL MONTH: 0.0 INCH 5 = HAIL
GRTST 24HR 0.0 6 = FREEZING RAIN OR DRIZZLE
GRTST DEPTH: 0 7 = DUSTSTORM OR SANDSTORM:
VSBY 1/2 MILE OR LESS
8 = SMOKE OR HAZE
[NO. OF DAYS WITH] [WEATHER - DAYS WITH] 9 = BLOWING SNOW
X = TORNADO
MAX 32 OR BELOW: 0 0.01 INCH OR MORE: 4
MAX 90 OR ABOVE: 28 0.10 INCH OR MORE: 2
MIN 32 OR BELOW: 0 0.50 INCH OR MORE: 1
MIN 0 OR BELOW: 0 1.00 INCH OR MORE: 1
[HDD (BASE 65) ]
TOTAL THIS MO. 0 CLEAR (SCALE 0-3) 16
DPTR FM NORMAL 0 PTCLDY (SCALE 4-7) 14
TOTAL FM JUL 1 1158 CLOUDY (SCALE 8-10) 0
DPTR FM NORMAL -93
[CDD (BASE 65) ]
TOTAL THIS MO. 684
DPTR FM NORMAL 77 [PRESSURE DATA]
TOTAL FM JAN 1 1645 HIGHEST SLP 30.07 ON 1
DPTR FM NORMAL 195 LOWEST SLP 29.59 ON 20
[REMARKS]
#FINAL-06-21#