000
CXUS55 KTWC 011430
CF6DUG
PRELIMINARY LOCAL CLIMATOLOGICAL DATA (WS FORM: F-6)
STATION: DOUGLAS AZ
MONTH: JUNE
YEAR: 2023
LATITUDE: 31 28 N
LONGITUDE: 109 36 W
TEMPERATURE IN F: :PCPN: SNOW: WIND :SUNSHINE: SKY :PK WND
================================================================================
1 2 3 4 5 6A 6B 7 8 9 10 11 12 13 14 15 16 17 18
12Z AVG MX 2MIN
DY MAX MIN AVG DEP HDD CDD WTR SNW DPTH SPD SPD DIR MIN PSBL S-S WX SPD DR
================================================================================
1 84 52 68 -6 0 3 0.00 M M 9.4 23 240 M M 0 33 230
2 86 50 68 -6 0 3 0.00 M M 6.7 17 290 M M 0 26 300
3 90 49 70 -5 0 5 0.00 M M 5.8 14 260 M M 0 23 230
4 93 53 73 -2 0 8 0.00 M M 7.2 20 130 M M 0 29 200
5 95 57 76 1 0 11 0.00 M M 7.4 21 190 M M 0 31 190
6 91 57 74 -2 0 9 0.00 M M 10.6 25 200 M M 0 34 180
7 88 55 72 -4 0 7 0.00 M M 8.1 23 240 M M 0 31 260
8 89 51 70 -6 0 5 0.00 M M 7.7 21 250 M M 0 30 260
9 86 56 71 -6 0 6 0.00 M M 5.8 16 270 M M 0 23 160
10 92 48 70 -7 0 5 0.00 M M 9.3 28 240 M M 0 42 240
11 91 57 74 -3 0 9 0.00 M M 14.9 33 200 M M 0 46 180
12 88 50 69 -8 0 4 0.00 M M 10.6 29 250 M M M 38 230
13 92 48 70 -8 0 5 0.00 M M 9.8 28 270 M M M 37 260
14 96 45 71 -7 0 6 0.00 M M 5.5 13 10 M M M 31 250
15 95 53 74 -4 0 9 0.00 M M 11.6 35 250 M M 0 45 250
16 96 63 80 2 0 15 0.00 M M 11.2 31 230 M M M 40 230
17 99 58 79 0 0 14 0.00 M M 9.0 28 240 M M M 43 290
18 99 59 79 0 0 14 0.00 M M 8.2 28 230 M M M 42 290
19 97 65 81 2 0 16 0.00 M M 10.0 20 250 M M 0 46 250
20 98 62 80 1 0 15 T M M 9.7 26 260 M M 1 37 270
21 99 57 78 -1 0 13 0.00 M M 8.2 25 230 M M M 33 250
22 100 60 80 1 0 15 0.00 M M 10.6 31 240 M M 0 44 230
23 100 69 85 5 0 20 0.00 M M 11.0 28 270 M M 0 38 270
24 103 58 81 1 0 16 0.00 M M 10.0 28 250 M M 0 38 250
25 106 60 83 3 0 18 0.00 M M 6.5 23 250 M M 0 32 250
26 107 64 86 6 0 21 0.00 M M 8.0 29 180 M M 0 8 43 170
27 104 70 87 7 0 22 0.00 M M 8.5 28 160 M M 0 8 40 190
28 98 68 83 3 0 18 0.09 M M 9.9 26 200 M M 1 37 160
29 101 58 80 0 0 15 0.00 M M 10.0 25 250 M M 1 33 240
30 100 64 82 2 0 17 0.00 M M 7.9 22 240 M M 0 38 260
================================================================================
SM 2863 1716 0 344 0.09 M 269.1 M 3
================================================================================
AV 95.4 57.2 9.0 FASTST M M 0 MAX(MPH)
MISC ----> 35 250 # 46 180
================================================================================
NOTES:
# LAST OF SEVERAL OCCURRENCES
COLUMN 17 PEAK WIND IN M.P.H.
PRELIMINARY LOCAL CLIMATOLOGICAL DATA (WS FORM: F-6) , PAGE 2
STATION: DOUGLAS AZ
MONTH: JUNE
YEAR: 2023
LATITUDE: 31 28 N
LONGITUDE: 109 36 W
[TEMPERATURE DATA] [PRECIPITATION DATA] SYMBOLS USED IN COLUMN 16
AVERAGE MONTHLY: 76.3 TOTAL FOR MONTH: 0.09 1 = FOG OR MIST
DPTR FM NORMAL: -1.6 DPTR FM NORMAL: -0.40 2 = FOG REDUCING VISIBILITY
HIGHEST: 107 ON 26 GRTST 24HR 0.09 ON 28-28 TO 1/4 MILE OR LESS
LOWEST: 45 ON 14 3 = THUNDER
SNOW, ICE PELLETS, HAIL 4 = ICE PELLETS
TOTAL MONTH: M 5 = HAIL
GRTST 24HR M ON M 6 = FREEZING RAIN OR DRIZZLE
GRTST DEPTH: M ON M 7 = DUSTSTORM OR SANDSTORM:
VSBY 1/2 MILE OR LESS
8 = SMOKE OR HAZE
[NO. OF DAYS WITH] [WEATHER - DAYS WITH] 9 = BLOWING SNOW
X = TORNADO
MAX 32 OR BELOW: 0 0.01 INCH OR MORE: 1
MAX 90 OR ABOVE: 24 0.10 INCH OR MORE: 0
MIN 32 OR BELOW: 0 0.50 INCH OR MORE: 0
MIN 0 OR BELOW: 0 1.00 INCH OR MORE: 0
[HDD (BASE 65) ]
TOTAL THIS MO. 0 CLEAR (SCALE 0-3) 23
DPTR FM NORMAL 0 PTCLDY (SCALE 4-7) 0
TOTAL FM JUL 1 2589 CLOUDY (SCALE 8-10) 7
DPTR FM NORMAL -89
[CDD (BASE 65) ]
TOTAL THIS MO. 344
DPTR FM NORMAL -42 [PRESSURE DATA]
TOTAL FM JAN 1 490 HIGHEST SLP 29.94 ON 9
DPTR FM NORMAL -64 LOWEST SLP 29.63 ON 27
[REMARKS]
#FINAL-06-23#