000
CXUS55 KDVN 011100
CF6DVN
PRELIMINARY LOCAL CLIMATOLOGICAL DATA (WS FORM: F-6)
STATION: DAVENPORT IA
MONTH: FEBRUARY
YEAR: 2023
LATITUDE: 41 37 N
LONGITUDE: 90 35 W
TEMPERATURE IN F: :PCPN: SNOW: WIND :SUNSHINE: SKY :PK WND
================================================================================
1 2 3 4 5 6A 6B 7 8 9 10 11 12 13 14 15 16 17 18
12Z AVG MX 2MIN
DY MAX MIN AVG DEP HDD CDD WTR SNW DPTH SPD SPD DIR MIN PSBL S-S WX SPD DR
================================================================================
1 31 8 20 -2 45 0 0.00 0.0 2 10.6 18 220 M M 0 25 210
2 32 3 18 -4 47 0 0.00 0.0 2 15.5 25 300 M M 0 35 300
3 14 -4 5 -18 60 0 0.00 0.0 2 8.5 18 150 M M 5 23 140
4 46 12 29 6 36 0 0.00 0.0 1 13.4 21 190 M M 0 31 190
5 42 24 33 10 32 0 0.00 0.0 T 10.2 22 300 M M 0 1 28 310
6 53 22 38 15 27 0 0.00 0.0 T 16.5 31 170 M M 2 1 48 170
7 50 30 40 16 25 0 0.00 0.0 0 13.3 23 260 M M 5 31 270
8 48 23 36 12 29 0 T 0.0 0 6.5 15 100 M M 2 20 90
9 37 33 35 11 30 0 1.25 1.2 0 18.7 31 340 M M 9 12 41 360
10 33 21 27 3 38 0 0.00 0.0 1 10.2 17 290 M M 0 1 22 290
11 46 21 34 9 31 0 0.00 0.0 T 8.3 17 230 M M 0 8 21 230
12 53 26 40 15 25 0 0.00 0.0 0 7.0 14 220 M M 0 19 210
13 50 30 40 15 25 0 0.00 0.0 0 8.5 13 290 M M 0 17 260
14 51 32 42 16 23 0 0.07 0.0 0 16.7 28 160 M M 5 41 160
15 48 29 39 13 26 0 0.00 0.0 0 17.8 39 250 M M 9 52 250
16 32 16 24 -2 41 0 0.23 4.2 0 17.1 24 330 M M 9 12468 34 330
17 29 3 16 -11 49 0 0.00 0.0 4 9.5 17 190 M M 0 23 180
18 44 29 37 10 28 0 0.00 0.0 3 12.0 20 210 M M 0 27 210
19 47 31 39 11 26 0 0.00 0.0 T 12.9 23 250 M M 1 29 240
20 50 26 38 10 27 0 0.00 0.0 0 8.8 21 290 M M 2 18 29 290
21 36 20 28 0 37 0 0.00 0.0 0 13.0 30 290 M M 2 40 290
22 35 33 34 5 31 0 0.82 0.0 0 17.1 28 80 M M 9 16 37 90
23 37 17 27 -2 38 0 T T 0 19.0 32 260 M M 10 12 40 260
24 29 12 21 -9 44 0 T T 0 9.1 17 310 M M 8 22 320
25 41 23 32 2 33 0 T 0.1 0 8.8 16 220 M M 3 1 20 230
26 55 24 40 10 25 0 0.00 0.0 0 8.9 24 130 M M 2 1 34 120
27 56 38 47 16 18 0 1.11 0.0 0 16.7 31 290 M M 10 138 42 290
28 49 34 42 11 23 0 0.01 0.0 0 9.7 21 310 M M 6 30 310
================================================================================
SM 1174 616 919 0 3.49 5.5 344.3 M 99
================================================================================
AV 41.9 22.0 12.3 FASTST M M 4 MAX(MPH)
MISC ----> 39 250 52 250
================================================================================
NOTES:
# LAST OF SEVERAL OCCURRENCES
COLUMN 17 PEAK WIND IN M.P.H.
PRELIMINARY LOCAL CLIMATOLOGICAL DATA (WS FORM: F-6) , PAGE 2
STATION: DAVENPORT IA
MONTH: FEBRUARY
YEAR: 2023
LATITUDE: 41 37 N
LONGITUDE: 90 35 W
[TEMPERATURE DATA] [PRECIPITATION DATA] SYMBOLS USED IN COLUMN 16
AVERAGE MONTHLY: 32.0 TOTAL FOR MONTH: 3.49 1 = FOG OR MIST
DPTR FM NORMAL: 5.7 DPTR FM NORMAL: 2.05 2 = FOG REDUCING VISIBILITY
HIGHEST: 56 ON 27 GRTST 24HR 1.25 ON 9- 9 TO 1/4 MILE OR LESS
LOWEST: -4 ON 3 3 = THUNDER
SNOW, ICE PELLETS, HAIL 4 = ICE PELLETS
TOTAL MONTH: 5.5 INCHES 5 = HAIL
GRTST 24HR 4.2 ON 16-16 6 = FREEZING RAIN OR DRIZZLE
GRTST DEPTH: 4 ON 17 7 = DUSTSTORM OR SANDSTORM:
VSBY 1/2 MILE OR LESS
8 = SMOKE OR HAZE
[NO. OF DAYS WITH] [WEATHER - DAYS WITH] 9 = BLOWING SNOW
X = TORNADO
MAX 32 OR BELOW: 6 0.01 INCH OR MORE: 6
MAX 90 OR ABOVE: 0 0.10 INCH OR MORE: 4
MIN 32 OR BELOW: 24 0.50 INCH OR MORE: 3
MIN 0 OR BELOW: 1 1.00 INCH OR MORE: 2
[HDD (BASE 65) ]
TOTAL THIS MO. 919 CLEAR (SCALE 0-3) 17
DPTR FM NORMAL -166 PTCLDY (SCALE 4-7) 5
TOTAL FM JUL 1 4479 CLOUDY (SCALE 8-10) 6
DPTR FM NORMAL -393
[CDD (BASE 65) ]
TOTAL THIS MO. 0
DPTR FM NORMAL 0 [PRESSURE DATA]
TOTAL FM JAN 1 0 HIGHEST SLP 30.74 ON 3
DPTR FM NORMAL 0 LOWEST SLP 29.04 ON 27
[REMARKS]
#FINAL-02-23#