000
CXUS54 KEWX 011110
CF6DZB
PRELIMINARY LOCAL CLIMATOLOGICAL DATA (WS FORM: F-6)
STATION: HORSESHOE BAY
MONTH: NOVEMBER
YEAR: 2022
LATITUDE: 30 31 N
LONGITUDE: 98 22 W
TEMPERATURE IN F: :PCPN: SNOW: WIND :SUNSHINE: SKY :PK WND
================================================================================
1 2 3 4 5 6A 6B 7 8 9 10 11 12 13 14 15 16 17 18
12Z AVG MX 2MIN
DY MAX MIN AVG DEP HDD CDD WTR SNW DPTH SPD SPD DIR MIN PSBL S-S WX SPD DR
================================================================================
1 76 53 65 M 0 0 0.00 M M 3.9 10 150 M M 4 16 150
2 77 53 65 M 0 0 0.00 M M 3.7 9 150 M M 6 17 150
3 83 69 76 M 0 11 0.00 M M 7.3 13 180 M M 9 24 160
4 89 62 76 M 0 11 0.00 M M 12.5 24 180 M M 5 8 39 180
5 79 46 63 M 2 0 0.00 M M 4.3 10 170 M M 1 8 18 170
6 88 48 68 M 0 3 0.00 M M 4.4 14 220 M M 1 8 20 220
7 86 65 76 M 0 11 0.06 M M 3.4 10 130 M M 6 128 22 130
8 81 59 70 M 0 5 0.00 M M 4.5 8 190 M M 6 1 16 130
9 82 64 73 M 0 8 0.00 M M 6.4 14 140 M M 6 18 20 140
10 84 66 75 M 0 10 0.00 M M 6.0 15 180 M M 8 18 18 160
11 73 43 58 M 7 0 0.66 M M 8.7 20 310 M M 8 38 25 330
12 57 35 46 M 19 0 0.00 M M 7.2 13 350 M M 0 20 340
13 58 30 44 M 21 0 0.00 M M 3.1 9 100 M M 1 M M
14 59 45 52 M 13 0 0.03 M M 4.1 12 340 M M 8 1 24 360
15 49 34 42 M 23 0 0.00 M M 6.7 15 340 M M 1 24 340
16 55 35 45 M 20 0 0.00 M M 3.2 9 50 M M 3 M M
17 59 41 50 M 15 0 0.00 M M 2.0 6 160 M M 8 M M
18 55 45 50 M 15 0 0.00 M M 1.8 7 40 M M 10 M M
19 45 36 41 M 24 0 0.15 M M 4.7 8 330 M M 10 16 360
20 44 37 41 M 24 0 0.00 M M 0.6 4 70 M M 10 M M
21 46 38 42 M 23 0 0.05 M M 0.2 3 150 M M 10 M M
22 56 44 50 M 15 0 0.00 M M 0.5 6 150 M M 10 1 M M
23 62 50 56 M 9 0 0.13 M M 2.4 7 150 M M 10 1 M M
24 65 58 62 M 3 0 0.61 M M 1.7 6 110 M M 10 123 M M
25 60 51 56 M 9 0 0.41 M M 4.7 9 40 M M 10 1 18 50
26 56 42 49 M 16 0 0.33 M M 7.1 15 270 M M 5 23 270
27 69 37 53 M 12 0 0.00 M M 3.7 15 220 M M 0 24 220
28 77 35 56 M 9 0 0.00 M M 4.7 12 190 M M 1 22 190
29 85 52 69 M 0 4 0.00 0.0 M 7.1 14 200 M M 3 24 200
30 58 34 46 M 19 0 0.00 0.0 M 7.4 15 360 M M 0 24 360
================================================================================
SM 2013 1407 298 63 2.43 0.0 137.9 M 170
================================================================================
AV 67.1 46.9 4.6 FASTST M M 6 MAX(MPH)
MISC ----> 24 180 39 180
================================================================================
NOTES:
# LAST OF SEVERAL OCCURRENCES
COLUMN 17 PEAK WIND IN M.P.H.
PRELIMINARY LOCAL CLIMATOLOGICAL DATA (WS FORM: F-6) , PAGE 2
STATION: HORSESHOE BAY
MONTH: NOVEMBER
YEAR: 2022
LATITUDE: 30 31 N
LONGITUDE: 98 22 W
[TEMPERATURE DATA] [PRECIPITATION DATA] SYMBOLS USED IN COLUMN 16
AVERAGE MONTHLY: 57.0 TOTAL FOR MONTH: 2.43 1 = FOG OR MIST
DPTR FM NORMAL: 0.0 DPTR FM NORMAL: M 2 = FOG REDUCING VISIBILITY
HIGHEST: 89 ON 4 GRTST 24HR 0.66 ON 11-11 TO 1/4 MILE OR LESS
LOWEST: 30 ON 13 3 = THUNDER
SNOW, ICE PELLETS, HAIL 4 = ICE PELLETS
TOTAL MONTH: 0.0 INCH 5 = HAIL
GRTST 24HR 0.0 6 = FREEZING RAIN OR DRIZZLE
GRTST DEPTH: M ON M 7 = DUSTSTORM OR SANDSTORM:
VSBY 1/2 MILE OR LESS
8 = SMOKE OR HAZE
[NO. OF DAYS WITH] [WEATHER - DAYS WITH] 9 = BLOWING SNOW
X = TORNADO
MAX 32 OR BELOW: 0 0.01 INCH OR MORE: 9
MAX 90 OR ABOVE: 0 0.10 INCH OR MORE: 6
MIN 32 OR BELOW: 1 0.50 INCH OR MORE: 2
MIN 0 OR BELOW: 0 1.00 INCH OR MORE: 0
[HDD (BASE 65) ]
TOTAL THIS MO. 298 CLEAR (SCALE 0-3) 10
DPTR FM NORMAL M PTCLDY (SCALE 4-7) 11
TOTAL FM JUL 1 335 CLOUDY (SCALE 8-10) 9
DPTR FM NORMAL M
[CDD (BASE 65) ]
TOTAL THIS MO. 63
DPTR FM NORMAL M [PRESSURE DATA]
TOTAL FM JAN 1 3545 HIGHEST SLP M ON M
DPTR FM NORMAL M LOWEST SLP M ON M
[REMARKS]
#FINAL-11-22#