000
CXUS56 KOTX 011010
CF6EAT
PRELIMINARY LOCAL CLIMATOLOGICAL DATA (WS FORM: F-6)
STATION: WENATCHEE WA PANGBORN FIELD
MONTH: FEBRUARY
YEAR: 2021
LATITUDE: 47 23 N
LONGITUDE: 120 12 W
TEMPERATURE IN F: :PCPN: SNOW: WIND :SUNSHINE: SKY :PK WND
================================================================================
1 2 3 4 5 6A 6B 7 8 9 10 11 12 13 14 15 16 17 18
12Z AVG MX 2MIN
DY MAX MIN AVG DEP HDD CDD WTR SNW DPTH SPD SPD DIR MIN PSBL S-S WX SPD DR
================================================================================
1 42 33 38 6 27 0 0.01 M M 2.1 8 250 M M 8 12 10 240
2 45 31 38 6 27 0 0.02 M M 4.5 24 270 M M 3 12 29 280
3 46 30 38 6 27 0 0.00 M M 6.5 20 300 M M 2 23 300
4 52 33 43 10 22 0 0.00 M M 3.5 16 300 M M 1 18 280
5 55 35 45 12 20 0 0.00 M M 11.7 30 290 M M 1 36 280
6 50 32 41 8 24 0 0.00 M M 8.1 23 320 M M 2 28 330
7 44 32 38 5 27 0 T M M 6.1 16 340 M M 9 21 340
8 34 24 29 -4 36 0 T M M 7.5 15 30 M M 9 19 20
9 29 18 24 -10 41 0 0.00 M M 3.7 15 20 M M 6 20 30
10 30 14 22 -12 43 0 0.00 M M 5.4 15 30 M M 5 21 40
11 22 15 19 -15 46 0 T M M 7.4 15 30 M M 9 18 19 20
12 19 15 17 -17 48 0 0.04 M M 4.8 12 40 M M 10 18 14 20
13 21 15 18 -16 47 0 0.14 M M 2.7 7 310 M M 10 1 9 310
14 26 17 22 -12 43 0 0.02 M M 2.3 8 120 M M 9 1 10 150
15 28 15 22 -13 43 0 0.08 M M 1.4 6 50 M M 7 12 7 290
16 28 14 21 -14 44 0 T M M 2.3 10 70 M M 5 1 13 80
17 36 18 27 -8 38 0 0.00 M M 2.3 9 120 M M 5 12 12 110
18 29 20 25 -10 40 0 0.04 M M 3.3 9 110 M M 7 1 12 110
19 29 16 23 -13 42 0 0.00 M M 1.9 7 70 M M 9 12 10 140
20 39 25 32 -4 33 0 T M M 4.6 15 70 M M 6 1 22 80
21 45 32 39 3 26 0 0.00 M M 3.4 12 60 M M 6 19 70
22 51 34 43 7 22 0 0.46 M M 15.9 37 290 M M 3 1 47 280
23 45 32 39 2 26 0 T M M 10.8 25 300 M M 3 29 310
24 45 30 38 1 27 0 0.00 M M 6.3 16 330 M M 1 19 330
25 49 31 40 2 25 0 0.07 M M 6.4 26 270 M M 7 1 35 280
26 47 32 40 2 25 0 0.03 M M 15.1 32 300 M M 2 1 40 310
27 47 30 39 1 26 0 0.00 M M 10.3 21 300 M M 1 25 300
28 55 33 44 6 21 0 0.00 M M 3.9 10 350 M M 0 14 320
================================================================================
SM 1088 706 916 0 0.91 M 164.2 M 146
================================================================================
AV 38.9 25.2 5.9 FASTST M M 5 MAX(MPH)
MISC ----> 37 290 47 280
================================================================================
NOTES:
# LAST OF SEVERAL OCCURRENCES
COLUMN 17 PEAK WIND IN M.P.H.
PRELIMINARY LOCAL CLIMATOLOGICAL DATA (WS FORM: F-6) , PAGE 2
STATION: WENATCHEE WA PANGBORN FIELD
MONTH: FEBRUARY
YEAR: 2021
LATITUDE: 47 23 N
LONGITUDE: 120 12 W
[TEMPERATURE DATA] [PRECIPITATION DATA] SYMBOLS USED IN COLUMN 16
AVERAGE MONTHLY: 32.0 TOTAL FOR MONTH: 0.91 1 = FOG OR MIST
DPTR FM NORMAL: -2.8 DPTR FM NORMAL: 0.10 2 = FOG REDUCING VISIBILITY
HIGHEST: 55 ON 28, 5 GRTST 24HR 0.46 ON 22-22 TO 1/4 MILE OR LESS
LOWEST: 14 ON 16,10 3 = THUNDER
SNOW, ICE PELLETS, HAIL 4 = ICE PELLETS
TOTAL MONTH: M 5 = HAIL
GRTST 24HR M ON M 6 = FREEZING RAIN OR DRIZZLE
GRTST DEPTH: M ON M 7 = DUSTSTORM OR SANDSTORM:
VSBY 1/2 MILE OR LESS
8 = SMOKE OR HAZE
[NO. OF DAYS WITH] [WEATHER - DAYS WITH] 9 = BLOWING SNOW
X = TORNADO
MAX 32 OR BELOW: 10 0.01 INCH OR MORE: 10
MAX 90 OR ABOVE: 0 0.10 INCH OR MORE: 2
MIN 32 OR BELOW: 23 0.50 INCH OR MORE: 0
MIN 0 OR BELOW: 0 1.00 INCH OR MORE: 0
[HDD (BASE 65) ]
TOTAL THIS MO. 916 CLEAR (SCALE 0-3) 9
DPTR FM NORMAL 72 PTCLDY (SCALE 4-7) 12
TOTAL FM JUL 1 4231 CLOUDY (SCALE 8-10) 7
DPTR FM NORMAL -235
[CDD (BASE 65) ]
TOTAL THIS MO. 0
DPTR FM NORMAL 0 [PRESSURE DATA]
TOTAL FM JAN 1 0 HIGHEST SLP M ON M
DPTR FM NORMAL 0 LOWEST SLP 29.67 ON 1
[REMARKS]
#FINAL-02-21#