000
CXUS53 KMPX 011858 CCA
CF6EAU
PRELIMINARY LOCAL CLIMATOLOGICAL DATA (WS FORM: F-6)
STATION: EAU CLAIRE WI
MONTH: JANUARY
YEAR: 2024
LATITUDE: 44 52 N
LONGITUDE: 91 29 W
TEMPERATURE IN F: :PCPN: SNOW: WIND :SUNSHINE: SKY :PK WND
================================================================================
1 2 3 4 5 6A 6B 7 8 9 10 11 12 13 14 15 16 17 18
12Z AVG MX 2MIN
DY MAX MIN AVG DEP HDD CDD WTR SNW DPTH SPD SPD DIR MIN PSBL S-S WX SPD DR
================================================================================
1 25 22 24 8 41 0 0.00 0.0 T 8.1 15 210 M M 10 18 20 210
2 33 20 27 11 38 0 0.00 0.0 0 6.7 14 310 M M 6 18 310
3 33 23 28 12 37 0 0.00 0.0 0 7.7 15 340 M M 10 21 340
4 26 17 22 6 43 0 T T 0 4.1 13 220 M M 10 8 17 220
5 35 26 31 15 34 0 T 0.1 0 5.8 13 150 M M 8 1 16 190
6 33 26 30 15 35 0 0.00 0.0 T 3.0 9 170 M M 10 18 12 180
7 30 27 29 14 36 0 T 0.1 T 5.2 10 260 M M 10 18 13 290
8 30 25 28 13 37 0 0.00 0.0 0 7.5 16 150 M M 10 21 160
9 34 29 32 17 33 0 0.12 2.0 1 10.0 16 360 M M 10 18 26 10
10 30 26 28 13 37 0 0.02 0.3 2 4.2 15 310 M M 10 18 20 300
11 27 12 20 5 45 0 0.01 0.1 2 6.3 14 250 M M 8 18 18 250
12 23 10 17 3 48 0 0.26 3.8 2 10.6 20 360 M M 8 18 30 350
13 23 0 12 -2 53 0 T T 4 12.7 20 310 M M 10 18 31 320
14 2 -7 -2 -16 67 0 0.00 0.0 4 10.9 17 260 M M 7 8 26 270
15 2 -12 -5 -19 70 0 0.00 0.0 4 9.8 17 260 M M 3 8 28 260
16 5 -8 -1 -15 66 0 0.00 0.0 4 10.8 22 240 M M 0 30 250
17 12 1 7 -7 58 0 0.00 0.0 4 7.7 14 280 M M 3 20 240
18 10 -9 1 -13 64 0 0.00 0.0 4 5.0 13 340 M M 2 8 19 330
19 8 -2 3 -11 62 0 T 0.1 4 7.2 12 340 M M 4 8 M M
20 9 -11 -1 -15 66 0 0.00 0.0 4 4.6 8 250 M M 0 M M
21 22 -1 11 -3 54 0 0.00 0.0 4 11.1 20 160 M M 2 27 160
22 33 9 21 7 44 0 0.00 0.0 4 3.4 13 220 M M 6 15 250
23 34 29 32 18 33 0 0.00 0.0 3 5.9 12 120 M M 10 18 13 120
24 35 31 33 19 32 0 T 0.0 3 4.0 10 150 M M 10 18 13 150
25 38 33 36 22 29 0 T 0.0 3 1.8 7 50 M M 10 12 8 50
26 39 34 37 23 28 0 0.00 0.0 2 1.2 5 60 M M 10 12 7 360
27 36 32 34 20 31 0 0.00 0.0 T 5.3 12 330 M M 10 12 14 340
28 34 30 32 18 33 0 0.00 0.0 T 6.1 10 330 M M 10 1 13 330
29 47 30 39 25 26 0 0.00 0.0 T 7.4 13 300 M M 6 1 19 310
30 40 28 34 20 31 0 T 0.0 T 6.8 13 330 M M 9 19 360
31 52 29 41 26 24 0 0.00 0.0 0 7.0 16 240 M M 4 1 23 250
================================================================================
SM 840 499 1335 0 0.41 6.5 207.9 M 226
================================================================================
AV 27.1 16.1 6.7 FASTST M M 7 MAX(MPH)
MISC ----> 22 240 31 320
================================================================================
NOTES:
# LAST OF SEVERAL OCCURRENCES
COLUMN 17 PEAK WIND IN M.P.H.
PRELIMINARY LOCAL CLIMATOLOGICAL DATA (WS FORM: F-6) , PAGE 2
STATION: EAU CLAIRE WI
MONTH: JANUARY
YEAR: 2024
LATITUDE: 44 52 N
LONGITUDE: 91 29 W
[TEMPERATURE DATA] [PRECIPITATION DATA] SYMBOLS USED IN COLUMN 16
AVERAGE MONTHLY: 21.6 TOTAL FOR MONTH: 0.41 1 = FOG OR MIST
DPTR FM NORMAL: 7.0 DPTR FM NORMAL: -0.62 2 = FOG REDUCING VISIBILITY
HIGHEST: 52 ON 31 GRTST 24HR 0.26 ON 12-12 TO 1/4 MILE OR LESS
LOWEST: -12 ON 15 3 = THUNDER
SNOW, ICE PELLETS, HAIL 4 = ICE PELLETS
TOTAL MONTH: 6.5 INCHES 5 = HAIL
GRTST 24HR 3.8 ON 12-12 6 = FREEZING RAIN OR DRIZZLE
GRTST DEPTH: 4 ON 22,21 7 = DUSTSTORM OR SANDSTORM:
VSBY 1/2 MILE OR LESS
8 = SMOKE OR HAZE
[NO. OF DAYS WITH] [WEATHER - DAYS WITH] 9 = BLOWING SNOW
X = TORNADO
MAX 32 OR BELOW: 16 0.01 INCH OR MORE: 4
MAX 90 OR ABOVE: 0 0.10 INCH OR MORE: 2
MIN 32 OR BELOW: 29 0.50 INCH OR MORE: 0
MIN 0 OR BELOW: 8 1.00 INCH OR MORE: 0
[HDD (BASE 65) ]
TOTAL THIS MO. 1335 CLEAR (SCALE 0-3) 5
DPTR FM NORMAL -227 PTCLDY (SCALE 4-7) 9
TOTAL FM JUL 1 3771 CLOUDY (SCALE 8-10) 17
DPTR FM NORMAL -883
[CDD (BASE 65) ]
TOTAL THIS MO. 0
DPTR FM NORMAL 0 [PRESSURE DATA]
TOTAL FM JAN 1 0 HIGHEST SLP 30.69 ON 20
DPTR FM NORMAL 0 LOWEST SLP 29.39 ON 9
[REMARKS]
#FINAL-01-24#
THE PRECIPITATION DATA FOR JANUARY 5TH...9TH THROUGH
12TH...18TH AND 20TH IS FROM THE 8 INCH DIAMETER RAIN
GAUGE AT THE SNOW OBSERVING SITE.