000
CXUS52 KTAE 010800
CF6ECP
PRELIMINARY LOCAL CLIMATOLOGICAL DATA (WS FORM: F-6)
STATION: PANAMA CITY NW
MONTH: JULY
YEAR: 2023
LATITUDE: 30 21 N
LONGITUDE: 85 48 W
TEMPERATURE IN F: :PCPN: SNOW: WIND :SUNSHINE: SKY :PK WND
================================================================================
1 2 3 4 5 6A 6B 7 8 9 10 11 12 13 14 15 16 17 18
12Z AVG MX 2MIN
DY MAX MIN AVG DEP HDD CDD WTR SNW DPTH SPD SPD DIR MIN PSBL S-S WX SPD DR
================================================================================
1 97 78 88 6 0 23 T 0.0 M 5.6 18 210 M M 2 13 22 210
2 95 78 87 5 0 22 T 0.0 M 6.2 17 180 M M 1 138 22 160
3 93 76 85 3 0 20 0.00 0.0 0 5.5 18 180 M M 2 18 22 170
4 93 77 85 3 0 20 0.13 0.0 0 4.2 16 170 M M 2 38 19 180
5 93 74 84 2 0 19 1.91 0.0 0 3.7 25 280 M M 3 138 32 240
6 93 75 84 2 0 19 0.22 0.0 0 5.5 21 270 M M 2 13 29 250
7 93 76 85 3 0 20 T 0.0 0 6.2 18 220 M M 1 3 23 210
8 93 76 85 3 0 20 0.22 0.0 0 6.3 22 300 M M 2 3 32 310
9 90 77 84 2 0 19 0.34 M M 7.7 28 250 M M 4 138 38 250
10 86 77 82 0 0 17 3.82 M M 8.4 30 240 M M 6 138 39 250
11 90 76 83 1 0 18 0.00 M M 5.0 16 170 M M 3 20 180
12 90 77 84 2 0 19 0.64 M M 3.5 21 250 M M 3 13 29 240
13 88 75 82 0 0 17 1.24 M M 3.2 22 250 M M 4 138 26 260
14 83 76 80 -2 0 15 1.41 0.0 M 5.7 14 210 M M 5 13 17 210
15 89 76 83 1 0 18 0.24 0.0 M 3.8 23 180 M M 4 13 27 180
16 91 76 84 2 0 19 0.00 0.0 0 7.4 15 240 M M 3 138 21 220
17 94 76 85 3 0 20 0.10 0.0 0 4.3 21 240 M M 1 3 28 240
18 95 75 85 3 0 20 0.00 M M 2.1 12 210 M M 1 18 14 200
19 93 77 85 3 0 20 0.01 M M 4.4 15 180 M M 1 18 19 180
20 93 78 86 4 0 21 0.00 0.0 0 4.3 15 160 M M 2 18 19 200
21 94 78 86 4 0 21 0.00 0.0 0 5.9 15 200 M M 1 1 19 230
22 94 76 85 3 0 20 0.20 0.0 0 4.8 25 330 M M 3 13 32 340
23 85 74 80 -2 0 15 0.77 0.0 0 3.9 23 280 M M 6 138 28 290
24 90 76 83 1 0 18 0.01 0.0 0 4.4 16 230 M M 4 13 20 230
25 93 73 83 1 0 18 0.00 0.0 0 3.3 13 220 M M 2 18 19 210
26 94 74 84 2 0 19 0.00 0.0 0 2.9 13 200 M M 2 1 16 190
27 95 75 85 3 0 20 0.18 0.0 0 3.1 14 290 M M 2 138 16 50
28 95 76 86 4 0 21 0.19 0.0 M 2.4 21 20 M M 1 138 29 30
29 95 76 86 4 0 21 0.00 0.0 M 3.9 13 210 M M 1 3 21 230
30 96 76 86 4 0 21 0.02 0.0 0 5.7 25 310 M M 2 3 34 320
31 96 74 85 3 0 20 T 0.0 0 4.8 15 310 M M 4 1 30 350
================================================================================
SM 2859 2354 0 600 11.65 0.0 148.1 M 80
================================================================================
AV 92.2 75.9 4.8 FASTST M M 3 MAX(MPH)
MISC ----> 30 240 39 250
================================================================================
NOTES:
# LAST OF SEVERAL OCCURRENCES
COLUMN 17 PEAK WIND IN M.P.H.
PRELIMINARY LOCAL CLIMATOLOGICAL DATA (WS FORM: F-6) , PAGE 2
STATION: PANAMA CITY NW
MONTH: JULY
YEAR: 2023
LATITUDE: 30 21 N
LONGITUDE: 85 48 W
[TEMPERATURE DATA] [PRECIPITATION DATA] SYMBOLS USED IN COLUMN 16
AVERAGE MONTHLY: 84.1 TOTAL FOR MONTH: 11.65 1 = FOG OR MIST
DPTR FM NORMAL: 2.0 DPTR FM NORMAL: 4.89 2 = FOG REDUCING VISIBILITY
HIGHEST: 97 ON 1 GRTST 24HR 3.83 ON 9-10 TO 1/4 MILE OR LESS
LOWEST: 73 ON 25 3 = THUNDER
SNOW, ICE PELLETS, HAIL 4 = ICE PELLETS
TOTAL MONTH: 0.0 INCH 5 = HAIL
GRTST 24HR 0.0 6 = FREEZING RAIN OR DRIZZLE
GRTST DEPTH: 0 7 = DUSTSTORM OR SANDSTORM:
VSBY 1/2 MILE OR LESS
8 = SMOKE OR HAZE
[NO. OF DAYS WITH] [WEATHER - DAYS WITH] 9 = BLOWING SNOW
X = TORNADO
MAX 32 OR BELOW: 0 0.01 INCH OR MORE: 18
MAX 90 OR ABOVE: 26 0.10 INCH OR MORE: 15
MIN 32 OR BELOW: 0 0.50 INCH OR MORE: 6
MIN 0 OR BELOW: 0 1.00 INCH OR MORE: 4
[HDD (BASE 65) ]
TOTAL THIS MO. 0 CLEAR (SCALE 0-3) 22
DPTR FM NORMAL 0 PTCLDY (SCALE 4-7) 9
TOTAL FM JUL 1 0 CLOUDY (SCALE 8-10) 0
DPTR FM NORMAL 0
[CDD (BASE 65) ]
TOTAL THIS MO. 600
DPTR FM NORMAL 68 [PRESSURE DATA]
TOTAL FM JAN 1 1780 HIGHEST SLP M ON M
DPTR FM NORMAL 342 LOWEST SLP 29.91 ON 7
[REMARKS]
#FINAL-07-23#