000
CXUS54 KEWX 011010
CF6ECU
PRELIMINARY LOCAL CLIMATOLOGICAL DATA (WS FORM: F-6)
STATION: EDWARDS COUNTY AIRPORT
MONTH: AUGUST
YEAR: 2022
LATITUDE: 29 57 N
LONGITUDE: 100 10 W
TEMPERATURE IN F: :PCPN: SNOW: WIND :SUNSHINE: SKY :PK WND
================================================================================
1 2 3 4 5 6A 6B 7 8 9 10 11 12 13 14 15 16 17 18
12Z AVG MX 2MIN
DY MAX MIN AVG DEP HDD CDD WTR SNW DPTH SPD SPD DIR MIN PSBL S-S WX SPD DR
================================================================================
1 93 70 82 M 0 17 0.00 M M 10.5 16 140 M M 2 23 140
2 97 72 85 M 0 20 0.00 M M 14.3 21 150 M M 0 28 150
3 97 73 85 M 0 20 0.00 M M 14.0 18 150 M M 1 28 140
4 99 73 86 M 0 21 0.00 M M 11.1 17 160 M M 1 21 140
5 95 72 84 M 0 19 0.00 M M 11.9 17 160 M M 2 25 140
6 91 72 82 M 0 17 0.00 M M 11.8 22 160 M M 2 27 140
7 93 72 83 M 0 18 0.00 M M 13.2 17 150 M M 2 28 130
8 95 72 84 M 0 19 0.00 M M 11.5 20 140 M M 1 30 140
9 95 72 84 M 0 19 0.00 M M 9.2 14 160 M M 3 21 140
10 97 73 85 M 0 20 0.00 M M 8.9 20 20 M M 1 27 20
11 91 72 82 M 0 17 0.00 0.0 M 4.1 15 240 M M 1 16 120
12 93 68 81 M 0 16 0.00 0.0 M 4.5 13 180 M M 4 18 100
13 91 73 82 M 0 17 0.08 M M 4.6 12 180 M M 5 25 210
14 91 70 81 M 0 16 0.00 M M 8.2 14 130 M M 4 24 130
15 73 70 72 M 0 7 0.22 M M 9.5 14 110 M M 5 23 110
16 90 70 80 M 0 15 0.00 M M 9.6 14 130 M M 5 23 140
17 93 72 83 M 0 18 0.00 0.0 M 7.8 13 140 M M 2 21 130
18 95 72 84 M 0 19 0.23 M M 5.8 13 80 M M 5 29 99
19 88 68 78 M 0 13 0.62 M M 7.9 12 130 M M 4 20 350
20 90 70 80 M 0 15 0.00 M M 12.9 16 120 M M 2 24 150
21 90 72 81 M 0 16 0.00 M M 8.6 17 130 M M 6 24 140
22 88 72 80 M 0 15 0.27 M M 7.3 15 150 M M 8 13 20 250
23 81 70 76 M 0 11 0.52 M M 2.7 9 80 M M 9 1 17 0
24 82 73 78 M 0 13 0.00 M M 4.1 9 20 M M 9 16 340
25 84 70 77 M 0 12 0.30 M M 5.3 10 70 M M 7 20 90
26 91 68 80 M 0 15 0.00 M M 4.8 12 140 M M 3 15 160
27 90 70 80 M 0 15 0.00 M M 8.0 13 160 M M 2 20 160
28 90 72 81 M 0 16 0.00 M M 11.7 18 150 M M 3 25 160
29 91 72 82 M 0 17 0.00 M M 9.5 16 140 M M 5 21 170
30 79 70 75 M 0 10 0.95 M M 7.0 10 110 M M 7 17 30
31 81 68 75 M 0 10 1.20 M M 6.0 16 140 M M 8 24 140
================================================================================
SM 2794 2203 0 493 4.39 0.0 266.4 M 119
================================================================================
AV 90.1 71.1 8.6 FASTST M M 4 MAX(MPH)
MISC ----> 22 160 30 140
================================================================================
NOTES:
# LAST OF SEVERAL OCCURRENCES
COLUMN 17 PEAK WIND IN M.P.H.
PRELIMINARY LOCAL CLIMATOLOGICAL DATA (WS FORM: F-6) , PAGE 2
STATION: EDWARDS COUNTY AIRPORT
MONTH: AUGUST
YEAR: 2022
LATITUDE: 29 57 N
LONGITUDE: 100 10 W
[TEMPERATURE DATA] [PRECIPITATION DATA] SYMBOLS USED IN COLUMN 16
AVERAGE MONTHLY: 80.6 TOTAL FOR MONTH: 4.39 1 = FOG OR MIST
DPTR FM NORMAL: 0.0 DPTR FM NORMAL: M 2 = FOG REDUCING VISIBILITY
HIGHEST: 99 ON 4 GRTST 24HR 1.20 ON 31-31 TO 1/4 MILE OR LESS
LOWEST: 68 ON 31,26 3 = THUNDER
SNOW, ICE PELLETS, HAIL 4 = ICE PELLETS
TOTAL MONTH: 0.0 INCH 5 = HAIL
GRTST 24HR 0.0 6 = FREEZING RAIN OR DRIZZLE
GRTST DEPTH: M ON M 7 = DUSTSTORM OR SANDSTORM:
VSBY 1/2 MILE OR LESS
8 = SMOKE OR HAZE
[NO. OF DAYS WITH] [WEATHER - DAYS WITH] 9 = BLOWING SNOW
X = TORNADO
MAX 32 OR BELOW: 0 0.01 INCH OR MORE: 9
MAX 90 OR ABOVE: 23 0.10 INCH OR MORE: 8
MIN 32 OR BELOW: 0 0.50 INCH OR MORE: 4
MIN 0 OR BELOW: 0 1.00 INCH OR MORE: 1
[HDD (BASE 65) ]
TOTAL THIS MO. 0 CLEAR (SCALE 0-3) 15
DPTR FM NORMAL M PTCLDY (SCALE 4-7) 14
TOTAL FM JUL 1 0 CLOUDY (SCALE 8-10) 2
DPTR FM NORMAL M
[CDD (BASE 65) ]
TOTAL THIS MO. 493
DPTR FM NORMAL M [PRESSURE DATA]
TOTAL FM JAN 1 2061 HIGHEST SLP M ON M
DPTR FM NORMAL M LOWEST SLP M ON M
[REMARKS]
#FINAL-08-22#