000
CXUS55 KVEF 040221
CF6EED
PRELIMINARY LOCAL CLIMATOLOGICAL DATA (WS FORM: F-6)
STATION: NEEDLES CA
MONTH: AUGUST
YEAR: 2021
LATITUDE: 34 46 N
LONGITUDE: 114 37 W
TEMPERATURE IN F: :PCPN: SNOW: WIND :SUNSHINE: SKY :PK WND
================================================================================
1 2 3 4 5 6A 6B 7 8 9 10 11 12 13 14 15 16 17 18
12Z AVG MX 2MIN
DY MAX MIN AVG DEP HDD CDD WTR SNW DPTH SPD SPD DIR MIN PSBL S-S WX SPD DR
================================================================================
1 110 84 97 -2 0 32 0.00 M M 4.8 14 170 M M 0 19 50
2 114 87 101 2 0 36 0.00 M M 5.0 13 230 M M 0 15 60
3 118 89 104 5 0 39 0.00 M M 4.6 14 340 M M 1 19 350
4 121 90 106 7 0 41 0.00 M M 6.5 15 260 M M 1 19 280
5 118 90 104 5 0 39 0.00 M M 11.4 28 210 M M 0 32 190
6 114 94 104 6 0 39 0.00 M M 13.2 23 240 M M 0 33 260
7 113 89 101 3 0 36 0.00 M M 8.1 18 230 M M 0 26 230
8 113 87 100 2 0 35 0.00 M M 11.5 22 200 M M 0 29 200
9 108 89 99 1 0 34 0.00 M M 9.4 17 180 M M 0 23 200
10 107 77 92 -6 0 27 0.27 M M 10.7 39 110 M M 1 3 55 110
11 99 80 90 -8 0 25 0.00 M M 7.2 16 200 M M 0 20 200
12 103 83 93 -5 0 28 0.00 M M 6.4 17 210 M M 0 22 210
13 106 87 97 -1 0 32 0.00 M M 7.6 18 190 M M 0 24 180
14 105 86 96 -2 0 31 0.00 M M 10.7 23 170 M M 0 29 160
15 109 87 98 0 0 33 0.00 M M 7.4 17 200 M M 0 22 190
16 109 89 99 1 0 34 0.00 M M 11.5 24 220 M M 0 28 220
17 105 91 98 0 0 33 0.00 M M 16.7 26 180 M M 0 34 180
18 104 88 96 -1 0 31 0.00 M M 19.2 30 190 M M 1 49 200
19 99 83 91 -6 0 26 0.00 M M 12.4 20 190 M M 0 27 190
20 102 80 91 -6 0 26 0.00 M M 6.2 20 190 M M 0 26 160
21 103 83 93 -4 0 28 0.00 M M 11.2 24 180 M M 0 33 170
22 104 79 92 -5 0 27 0.00 M M 9.8 18 210 M M 0 26 210
23 106 77 92 -5 0 27 0.00 M M 8.2 20 180 M M 0 29 170
24 109 79 94 -2 0 29 0.00 M M 7.9 20 170 M M 0 28 150
25 112 83 98 2 0 33 0.00 M M 6.1 17 240 M M 0 24 250
26 114 86 100 4 0 35 0.00 M M 5.4 14 130 M M 0 17 150
27 116 83 100 4 0 35 0.00 M M 6.4 23 230 M M 0 27 230
28 111 87 99 3 0 34 0.00 M M 8.5 23 180 M M 0 37 200
29 113 90 102 6 0 37 0.00 M M M 29 90 M M M 45 90
30 M M M M M M 0.03 M M M 33 250 M M M 40 250
31 102 77 90 -5 0 25 0.00 M M 11.1 36 260 M M M 39 260
================================================================================
SM 3267 2554 0 967 0.30 M 265.1 M 4
================================================================================
AV108.9 85.1 9.1 FASTST M M 0 MAX(MPH)
MISC ----> 39 110 55 110
================================================================================
NOTES:
# LAST OF SEVERAL OCCURRENCES
COLUMN 17 PEAK WIND IN M.P.H.
PRELIMINARY LOCAL CLIMATOLOGICAL DATA (WS FORM: F-6) , PAGE 2
STATION: NEEDLES CA
MONTH: AUGUST
YEAR: 2021
LATITUDE: 34 46 N
LONGITUDE: 114 37 W
[TEMPERATURE DATA] [PRECIPITATION DATA] SYMBOLS USED IN COLUMN 16
AVERAGE MONTHLY: 97.0 TOTAL FOR MONTH: 0.30 1 = FOG OR MIST
DPTR FM NORMAL: -0.4 DPTR FM NORMAL: -0.09 2 = FOG REDUCING VISIBILITY
HIGHEST: 121 ON 4 GRTST 24HR 0.27 ON 10-10 TO 1/4 MILE OR LESS
LOWEST: 77 ON 31,23 3 = THUNDER
SNOW, ICE PELLETS, HAIL 4 = ICE PELLETS
TOTAL MONTH: M 5 = HAIL
GRTST 24HR M ON M 6 = FREEZING RAIN OR DRIZZLE
GRTST DEPTH: M ON M 7 = DUSTSTORM OR SANDSTORM:
VSBY 1/2 MILE OR LESS
8 = SMOKE OR HAZE
[NO. OF DAYS WITH] [WEATHER - DAYS WITH] 9 = BLOWING SNOW
X = TORNADO
MAX 32 OR BELOW: 0 0.01 INCH OR MORE: 2
MAX 90 OR ABOVE: 30 0.10 INCH OR MORE: 1
MIN 32 OR BELOW: 0 0.50 INCH OR MORE: 0
MIN 0 OR BELOW: 0 1.00 INCH OR MORE: 0
[HDD (BASE 65) ]
TOTAL THIS MO. 0 CLEAR (SCALE 0-3) 28
DPTR FM NORMAL 0 PTCLDY (SCALE 4-7) 0
TOTAL FM JUL 1 0 CLOUDY (SCALE 8-10) 3
DPTR FM NORMAL 0
[CDD (BASE 65) ]
TOTAL THIS MO. 967
DPTR FM NORMAL -36 [PRESSURE DATA]
TOTAL FM JAN 1 4011 HIGHEST SLP M ON M
DPTR FM NORMAL 161 LOWEST SLP 28.75 ON 5
[REMARKS]
#FINAL-08-21#