000
CXUS55 KGJT 011000
CF6EEO
PRELIMINARY LOCAL CLIMATOLOGICAL DATA (WS FORM: F-6)
STATION: MEEKER CO
MONTH: JULY
YEAR: 2020
LATITUDE: 40 2 N
LONGITUDE: 107 53 W
TEMPERATURE IN F: :PCPN: SNOW: WIND :SUNSHINE: SKY :PK WND
================================================================================
1 2 3 4 5 6A 6B 7 8 9 10 11 12 13 14 15 16 17 18
12Z AVG MX 2MIN
DY MAX MIN AVG DEP HDD CDD WTR SNW DPTH SPD SPD DIR MIN PSBL S-S WX SPD DR
================================================================================
1 82 35 59 -6 6 0 0.00 M M 8.7 29 250 M M 0 37 240
2 86 43 65 0 0 0 0.00 M M 9.5 23 190 M M 0 33 190
3 86 44 65 0 0 0 T M M 4.9 15 190 M M 0 22 90
4 86 48 67 2 0 2 0.00 M M 6.7 16 180 M M 1 25 180
5 88 48 68 2 0 3 0.00 M M 5.6 28 220 M M 0 39 220
6 92 45 69 3 0 4 0.00 M M 6.2 25 250 M M 0 35 200
7 91 48 70 4 0 5 0.00 M M 10.2 32 240 M M 0 42 250
8 89 40 65 -1 0 0 0.00 M M 7.3 22 250 M M 0 30 250
9 90 45 68 2 0 3 0.00 M M 8.0 24 240 M M 0 32 240
10 92 41 67 1 0 2 0.00 M M 7.7 24 260 M M 0 32 260
11 95 44 70 3 0 5 0.00 M M 4.7 18 280 M M 0 24 310
12 90 49 70 3 0 5 0.05 M M 6.0 26 280 M M 1 3 39 250
13 91 57 74 7 0 9 0.03 M M 10.3 45 230 M M 2 38 66 210
14 89 52 71 4 0 6 T M M 7.2 38 230 M M 1 3 49 240
15 91 50 71 4 0 6 0.00 M M 5.8 24 250 M M 0 8 33 240
16 89 52 71 3 0 6 T M M 5.8 26 170 M M 1 41 190
17 84 50 67 -1 0 2 0.05 M M 5.1 23 220 M M 1 3 31 220
18 92 48 70 2 0 5 T M M 6.6 23 210 M M 1 35 200
19 87 55 71 3 0 6 T M M 6.6 28 210 M M 0 43 220
20 91 46 69 1 0 4 0.00 M M 4.9 17 270 M M 0 25 270
21 91 46 69 1 0 4 0.00 M M 5.1 18 290 M M 0 23 290
22 83 50 67 -1 0 2 0.07 M M 5.0 28 230 M M 2 13 37 230
23 82 49 66 -2 0 1 0.04 M M 5.9 26 290 M M 1 3 35 290
24 79 54 67 -1 0 2 0.05 M M 3.6 14 200 M M 4 21 220
25 80 53 67 -1 0 2 0.00 M M 5.1 22 330 M M 2 28 320
26 90 50 70 2 0 5 0.00 M M 5.2 16 10 M M 0 23 360
27 91 49 70 2 0 5 0.01 M M 5.2 21 250 M M 0 27 250
28 81 55 68 0 0 3 0.34 M M 6.5 22 110 M M 4 3 31 290
29 89 47 68 0 0 3 0.00 M M 8.1 24 240 M M 1 40 280
30 88 45 67 -1 0 2 0.00 M M 5.2 22 360 M M 0 32 20
31 93 47 70 2 0 5 0.00 M M 7.4 32 10 M M 0 46 290
================================================================================
SM 2728 1485 6 107 0.64 M 200.1 M 22
================================================================================
AV 88.0 47.9 6.5 FASTST M M 1 MAX(MPH)
MISC ----> # 45 230 # 66 210
================================================================================
NOTES:
# LAST OF SEVERAL OCCURRENCES
COLUMN 17 PEAK WIND IN M.P.H.
PRELIMINARY LOCAL CLIMATOLOGICAL DATA (WS FORM: F-6) , PAGE 2
STATION: MEEKER CO
MONTH: JULY
YEAR: 2020
LATITUDE: 40 2 N
LONGITUDE: 107 53 W
[TEMPERATURE DATA] [PRECIPITATION DATA] SYMBOLS USED IN COLUMN 16
AVERAGE MONTHLY: 68.0 TOTAL FOR MONTH: 0.64 1 = FOG OR MIST
DPTR FM NORMAL: 0.9 DPTR FM NORMAL: -0.51 2 = FOG REDUCING VISIBILITY
HIGHEST: 95 ON 11 GRTST 24HR 0.34 ON 28-28 TO 1/4 MILE OR LESS
LOWEST: 35 ON 1 3 = THUNDER
SNOW, ICE PELLETS, HAIL 4 = ICE PELLETS
TOTAL MONTH: M 5 = HAIL
GRTST 24HR M ON M 6 = FREEZING RAIN OR DRIZZLE
GRTST DEPTH: M ON M 7 = DUSTSTORM OR SANDSTORM:
VSBY 1/2 MILE OR LESS
8 = SMOKE OR HAZE
[NO. OF DAYS WITH] [WEATHER - DAYS WITH] 9 = BLOWING SNOW
X = TORNADO
MAX 32 OR BELOW: 0 0.01 INCH OR MORE: 8
MAX 90 OR ABOVE: 14 0.10 INCH OR MORE: 1
MIN 32 OR BELOW: 0 0.50 INCH OR MORE: 0
MIN 0 OR BELOW: 0 1.00 INCH OR MORE: 0
[HDD (BASE 65) ]
TOTAL THIS MO. 6 CLEAR (SCALE 0-3) 29
DPTR FM NORMAL -14 PTCLDY (SCALE 4-7) 2
TOTAL FM JUL 1 6 CLOUDY (SCALE 8-10) 0
DPTR FM NORMAL -14
[CDD (BASE 65) ]
TOTAL THIS MO. 107
DPTR FM NORMAL 22 [PRESSURE DATA]
TOTAL FM JAN 1 127 HIGHEST SLP 30.16 ON 11
DPTR FM NORMAL 24 LOWEST SLP 29.69 ON 13
[REMARKS]
#FINAL-07-20#