000
CXUS56 KEKA 022356
CF6EKA
PRELIMINARY LOCAL CLIMATOLOGICAL DATA (WS FORM: F-6)
STATION: EUREKA CA
MONTH: MAY
YEAR: 2022
LATITUDE: 40 47 N
LONGITUDE: 124 10 W
TEMPERATURE IN F: :PCPN: SNOW: WIND :SUNSHINE: SKY :PK WND
================================================================================
1 2 3 4 5 6A 6B 7 8 9 10 11 12 13 14 15 16 17 18
12Z AVG MX 2MIN
DY MAX MIN AVG DEP HDD CDD WTR SNW DPTH SPD SPD DIR MIN PSBL S-S WX SPD DR
================================================================================
1 58 46 52 0 13 0 0.00 0.0 0 3.7 10 340 M M 3 11 M
2 57 45 51 -1 14 0 0.13 0.0 0 8.7 14 30 M M 4 20 M
3 56 42 49 -3 16 0 0.00 0.0 0 6.7 14 350 M M 1 23 M
4 56 47 52 0 13 0 0.00 0.0 0 3.7 8 360 M M 10 1 12 M
5 63 49 56 4 9 0 0.25 0.0 0 6.5 13 160 M M 10 1 16 M
6 64 52 58 5 7 0 0.09 0.0 0 8.7 15 240 M M 10 1 32 M
7 57 46 52 -1 13 0 0.04 0.0 0 5.1 10 270 M M 7 17 M
8 52 42 47 -6 18 0 0.46 0.0 0 7.8 16 280 M M 8 3 25 M
9 52 40 46 -7 19 0 0.09 0.0 0 5.2 12 320 M M 8 16 M
10 54 36 45 -8 20 0 0.00 0.0 0 4.9 12 290 M M 3 1 14 M
11 58 48 53 0 12 0 0.00 0.0 0 4.7 12 330 M M 8 12 M
12 58 46 52 -1 13 0 0.01 0.0 0 5.3 12 180 M M 10 16 M
13 62 53 58 5 7 0 0.16 0.0 0 4.7 12 270 M M 10 1 17 M
14 61 51 56 2 9 0 T 0.0 0 3.8 9 280 M M 10 2 9 M
15 64 51 58 4 7 0 0.02 0.0 0 4.5 9 280 M M 8 2 10 M
16 58 50 54 0 11 0 0.03 0.0 0 8.6 14 340 M M 7 1 17 M
17 59 50 55 1 10 0 0.00 0.0 0 8.5 12 360 M M 5 20 M
18 66 46 56 2 9 0 0.00 0.0 0 5.0 13 350 M M 5 1 13 350
19 57 48 53 -1 12 0 0.00 0.0 0 11.9 17 30 M M 3 25 330
20 56 43 50 -4 15 0 0.00 0.0 0 10.0 16 330 M M 0 1 25 M
21 58 45 52 -2 13 0 0.00 0.0 0 4.8 9 330 M M 5 1 15 M
22 57 48 53 -1 12 0 0.00 0.0 0 4.9 12 10 M M 8 14 M
23 58 47 53 -1 12 0 0.00 0.0 0 5.3 14 330 M M 6 1 17 10
24 59 48 54 0 11 0 0.00 0.0 0 3.8 10 360 M M 5 1 16 M
25 60 45 53 -2 12 0 0.00 0.0 0 2.8 7 70 M M 6 1 10 M
26 66 48 57 2 8 0 0.00 0.0 0 4.7 15 290 M M 9 1 18 M
27 56 48 52 -3 13 0 0.00 0.0 0 3.4 8 260 M M 10 1 13 M
28 58 50 54 -1 11 0 0.08 0.0 0 5.1 10 150 M M 10 1 23 M
29 58 49 54 -1 11 0 0.00 0.0 0 8.5 16 360 M M 6 21 M
30 58 46 52 -3 13 0 0.00 0.0 0 7.1 16 350 M M 1 22 M
31 61 46 54 -1 11 0 0.00 0.0 0 2.3 7 340 M M 2 8 M
================================================================================
SM 1817 1451 374 0 1.36 0.0 180.7 M 198
================================================================================
AV 58.6 46.8 5.8 FASTST M M 6 MAX(MPH)
MISC ----> 17 30 32 9999
================================================================================
NOTES:
# LAST OF SEVERAL OCCURRENCES
COLUMN 17 PEAK WIND IN M.P.H.
PRELIMINARY LOCAL CLIMATOLOGICAL DATA (WS FORM: F-6) , PAGE 2
STATION: EUREKA CA
MONTH: MAY
YEAR: 2022
LATITUDE: 40 47 N
LONGITUDE: 124 10 W
[TEMPERATURE DATA] [PRECIPITATION DATA] SYMBOLS USED IN COLUMN 16
AVERAGE MONTHLY: 52.7 TOTAL FOR MONTH: 1.36 1 = FOG OR MIST
DPTR FM NORMAL: -1.0 DPTR FM NORMAL: -0.30 2 = FOG REDUCING VISIBILITY
HIGHEST: 66 ON 26,18 GRTST 24HR 0.54 ON 8- 9 TO 1/4 MILE OR LESS
LOWEST: 36 ON 10 3 = THUNDER
SNOW, ICE PELLETS, HAIL 4 = ICE PELLETS
TOTAL MONTH: 0.0 INCH 5 = HAIL
GRTST 24HR 0.0 6 = FREEZING RAIN OR DRIZZLE
GRTST DEPTH: 0 7 = DUSTSTORM OR SANDSTORM:
VSBY 1/2 MILE OR LESS
8 = SMOKE OR HAZE
[NO. OF DAYS WITH] [WEATHER - DAYS WITH] 9 = BLOWING SNOW
X = TORNADO
MAX 32 OR BELOW: 0 0.01 INCH OR MORE: 11
MAX 90 OR ABOVE: 0 0.10 INCH OR MORE: 4
MIN 32 OR BELOW: 0 0.50 INCH OR MORE: 0
MIN 0 OR BELOW: 0 1.00 INCH OR MORE: 0
[HDD (BASE 65) ]
TOTAL THIS MO. 374 CLEAR (SCALE 0-3) 7
DPTR FM NORMAL 22 PTCLDY (SCALE 4-7) 15
TOTAL FM JUL 1 4405 CLOUDY (SCALE 8-10) 9
DPTR FM NORMAL 171
[CDD (BASE 65) ]
TOTAL THIS MO. 0
DPTR FM NORMAL 0 [PRESSURE DATA]
TOTAL FM JAN 1 0 HIGHEST SLP 30.32 ON 11
DPTR FM NORMAL 0 LOWEST SLP 29.81 ON 26
[REMARKS]
#FINAL-05-22#