000
CXUS51 KRLX 011727
CF6EKN
PRELIMINARY LOCAL CLIMATOLOGICAL DATA (WS FORM: F-6)
STATION: ELKINS WV
MONTH: DECEMBER
YEAR: 2022
LATITUDE: 38 52 N
LONGITUDE: 79 51 W
TEMPERATURE IN F: :PCPN: SNOW: WIND :SUNSHINE: SKY :PK WND
================================================================================
1 2 3 4 5 6A 6B 7 8 9 10 11 12 13 14 15 16 17 18
12Z AVG MX 2MIN
DY MAX MIN AVG DEP HDD CDD WTR SNW DPTH SPD SPD DIR MIN PSBL S-S WX SPD DR
================================================================================
1 39 19 29 -9 36 0 T T 0 6.3 22 280 M M 3 34 290
2 63 17 40 2 25 0 T 0.0 0 3.5 14 160 M M 4 21 160
3 57 30 44 6 21 0 0.61 0.0 0 10.5 25 300 M M 7 13 37 310
4 44 19 32 -5 33 0 0.00 0.0 0 2.8 13 300 M M 2 1 16 270
5 53 16 35 -2 30 0 0.01 0.0 0 1.2 9 150 M M 2 12 200
6 55 43 49 12 16 0 0.12 0.0 0 2.9 10 160 M M 10 1 14 170
7 63 43 53 17 12 0 0.45 0.0 0 2.1 12 250 M M 9 12 16 240
8 53 45 49 13 16 0 T 0.0 0 2.0 9 360 M M 9 1 12 350
9 59 39 49 13 16 0 0.01 0.0 0 1.6 9 170 M M 7 1 12 190
10 52 43 48 12 17 0 0.09 0.0 0 3.6 9 160 M M 10 1 11 240
11 46 38 42 6 23 0 0.07 0.0 0 4.0 14 290 M M 10 1 17 320
12 38 32 35 0 30 0 0.00 0.0 0 4.6 9 350 M M 10 14 320
13 48 24 36 1 29 0 0.00 0.0 0 0.3 6 120 M M 3 9 120
14 40 23 32 -3 33 0 0.12 0.0 0 0.0 6 350 M M 5 1 7 290
15 45 35 40 5 25 0 0.48 0.0 0 6.8 18 140 M M 10 1 26 160
16 41 33 37 3 28 0 0.03 T 0 6.3 20 280 M M 10 1 30 260
17 35 29 32 -2 33 0 T T T 8.1 18 220 M M 10 25 200
18 29 24 27 -7 38 0 0.04 2.6 1 7.9 16 240 M M 10 1 23 260
19 33 18 26 -8 39 0 0.00 0.0 1 4.2 13 220 M M 5 19 220
20 43 14 29 -5 36 0 0.00 0.0 T 0.9 8 320 M M 4 12 310
21 50 15 33 -1 32 0 0.00 0.0 0 1.6 10 180 M M 0 15 140
22 45 31 38 5 27 0 0.52 0.0 0 3.9 15 160 M M 7 12 20 140
23 40 -4 18 -15 47 0 0.09 0.7 1 13.9 29 250 M M 10 12689 42 240
24 11 -5 3 -30 62 0 T T 1 10.3 22 260 M M 10 89 33 270
25 22 10 16 -17 49 0 T T 1 8.2 22 220 M M 5 27 220
26 27 6 17 -16 48 0 0.00 0.0 1 2.7 12 230 M M 6 17 200
27 34 21 28 -4 37 0 0.00 0.0 1 3.3 13 250 M M 9 20 240
28 50 15 33 1 32 0 0.00 0.0 T 0.8 8 260 M M 0 11 220
29 61 16 39 7 26 0 0.00 0.0 0 1.2 10 160 M M 2 1 14 170
30 68 33 51 19 14 0 0.00 0.0 0 1.7 14 180 M M 6 19 150
31 59 46 53 21 12 0 0.53 0.0 0 6.1 16 250 M M 9 1 28 250
================================================================================
SM 1403 768 922 0 3.17 3.3 133.3 M 204
================================================================================
AV 45.3 24.8 4.3 FASTST M M 7 MAX(MPH)
MISC ----> 29 250 42 240
================================================================================
NOTES:
# LAST OF SEVERAL OCCURRENCES
COLUMN 17 PEAK WIND IN M.P.H.
PRELIMINARY LOCAL CLIMATOLOGICAL DATA (WS FORM: F-6) , PAGE 2
STATION: ELKINS WV
MONTH: DECEMBER
YEAR: 2022
LATITUDE: 38 52 N
LONGITUDE: 79 51 W
[TEMPERATURE DATA] [PRECIPITATION DATA] SYMBOLS USED IN COLUMN 16
AVERAGE MONTHLY: 35.0 TOTAL FOR MONTH: 3.17 1 = FOG OR MIST
DPTR FM NORMAL: 0.3 DPTR FM NORMAL: -0.40 2 = FOG REDUCING VISIBILITY
HIGHEST: 68 ON 30 GRTST 24HR 0.61 ON 3- 3 TO 1/4 MILE OR LESS
LOWEST: -5 ON 24 3 = THUNDER
SNOW, ICE PELLETS, HAIL 4 = ICE PELLETS
TOTAL MONTH: 3.3 INCHES 5 = HAIL
GRTST 24HR 2.6 ON 18-18 6 = FREEZING RAIN OR DRIZZLE
GRTST DEPTH: 1 ON 27,26 7 = DUSTSTORM OR SANDSTORM:
VSBY 1/2 MILE OR LESS
8 = SMOKE OR HAZE
[NO. OF DAYS WITH] [WEATHER - DAYS WITH] 9 = BLOWING SNOW
X = TORNADO
MAX 32 OR BELOW: 4 0.01 INCH OR MORE: 14
MAX 90 OR ABOVE: 0 0.10 INCH OR MORE: 7
MIN 32 OR BELOW: 21 0.50 INCH OR MORE: 3
MIN 0 OR BELOW: 2 1.00 INCH OR MORE: 0
[HDD (BASE 65) ]
TOTAL THIS MO. 922 CLEAR (SCALE 0-3) 6
DPTR FM NORMAL -19 PTCLDY (SCALE 4-7) 11
TOTAL FM JUL 1 2156 CLOUDY (SCALE 8-10) 14
DPTR FM NORMAL 35
[CDD (BASE 65) ]
TOTAL THIS MO. 0
DPTR FM NORMAL 0 [PRESSURE DATA]
TOTAL FM JAN 1 648 HIGHEST SLP 33.82 ON 24
DPTR FM NORMAL 31 LOWEST SLP 29.25 ON 23
[REMARKS]
#FINAL-12-22#